000
CXUS53 KSGF 010658
CLMSGF


CLIMATE REPORT
NATIONAL WEATHER SERVICE SPRINGFIELD MO
1258 AM CST WED MAR 1 2017

...................................

...THE SPRINGFIELD MO CLIMATE SUMMARY FOR THE MONTH OF FEBRUARY 2017...

CLIMATE NORMAL PERIOD 1981 TO 2010
CLIMATE RECORD PERIOD 1888 TO 2017

WEATHER         OBSERVED          NORMAL  DEPART
                 VALUE   DATE(S)  VALUE   FROM
                                          NORMAL
................................................
TEMPERATURE (F)
RECORD
 HIGH              84   02/23/2017
                        02/01/1911
                        07/06/2215
 LOW              -29   02/12/1899
HIGHEST            84R  02/23        46      38
LOWEST             16   02/09        25      -9
AVG. MAXIMUM     60.4              48.2    12.2
AVG. MINIMUM     35.4              26.1     9.3
MEAN             47.9              37.2    10.7
DAYS MAX >= 90      0               0.0     0.0
DAYS MAX <= 32      0               2.9    -2.9
DAYS MIN <= 32     12              20.2    -8.2
DAYS MIN <= 0       0               0.5    -0.5

PRECIPITATION (INCHES)
RECORD
 MAXIMUM         6.41   2008
 MINIMUM         0.09   2006
TOTALS           0.39              2.52   -2.13
DAILY AVG.       0.01              0.09   -0.08
DAYS >= .01         5               7.8    -2.8
DAYS >= .10         2               4.8    -2.8
DAYS >= .50         0               1.8    -1.8
DAYS >= 1.00        0               0.5    -0.5
GREATEST
 24 HR. TOTAL    0.15   02/13 TO 02/14

SNOWFALL (INCHES)
TOTALS              T
SINCE 7/1         1.7
DAYS >= TRACE       1

DEGREE_DAYS
HEATING TOTAL     479               780    -301
 SINCE 7/1       2689              3593    -904
COOLING TOTAL       9                 0       9
 SINCE 1/1          9                 0       9
.................................................

WIND (MPH)
AVERAGE WIND SPEED              11.2
HIGHEST WIND SPEED/DIRECTION    37/220    DATE  02/28
HIGHEST GUST SPEED/DIRECTION    43/210    DATE  02/28

SKY COVER
POSSIBLE SUNSHINE (PERCENT)   MM
AVERAGE SKY COVER           0.30
NUMBER OF DAYS FAIR           16
NUMBER OF DAYS PC             11
NUMBER OF DAYS CLOUDY          1

AVERAGE RH (PERCENT)     63

WEATHER CONDITIONS. NUMBER OF DAYS WITH
THUNDERSTORM              0     MIXED PRECIP               0
HEAVY RAIN                0     RAIN                       0
LIGHT RAIN                7     FREEZING RAIN              0
LT FREEZING RAIN          0     HAIL                       0
HEAVY SNOW                0     SNOW                       0
LIGHT SNOW                1     SLEET                      0
FOG                      11     FOG W/VIS <= 1/4 MILE      2
HAZE                      4

-  INDICATES NEGATIVE NUMBERS.
R  INDICATES RECORD WAS SET OR TIED.
MM INDICATES DATA IS MISSING.
T  INDICATES TRACE AMOUNT.

$$
