000
CXUS53 KSGF 010635
CLMSGF


CLIMATE REPORT
NATIONAL WEATHER SERVICE SPRINGFIELD MO
1235 AM CST SUN MAR 1 2015

...................................

...THE SPRINGFIELD MO CLIMATE SUMMARY FOR THE MONTH OF FEBRUARY 2015...

CLIMATE NORMAL PERIOD 1981 TO 2010
CLIMATE RECORD PERIOD 1888 TO 2015

WEATHER         OBSERVED          NORMAL  DEPART
                 VALUE   DATE(S)  VALUE   FROM
                                          NORMAL
................................................
TEMPERATURE (F)
RECORD
 HIGH              84   02/01/1911
 LOW              -29   02/12/1899
HIGHEST            74   02/07        46      28
LOWEST             -5   02/19        25     -30
AVG. MAXIMUM     39.8              48.2    -8.4
AVG. MINIMUM     18.4              26.1    -7.7
MEAN             29.1              37.2    -8.1
DAYS MAX >= 90      0               0.0     0.0
DAYS MAX <= 32     10               2.9     7.1
DAYS MIN <= 32     25              20.2     4.8
DAYS MIN <= 0       1               0.5     0.5

PRECIPITATION (INCHES)
RECORD
 MAXIMUM         6.41   2008
 MINIMUM         0.09   2006
TOTALS           1.79              2.52   -0.73
DAILY AVG.       0.06              0.09   -0.03
DAYS >= .01         8               7.8     0.2
DAYS >= .10         5               4.8     0.2
DAYS >= .50         0               1.8    -1.8
DAYS >= 1.00        0               0.5    -0.5
GREATEST
 24 HR. TOTAL    0.79   02/15 TO 02/16

SNOWFALL (INCHES)
TOTALS           12.1
SINCE 7/1        14.6
DAYS >= TRACE      11

DEGREE_DAYS
HEATING TOTAL     999               780     219
 SINCE 7/1       3707              3593     114
COOLING TOTAL       0                 0       0
 SINCE 1/1          0                 0       0
.................................................

WIND (MPH)
AVERAGE WIND SPEED              10.6
HIGHEST WIND SPEED/DIRECTION    29/340    DATE  02/26
HIGHEST GUST SPEED/DIRECTION    36/280    DATE  02/01

SKY COVER
POSSIBLE SUNSHINE (PERCENT)   MM
AVERAGE SKY COVER           0.50
NUMBER OF DAYS FAIR           12
NUMBER OF DAYS PC              8
NUMBER OF DAYS CLOUDY          8

AVERAGE RH (PERCENT)     64

WEATHER CONDITIONS. NUMBER OF DAYS WITH
THUNDERSTORM              0     MIXED PRECIP               0
HEAVY RAIN                0     RAIN                       1
LIGHT RAIN                1     FREEZING RAIN              2
LT FREEZING RAIN          5     HAIL                       0
HEAVY SNOW                0     SNOW                       5
LIGHT SNOW                7     SLEET                      0
FOG                      13     FOG W/VIS <= 1/4 MILE      2
HAZE                      9

-  INDICATES NEGATIVE NUMBERS.
R  INDICATES RECORD WAS SET OR TIED.
MM INDICATES DATA IS MISSING.
T  INDICATES TRACE AMOUNT.

$$
