000
CXUS54 KHGX 011410
CF6SGR
PRELIMINARY LOCAL CLIMATOLOGICAL DATA (WS FORM: F-6)
STATION: SUGAR LAND/HULL FLD
MONTH: MARCH
YEAR: 2023
LATITUDE: 29 37 N
LONGITUDE: 95 39 W
TEMPERATURE IN F: :PCPN: SNOW: WIND :SUNSHINE: SKY :PK WND
================================================================================
1 2 3 4 5 6A 6B 7 8 9 10 11 12 13 14 15 16 17 18
12Z AVG MX 2MIN
DY MAX MIN AVG DEP HDD CDD WTR SNW DPTH SPD SPD DIR MIN PSBL S-S WX SPD DR
================================================================================
1 86 72 79 17 0 14 0.00 0.0 0 11.2 26 180 M M 8 46 150
2 78 63 71 9 0 6 0.02 0.0 0 13.5 39 140 M M 10 1 48 150
3 72 51 62 0 3 0 0.00 0.0 0 10.4 23 340 M M 1 47 320
4 81 45 63 1 2 0 0.00 0.0 0 4.0 15 140 M M 0 19 130
5 80 49 65 2 0 0 0.00 0.0 0 6.0 14 150 M M 1 12 23 140
6 85 57 71 8 0 6 0.00 0.0 0 4.5 14 150 M M 7 1 18 150
7 87 68 78 15 0 13 0.00 0.0 0 8.4 17 160 M M 8 1 21 170
8 87 66 77 14 0 12 0.00 0.0 0 8.2 20 150 M M 6 1 40 150
9 86 65 76 13 0 11 0.00 0.0 0 8.4 18 170 M M M 32 200
10 82 64 73 9 0 8 T 0.0 0 4.8 14 330 M M 3 1 18 330
11 87 64 76 12 0 11 0.00 0.0 0 12.7 24 190 M M 5 1 40 190
12 80 61 71 7 0 6 0.00 0.0 0 14.3 23 10 M M 7 36 30
13 72 56 64 0 1 0 0.00 0.0 0 11.4 22 30 M M 0 36 60
14 70 54 62 -2 3 0 0.00 0.0 0 9.8 18 100 M M 3 8 34 120
15 73 47 60 -5 5 0 0.00 0.0 0 10.6 21 140 M M 3 8 43 140
16 75 62 69 4 0 4 0.01 0.0 0 12.4 25 180 M M 8 1 43 180
17 74 46 60 -5 5 0 1.51 0.0 0 15.1 24 340 M M 5 13 45 320
18 57 47 52 -13 13 0 T 0.0 0 9.2 21 20 M M 7 29 20
19 60 40 50 -15 15 0 0.00 0.0 0 7.9 15 340 M M 1 22 20
20 58 40 49 -17 16 0 0.00 0.0 0 10.1 20 130 M M 7 40 140
21 76 57 67 1 0 2 0.01 0.0 0 12.5 28 170 M M 10 48 150
22 84 68 76 10 0 11 0.00 0.0 0 13.5 22 180 M M 9 42 150
23 85 72 79 13 0 14 0.00 0.0 0 13.8 25 190 M M 9 43 150
24 84 66 75 9 0 10 0.02 0.0 0 11.9 25 190 M M 7 1 43 170
25 85 56 71 5 0 6 0.00 0.0 0 4.0 16 350 M M 3 12 21 360
26 83 54 69 3 0 4 0.02 0.0 0 5.0 16 170 M M 7 1 21 180
27 79 68 74 7 0 9 T 0.0 0 8.1 13 30 M M 9 1 17 20
28 76 61 69 2 0 4 T 0.0 0 13.0 25 10 M M 5 3 36 30
29 68 57 63 -4 2 0 0.02 0.0 0 9.2 16 70 M M 7 25 90
30 81 64 73 6 0 8 0.00 0.0 0 11.8 37 140 M M 9 1 50 150
31 86 73 80 13 0 15 T 0.0 0 13.9 39 140 M M 5 57 150
================================================================================
SM 2417 1813 65 174 1.61 0.0 309.6 M 170
================================================================================
AV 78.0 58.5 10.0 FASTST M M 6 MAX(MPH)
MISC ----> # 39 140 57 150
================================================================================
NOTES:
# LAST OF SEVERAL OCCURRENCES
COLUMN 17 PEAK WIND IN M.P.H.
PRELIMINARY LOCAL CLIMATOLOGICAL DATA (WS FORM: F-6) , PAGE 2
STATION: SUGAR LAND/HULL FLD
MONTH: MARCH
YEAR: 2023
LATITUDE: 29 37 N
LONGITUDE: 95 39 W
[TEMPERATURE DATA] [PRECIPITATION DATA] SYMBOLS USED IN COLUMN 16
AVERAGE MONTHLY: 68.2 TOTAL FOR MONTH: 1.61 1 = FOG OR MIST
DPTR FM NORMAL: 3.5 DPTR FM NORMAL: -1.88 2 = FOG REDUCING VISIBILITY
HIGHEST: 87 ON 11, 8 GRTST 24HR 1.52 ON 16-17 TO 1/4 MILE OR LESS
LOWEST: 40 ON 20,19 3 = THUNDER
SNOW, ICE PELLETS, HAIL 4 = ICE PELLETS
TOTAL MONTH: 0.0 INCH 5 = HAIL
GRTST 24HR 0.0 6 = FREEZING RAIN OR DRIZZLE
GRTST DEPTH: 0 7 = DUSTSTORM OR SANDSTORM:
VSBY 1/2 MILE OR LESS
8 = SMOKE OR HAZE
[NO. OF DAYS WITH] [WEATHER - DAYS WITH] 9 = BLOWING SNOW
X = TORNADO
MAX 32 OR BELOW: 0 0.01 INCH OR MORE: 7
MAX 90 OR ABOVE: 0 0.10 INCH OR MORE: 1
MIN 32 OR BELOW: 0 0.50 INCH OR MORE: 1
MIN 0 OR BELOW: 0 1.00 INCH OR MORE: 1
[HDD (BASE 65) ]
TOTAL THIS MO. 65 CLEAR (SCALE 0-3) 8
DPTR FM NORMAL -43 PTCLDY (SCALE 4-7) 14
TOTAL FM JUL 1 981 CLOUDY (SCALE 8-10) 9
DPTR FM NORMAL -135
[CDD (BASE 65) ]
TOTAL THIS MO. 174
DPTR FM NORMAL 75 [PRESSURE DATA]
TOTAL FM JAN 1 328 HIGHEST SLP 30.56 ON 19
DPTR FM NORMAL 167 LOWEST SLP 29.37 ON 2
[REMARKS]
#FINAL-03-23#