000
CXUS54 KLZK 011230
CF6SGT
PRELIMINARY LOCAL CLIMATOLOGICAL DATA (WS FORM: F-6)
STATION: STUTTGART AIRPORT
MONTH: AUGUST
YEAR: 2023
LATITUDE: 34 35 N
LONGITUDE: 91 34 W
TEMPERATURE IN F: :PCPN: SNOW: WIND :SUNSHINE: SKY :PK WND
================================================================================
1 2 3 4 5 6A 6B 7 8 9 10 11 12 13 14 15 16 17 18
12Z AVG MX 2MIN
DY MAX MIN AVG DEP HDD CDD WTR SNW DPTH SPD SPD DIR MIN PSBL S-S WX SPD DR
================================================================================
1 94 76 85 3 0 20 0.00 M M 5.6 10 90 M M 0 M M
2 99 75 87 6 0 22 0.00 M M 8.4 13 150 M M 0 M M
3 100 80 90 9 0 25 0.00 M M 8.6 15 240 M M 0 20 240
4 90 80 85 4 0 20 0.00 M M 9.5 20 90 M M 0 M M
5 101 77 89 8 0 24 T M M 7.4 17 310 M M 0 3 44 300
6 94 76 85 4 0 20 T M M 7.4 21 300 M M 1 32 300
7 84 71 78 -3 0 13 0.24 M M 9.3 30 310 M M 2 13 49 310
8 84 72 78 -3 0 13 0.52 M M 5.2 16 180 M M 4 13 M M
9 93 72 83 2 0 18 T M M 8.5 23 40 M M 2 32 20
10 88 72 80 -1 0 15 0.43 M M 8.3 16 110 M M 6 13 21 120
11 93 76 85 4 0 20 0.03 M M 6.8 13 240 M M 3 123 M M
12 93 80 87 6 0 22 0.02 M M 8.2 17 70 M M 1 M M
13 98 78 88 7 0 23 0.00 M M 4.6 9 210 M M 0 M M
14 95 73 84 3 0 19 0.00 M M 7.8 14 180 M M 1 M M
15 85 66 76 -5 0 11 0.00 M M 6.9 13 340 M M 2 16 340
16 82 64 73 -8 0 8 0.00 M M 4.2 8 10 M M 1 M M
17 90 64 77 -4 0 12 0.00 M M 5.4 10 250 M M 0 M M
18 93 70 82 1 0 17 0.00 M M 5.2 10 60 M M 0 M M
19 96 71 84 3 0 19 0.00 M M 5.9 8 100 M M 0 M M
20 98 74 86 5 0 21 0.00 M M 4.2 8 110 M M 0 M M
21 99 74 87 6 0 22 0.00 M M 4.7 8 140 M M 0 M M
22 98 76 87 7 0 22 0.00 M M 4.6 9 60 M M 1 M M
23 98 76 87 7 0 22 0.00 M M 3.9 9 90 M M 0 1 M M
24 101 77 89 9 0 24 0.00 M M 3.5 8 100 M M 0 1 M M
25 103 77 90 10 0 25 0.00 M M 3.8 8 160 M M 0 M M
26 103 74 89 9 0 24 0.19 M M 4.2 36 330 M M 1 3 41 330
27 89 74 82 2 0 17 0.00 M M 9.4 14 30 M M 5 M M
28 89 70 80 1 0 15 0.00 M M 11.1 17 40 M M 5 22 50
29 88 63 76 -3 0 11 0.00 M M 8.3 14 30 M M 0 M M
30 90 64 77 -2 0 12 0.00 M M 8.3 13 30 M M 0 18 20
31 84 61 73 -6 0 8 0.00 M M 9.0 13 40 M M 0 17 360
================================================================================
SM 2892 2253 0 564 1.43 M 208.2 M 35
================================================================================
AV 93.3 72.7 6.7 FASTST M M 1 MAX(MPH)
MISC ----> 36 330 49 310
================================================================================
NOTES:
# LAST OF SEVERAL OCCURRENCES
COLUMN 17 PEAK WIND IN M.P.H.
PRELIMINARY LOCAL CLIMATOLOGICAL DATA (WS FORM: F-6) , PAGE 2
STATION: STUTTGART AIRPORT
MONTH: AUGUST
YEAR: 2023
LATITUDE: 34 35 N
LONGITUDE: 91 34 W
[TEMPERATURE DATA] [PRECIPITATION DATA] SYMBOLS USED IN COLUMN 16
AVERAGE MONTHLY: 83.0 TOTAL FOR MONTH: 1.43 1 = FOG OR MIST
DPTR FM NORMAL: 2.4 DPTR FM NORMAL: -0.76 2 = FOG REDUCING VISIBILITY
HIGHEST: 103 ON 25,26 GRTST 24HR 0.71 ON 7- 8 TO 1/4 MILE OR LESS
LOWEST: 61 ON 31 3 = THUNDER
SNOW, ICE PELLETS, HAIL 4 = ICE PELLETS
TOTAL MONTH: M 5 = HAIL
GRTST 24HR M ON M 6 = FREEZING RAIN OR DRIZZLE
GRTST DEPTH: M ON M 7 = DUSTSTORM OR SANDSTORM:
VSBY 1/2 MILE OR LESS
8 = SMOKE OR HAZE
[NO. OF DAYS WITH] [WEATHER - DAYS WITH] 9 = BLOWING SNOW
X = TORNADO
MAX 32 OR BELOW: 0 0.01 INCH OR MORE: 6
MAX 90 OR ABOVE: 22 0.10 INCH OR MORE: 4
MIN 32 OR BELOW: 0 0.50 INCH OR MORE: 1
MIN 0 OR BELOW: 0 1.00 INCH OR MORE: 0
[HDD (BASE 65) ]
TOTAL THIS MO. 0 CLEAR (SCALE 0-3) 26
DPTR FM NORMAL 0 PTCLDY (SCALE 4-7) 5
TOTAL FM JUL 1 0 CLOUDY (SCALE 8-10) 0
DPTR FM NORMAL 0
[CDD (BASE 65) ]
TOTAL THIS MO. 564
DPTR FM NORMAL 83 [PRESSURE DATA]
TOTAL FM JAN 1 1870 HIGHEST SLP 30.14 ON 1
DPTR FM NORMAL 191 LOWEST SLP 29.73 ON 9
[REMARKS]
#FINAL-08-23#