000
CXUS54 KLZK 241230
CF6SGT
PRELIMINARY LOCAL CLIMATOLOGICAL DATA (WS FORM: F-6)
STATION: STUTTGART AIRPORT
MONTH: APRIL
YEAR: 2024
LATITUDE: 34 35 N
LONGITUDE: 91 34 W
TEMPERATURE IN F: :PCPN: SNOW: WIND :SUNSHINE: SKY :PK WND
================================================================================
1 2 3 4 5 6A 6B 7 8 9 10 11 12 13 14 15 16 17 18
12Z AVG MX 2MIN
DY MAX MIN AVG DEP HDD CDD WTR SNW DPTH SPD SPD DIR MIN PSBL S-S WX SPD DR
================================================================================
1 78 66 72 15 0 7 0.00 M M 14.7 21 180 M M 5 29 200
2 79 51 65 7 0 0 0.51 M M 19.8 28 290 M M 4 13 36 290
3 62 45 54 -4 11 0 0.00 M M 14.4 24 300 M M 3 37 310
4 68 42 55 -3 10 0 0.00 M M 12.0 18 300 M M 0 27 300
5 67 41 54 -4 11 0 T M M 6.3 10 60 M M 0 8 M M
6 71 49 60 1 5 0 0.00 M M 10.7 15 110 M M 0 8 21 120
7 81 59 70 11 0 5 T M M 14.4 24 210 M M 8 32 220
8 81 59 70 11 0 5 0.23 M M 9.3 17 160 M M 6 13 24 170
9 66 59 63 3 2 0 1.77 M M 11.6 33 110 M M 8 13 45 130
10 68 60 64 4 1 0 0.14 M M 7.2 20 50 M M 8 1 M M
11 71 53 62 2 3 0 1.61 M M 20.9 33 320 M M 4 1 41 320
12 73 47 60 -1 5 0 0.00 M M 9.8 17 280 M M 0 M M
13 84 53 69 8 0 4 0.00 M M 9.4 16 220 M M 0 8 24 220
14 80 62 71 10 0 6 0.00 M M 13.9 23 230 M M 2 8 30 240
15 81 63 72 10 0 7 T M M 9.6 16 170 M M 4 28 M M
16 82 67 75 13 0 10 0.15 M M 16.3 25 200 M M 7 33 190
17 83 69 76 14 0 11 0.00 M M 9.3 15 210 M M 3 M M
18 79 68 74 12 0 9 0.10 M M 12.0 17 180 M M 9 23 170
19 69 58 64 1 1 0 0.06 M M 14.4 22 360 M M 10 29 360
20 58 54 56 -7 9 0 0.04 M M 12.1 17 40 M M 10 20 40
21 63 48 56 -7 9 0 0.01 M M 11.7 22 20 M M 4 30 30
22 69 42 56 -8 9 0 0.00 M M 7.0 13 170 M M 0 M M
23 78 50 64 0 1 0 0.00 M M 14.1 21 190 M M 1 25 190
================================================================================
SM 1691 1265 77 64 4.62 M 280.9 M 96
================================================================================
AV 73.5 55.0 12.2 FASTST M M 4 MAX(MPH)
MISC ----> 33 320 45 130
================================================================================
NOTES:
# LAST OF SEVERAL OCCURRENCES
COLUMN 17 PEAK WIND IN M.P.H.
PRELIMINARY LOCAL CLIMATOLOGICAL DATA (WS FORM: F-6) , PAGE 2
STATION: STUTTGART AIRPORT
MONTH: APRIL
YEAR: 2024
LATITUDE: 34 35 N
LONGITUDE: 91 34 W
[TEMPERATURE DATA] [PRECIPITATION DATA] SYMBOLS USED IN COLUMN 16
AVERAGE MONTHLY: 64.3 TOTAL FOR MONTH: 4.62 1 = FOG OR MIST
DPTR FM NORMAL: 3.7 DPTR FM NORMAL: 0.80 2 = FOG REDUCING VISIBILITY
HIGHEST: 84 ON 13 GRTST 24HR 1.93 ON 8- 9 TO 1/4 MILE OR LESS
LOWEST: 41 ON 5 3 = THUNDER
SNOW, ICE PELLETS, HAIL 4 = ICE PELLETS
TOTAL MONTH: M 5 = HAIL
GRTST 24HR M ON M 6 = FREEZING RAIN OR DRIZZLE
GRTST DEPTH: M ON M 7 = DUSTSTORM OR SANDSTORM:
VSBY 1/2 MILE OR LESS
8 = SMOKE OR HAZE
[NO. OF DAYS WITH] [WEATHER - DAYS WITH] 9 = BLOWING SNOW
X = TORNADO
MAX 32 OR BELOW: 0 0.01 INCH OR MORE: 10
MAX 90 OR ABOVE: 0 0.10 INCH OR MORE: 7
MIN 32 OR BELOW: 0 0.50 INCH OR MORE: 3
MIN 0 OR BELOW: 0 1.00 INCH OR MORE: 2
[HDD (BASE 65) ]
TOTAL THIS MO. 77 CLEAR (SCALE 0-3) 9
DPTR FM NORMAL -61 PTCLDY (SCALE 4-7) 10
TOTAL FM JUL 1 2537 CLOUDY (SCALE 8-10) 4
DPTR FM NORMAL -607
[CDD (BASE 65) ]
TOTAL THIS MO. 64
DPTR FM NORMAL 29 [PRESSURE DATA]
TOTAL FM JAN 1 88 HIGHEST SLP M ON M
DPTR FM NORMAL 46 LOWEST SLP M ON M
[REMARKS]