000
CXUS56 KMTR 010900
CF6SJC
PRELIMINARY LOCAL CLIMATOLOGICAL DATA (WS FORM: F-6)
STATION: SAN JOSE AIRPORT
MONTH: MARCH
YEAR: 2023
LATITUDE: 37 21 N
LONGITUDE: 121 55 W
TEMPERATURE IN F: :PCPN: SNOW: WIND :SUNSHINE: SKY :PK WND
================================================================================
1 2 3 4 5 6A 6B 7 8 9 10 11 12 13 14 15 16 17 18
12Z AVG MX 2MIN
DY MAX MIN AVG DEP HDD CDD WTR SNW DPTH SPD SPD DIR MIN PSBL S-S WX SPD DR
================================================================================
1 54 39 47 -8 18 0 0.01 M M 12.5 26 300 M M 3 1 36 290
2 61 37 49 -6 16 0 0.00 M M 4.8 17 350 M M 4 25 10
3 58 39 49 -6 16 0 0.00 M M 5.9 17 350 M M 7 22 340
4 55 43 49 -6 16 0 0.07 M M 8.3 21 190 M M 6 29 190
5 54 39 47 -8 18 0 0.14 M M 6.5 18 290 M M 6 1 25 170
6 58 37 48 -7 17 0 0.13 M M 6.0 15 120 M M 5 19 130
7 57 40 49 -6 16 0 0.05 M M 5.2 17 330 M M 6 22 320
8 57 39 48 -8 17 0 0.04 M M 5.7 15 130 M M 6 1 18 140
9 57 39 48 -8 17 0 0.47 M M 13.2 29 140 M M 8 1 41 140
10 59 50 55 -1 10 0 0.57 M M 4.6 18 340 M M 9 138 24 340
11 67 50 59 3 6 0 T M M 6.9 17 190 M M 8 25 160
12 63 55 59 3 6 0 0.15 M M 8.8 20 200 M M 8 1 29 190
13 68 54 61 5 4 0 T M M 8.9 17 200 M M 8 24 200
14 65 49 57 1 8 0 0.31 M M 17.6 35 160 M M 9 18 52 150
15 61 42 52 -4 13 0 0.00 M M 5.8 14 340 M M 4 20 360
16 64 42 53 -3 12 0 0.00 M M 4.4 15 340 M M 1 21 360
17 68 42 55 -1 10 0 0.00 M M 4.2 14 330 M M 4 1 19 330
18 71 44 58 2 7 0 T M M 6.0 22 200 M M 7 38 190
19 62 53 58 2 7 0 0.05 M M 12.9 29 140 M M 8 37 140
20 61 49 55 -1 10 0 0.00 M M 6.0 18 330 M M 8 22 330
21 56 47 52 -4 13 0 0.83 M M 12.6 35 140 M M 9 1 53 120
22 61 47 54 -3 11 0 0.10 M M 12.4 22 150 M M 9 30 150
23 59 47 53 -4 12 0 T M M 10.3 20 280 M M 8 28 320
24 58 41 50 -7 15 0 0.00 M M 10.9 24 300 M M 2 32 300
25 58 39 49 -8 16 0 0.00 M M 10.9 21 310 M M 2 28 320
26 58 39 49 -8 16 0 0.00 M M 6.5 15 340 M M 1 20 340
27 67 36 52 -5 13 0 0.00 M M 5.2 15 150 M M 3 21 240
28 53 45 49 -8 16 0 0.49 M M 11.5 29 160 M M 8 1 41 150
29 54 45 50 -7 15 0 0.61 M M 8.4 20 120 M M 8 138 27 120
30 59 43 51 -6 14 0 0.00 M M 5.7 20 340 M M 6 25 350
31 63 39 51 -6 14 0 0.00 M M 5.7 17 320 M M 2 27 330
================================================================================
SM 1866 1350 399 0 4.02 M 254.3 M 183
================================================================================
AV 60.2 43.5 8.2 FASTST M M 6 MAX(MPH)
MISC ----> # 35 160 53 120
================================================================================
NOTES:
# LAST OF SEVERAL OCCURRENCES
COLUMN 17 PEAK WIND IN M.P.H.
PRELIMINARY LOCAL CLIMATOLOGICAL DATA (WS FORM: F-6) , PAGE 2
STATION: SAN JOSE AIRPORT
MONTH: MARCH
YEAR: 2023
LATITUDE: 37 21 N
LONGITUDE: 121 55 W
[TEMPERATURE DATA] [PRECIPITATION DATA] SYMBOLS USED IN COLUMN 16
AVERAGE MONTHLY: 51.9 TOTAL FOR MONTH: 4.02 1 = FOG OR MIST
DPTR FM NORMAL: -4.2 DPTR FM NORMAL: 1.94 2 = FOG REDUCING VISIBILITY
HIGHEST: 71 ON 18 GRTST 24HR 1.01 ON 9-10 TO 1/4 MILE OR LESS
LOWEST: 36 ON 27 3 = THUNDER
SNOW, ICE PELLETS, HAIL 4 = ICE PELLETS
TOTAL MONTH: M 5 = HAIL
GRTST 24HR M ON M 6 = FREEZING RAIN OR DRIZZLE
GRTST DEPTH: M ON M 7 = DUSTSTORM OR SANDSTORM:
VSBY 1/2 MILE OR LESS
8 = SMOKE OR HAZE
[NO. OF DAYS WITH] [WEATHER - DAYS WITH] 9 = BLOWING SNOW
X = TORNADO
MAX 32 OR BELOW: 0 0.01 INCH OR MORE: 15
MAX 90 OR ABOVE: 0 0.10 INCH OR MORE: 10
MIN 32 OR BELOW: 0 0.50 INCH OR MORE: 3
MIN 0 OR BELOW: 0 1.00 INCH OR MORE: 0
[HDD (BASE 65) ]
TOTAL THIS MO. 399 CLEAR (SCALE 0-3) 5
DPTR FM NORMAL 121 PTCLDY (SCALE 4-7) 19
TOTAL FM JUL 1 2060 CLOUDY (SCALE 8-10) 7
DPTR FM NORMAL 199
[CDD (BASE 65) ]
TOTAL THIS MO. 0
DPTR FM NORMAL -2 [PRESSURE DATA]
TOTAL FM JAN 1 0 HIGHEST SLP M ON M
DPTR FM NORMAL -2 LOWEST SLP 29.22 ON 21
[REMARKS]
#FINAL-03-23#