000
CXUS56 KSLC 280810
CF6SLC
PRELIMINARY LOCAL CLIMATOLOGICAL DATA (WS FORM: F-6)
STATION: SALT LAKE CITY UT
MONTH: MARCH
YEAR: 2024
LATITUDE: 40 46 N
LONGITUDE: 111 58 W
TEMPERATURE IN F: :PCPN: SNOW: WIND :SUNSHINE: SKY :PK WND
================================================================================
1 2 3 4 5 6A 6B 7 8 9 10 11 12 13 14 15 16 17 18
12Z AVG MX 2MIN
DY MAX MIN AVG DEP HDD CDD WTR SNW DPTH SPD SPD DIR MIN PSBL S-S WX SPD DR
================================================================================
1 63 50 57 15 8 0 0.00 0.0 0 24.4 36 160 M M 3 78 55 150
2 57 27 42 0 23 0 0.35 3.4 0 21.6 46 180 M M 8 1278 64 180
3 37 27 32 -10 33 0 0.09 1.8 3 7.5 22 180 M M 7 128 29 180
4 40 27 34 -9 31 0 0.01 0.2 3 8.7 22 340 M M 7 1 27 340
5 49 31 40 -3 25 0 0.00 0.0 2 12.5 21 180 M M 7 27 170
6 53 41 47 4 18 0 T 0.0 0 5.8 18 190 M M 7 26 190
7 43 31 37 -7 28 0 0.11 T 0 9.6 20 340 M M 10 1 23 340
8 40 25 33 -11 32 0 0.00 0.0 0 7.6 16 290 M M 2 26 300
9 53 26 40 -4 25 0 0.00 0.0 0 6.1 17 150 M M 0 21 150
10 61 35 48 3 17 0 0.00 0.0 0 12.6 28 170 M M 0 37 170
11 58 39 49 4 16 0 T 0.0 0 10.1 24 320 M M 4 34 310
12 49 37 43 -2 22 0 0.37 0.0 0 6.7 16 190 M M 9 21 120
13 42 31 37 -8 28 0 0.06 T 0 7.4 25 310 M M 7 1 32 310
14 51 30 41 -5 24 0 0.00 0.0 0 8.2 28 70 M M 4 35 60
15 55 33 44 -2 21 0 0.00 0.0 0 9.3 22 100 M M 0 31 20
16 62 35 49 3 16 0 0.00 0.0 0 7.2 20 100 M M 0 30 100
17 62 42 52 6 13 0 0.00 0.0 0 8.4 23 120 M M 0 32 100
18 64 38 51 4 14 0 0.00 0.0 0 5.9 14 350 M M 0 19 310
19 66 40 53 6 12 0 0.00 0.0 0 7.0 13 320 M M 0 18 310
20 68 42 55 8 10 0 0.00 0.0 0 6.8 14 320 M M 0 21 330
21 63 45 54 7 11 0 0.00 0.0 0 7.4 18 160 M M 2 23 160
22 68 39 54 7 11 0 T 0.0 0 8.9 22 170 M M 2 8 32 160
23 62 35 49 1 16 0 0.30 T 0 15.9 33 180 M M 6 178 45 160
24 45 34 40 -8 25 0 0.20 0.2 0 6.7 24 20 M M 9 14 32 310
25 50 36 43 -5 22 0 0.04 0.0 0 6.2 24 280 M M 8 1 32 280
26 50 36 43 -5 22 0 0.02 0.1 0 9.2 24 10 M M 8 5 30 310
27 54 36 45 -3 20 0 0.00 0.0 0 10.4 21 170 M M 4 30 160
================================================================================
SM 1465 948 543 0 1.55 5.7 258.1 M 114
================================================================================
AV 54.3 35.1 9.6 FASTST M M 4 MAX(MPH)
MISC ----> 46 180 64 180
================================================================================
NOTES:
# LAST OF SEVERAL OCCURRENCES
COLUMN 17 PEAK WIND IN M.P.H.
PRELIMINARY LOCAL CLIMATOLOGICAL DATA (WS FORM: F-6) , PAGE 2
STATION: SALT LAKE CITY UT
MONTH: MARCH
YEAR: 2024
LATITUDE: 40 46 N
LONGITUDE: 111 58 W
[TEMPERATURE DATA] [PRECIPITATION DATA] SYMBOLS USED IN COLUMN 16
AVERAGE MONTHLY: 44.7 TOTAL FOR MONTH: 1.55 1 = FOG OR MIST
DPTR FM NORMAL: -0.7 DPTR FM NORMAL: 0.07 2 = FOG REDUCING VISIBILITY
HIGHEST: 68 ON 22,20 GRTST 24HR 0.44 ON 2- 3 TO 1/4 MILE OR LESS
LOWEST: 25 ON 8 3 = THUNDER
SNOW, ICE PELLETS, HAIL 4 = ICE PELLETS
TOTAL MONTH: 5.7 INCHES 5 = HAIL
GRTST 24HR 3.4 ON 2- 2 6 = FREEZING RAIN OR DRIZZLE
GRTST DEPTH: 3 ON 4, 3 7 = DUSTSTORM OR SANDSTORM:
VSBY 1/2 MILE OR LESS
8 = SMOKE OR HAZE
[NO. OF DAYS WITH] [WEATHER - DAYS WITH] 9 = BLOWING SNOW
X = TORNADO
MAX 32 OR BELOW: 0 0.01 INCH OR MORE: 10
MAX 90 OR ABOVE: 0 0.10 INCH OR MORE: 5
MIN 32 OR BELOW: 9 0.50 INCH OR MORE: 0
MIN 0 OR BELOW: 0 1.00 INCH OR MORE: 0
[HDD (BASE 65) ]
TOTAL THIS MO. 543 CLEAR (SCALE 0-3) 12
DPTR FM NORMAL 13 PTCLDY (SCALE 4-7) 11
TOTAL FM JUL 1 3981 CLOUDY (SCALE 8-10) 4
DPTR FM NORMAL -499
[CDD (BASE 65) ]
TOTAL THIS MO. 0
DPTR FM NORMAL 0 [PRESSURE DATA]
TOTAL FM JAN 1 0 HIGHEST SLP M ON M
DPTR FM NORMAL 0 LOWEST SLP 29.35 ON 2
[REMARKS]