000
CXUS53 KICT 011510
CF6SLN
PRELIMINARY LOCAL CLIMATOLOGICAL DATA (WS FORM: F-6)
STATION: SALINA KS
MONTH: FEBRUARY
YEAR: 2023
LATITUDE: 38 47 N
LONGITUDE: 97 39 W
TEMPERATURE IN F: :PCPN: SNOW: WIND :SUNSHINE: SKY :PK WND
================================================================================
1 2 3 4 5 6A 6B 7 8 9 10 11 12 13 14 15 16 17 18
12Z AVG MX 2MIN
DY MAX MIN AVG DEP HDD CDD WTR SNW DPTH SPD SPD DIR MIN PSBL S-S WX SPD DR
================================================================================
1 41 6 24 -8 41 0 0.00 M M 9.8 16 220 M M 0 21 220
2 47 14 31 -1 34 0 0.00 M M 11.2 23 350 M M 0 31 350
3 43 9 26 -6 39 0 0.00 M M 10.4 21 190 M M 0 27 170
4 57 31 44 12 21 0 0.00 M M 10.9 24 230 M M 0 32 230
5 60 24 42 10 23 0 0.00 M M 4.2 10 150 M M 0 12 150
6 61 31 46 13 19 0 0.00 M M 13.6 28 200 M M 0 35 240
7 54 25 40 7 25 0 0.00 M M 6.5 16 10 M M 0 21 10
8 51 20 36 3 29 0 0.00 M M 3.2 12 20 M M 4 14 20
9 50 29 40 7 25 0 0.00 M M 18.4 31 350 M M 5 38 350
10 44 19 32 -2 33 0 0.00 M M 7.8 22 350 M M 1 26 350
11 54 15 35 1 30 0 0.00 M M 8.3 16 190 M M 0 22 170
12 57 25 41 7 24 0 0.00 M M 10.8 20 210 M M 0 24 230
13 63 20 42 8 23 0 T M M 8.2 20 190 M M 0 25 190
14 60 39 50 16 15 0 0.20 M M 16.6 36 200 M M 7 13 46 200
15 41 24 33 -2 32 0 0.00 M M 16.1 26 20 M M 9 35 20
16 32 16 24 -11 41 0 T M M 15.5 29 360 M M 7 1 37 350
17 51 13 32 -3 33 0 0.00 M M 9.1 18 190 M M 0 24 220
18 55 29 42 6 23 0 0.00 M M 17.0 35 210 M M 0 44 210
19 59 21 40 4 25 0 T M M 5.3 15 310 M M 1 22 190
20 65 22 44 8 21 0 0.00 M M 5.1 17 250 M M 0 23 250
21 65 24 45 8 20 0 0.00 M M 9.3 29 160 M M 1 36 140
22 61 17 39 2 26 0 0.00 M M 17.4 28 350 M M 6 34 360
23 26 7 17 -20 48 0 T M M 16.6 29 310 M M 3 37 310
24 27 9 18 -20 47 0 0.00 M M 6.8 18 10 M M 3 23 20
25 50 12 31 -7 34 0 0.00 M M 6.4 15 210 M M 0 25 210
26 67 27 47 9 18 0 0.45 M M 13.3 31 170 M M 3 138 43 150
27 67 42 55 16 10 0 0.05 M M 17.4 32 300 M M 2 1 40 310
28 66 32 49 10 16 0 0.00 M M 6.5 20 220 M M 0 25 220
================================================================================
SM 1474 602 775 0 0.70 M 301.7 M 52
================================================================================
AV 52.6 21.5 10.8 FASTST M M 2 MAX(MPH)
MISC ----> 36 200 46 200
================================================================================
NOTES:
# LAST OF SEVERAL OCCURRENCES
COLUMN 17 PEAK WIND IN M.P.H.
PRELIMINARY LOCAL CLIMATOLOGICAL DATA (WS FORM: F-6) , PAGE 2
STATION: SALINA KS
MONTH: FEBRUARY
YEAR: 2023
LATITUDE: 38 47 N
LONGITUDE: 97 39 W
[TEMPERATURE DATA] [PRECIPITATION DATA] SYMBOLS USED IN COLUMN 16
AVERAGE MONTHLY: 37.1 TOTAL FOR MONTH: 0.70 1 = FOG OR MIST
DPTR FM NORMAL: 2.2 DPTR FM NORMAL: -0.17 2 = FOG REDUCING VISIBILITY
HIGHEST: 67 ON 27,26 GRTST 24HR 0.50 ON 26-27 TO 1/4 MILE OR LESS
LOWEST: 6 ON 1 3 = THUNDER
SNOW, ICE PELLETS, HAIL 4 = ICE PELLETS
TOTAL MONTH: M 5 = HAIL
GRTST 24HR M ON M 6 = FREEZING RAIN OR DRIZZLE
GRTST DEPTH: M ON M 7 = DUSTSTORM OR SANDSTORM:
VSBY 1/2 MILE OR LESS
8 = SMOKE OR HAZE
[NO. OF DAYS WITH] [WEATHER - DAYS WITH] 9 = BLOWING SNOW
X = TORNADO
MAX 32 OR BELOW: 3 0.01 INCH OR MORE: 3
MAX 90 OR ABOVE: 0 0.10 INCH OR MORE: 2
MIN 32 OR BELOW: 26 0.50 INCH OR MORE: 0
MIN 0 OR BELOW: 0 1.00 INCH OR MORE: 0
[HDD (BASE 65) ]
TOTAL THIS MO. 775 CLEAR (SCALE 0-3) 21
DPTR FM NORMAL -66 PTCLDY (SCALE 4-7) 6
TOTAL FM JUL 1 3746 CLOUDY (SCALE 8-10) 1
DPTR FM NORMAL -126
[CDD (BASE 65) ]
TOTAL THIS MO. 0
DPTR FM NORMAL 0 [PRESSURE DATA]
TOTAL FM JAN 1 0 HIGHEST SLP 30.66 ON 24
DPTR FM NORMAL 0 LOWEST SLP 29.03 ON 26
[REMARKS]
#FINAL-02-23#