000
CXUS53 KICT 030638
CF6SLN
PRELIMINARY LOCAL CLIMATOLOGICAL DATA (WS FORM: F-6)
STATION: SALINA KS
MONTH: SEPTEMBER
YEAR: 2022
LATITUDE: 38 47 N
LONGITUDE: 97 39 W
TEMPERATURE IN F: :PCPN: SNOW: WIND :SUNSHINE: SKY :PK WND
================================================================================
1 2 3 4 5 6A 6B 7 8 9 10 11 12 13 14 15 16 17 18
12Z AVG MX 2MIN
DY MAX MIN AVG DEP HDD CDD WTR SNW DPTH SPD SPD DIR MIN PSBL S-S WX SPD DR
================================================================================
1 95 64 80 5 0 15 0.00 M M 7.6 17 150 M M 0 26 160
2 95 67 81 6 0 16 0.00 M M 8.2 14 190 M M 1 21 150
3 93 61 77 2 0 12 0.00 M M 8.6 17 360 M M 0 24 350
4 86 53 70 -4 0 5 0.00 M M 5.9 14 350 M M 0 19 350
5 90 60 75 1 0 10 0.00 M M 5.5 14 140 M M 1 19 160
6 96 63 80 6 0 15 0.00 M M 8.2 14 130 M M 0 20 200
7 93 64 79 6 0 14 0.00 M M 7.8 14 120 M M 0 8 20 100
8 94 58 76 3 0 11 0.00 M M 8.7 18 150 M M 0 30 140
9 94 62 78 5 0 13 0.00 M M 8.1 25 360 M M 0 31 360
10 66 53 60 -12 5 0 0.11 M M 11.7 21 360 M M 7 1 27 360
11 81 48 65 -7 0 0 0.00 M M 5.6 15 340 M M 0 20 340
12 89 48 69 -3 0 4 0.00 M M 6.8 17 220 M M 0 23 210
13 95 58 77 6 0 12 0.00 M M 9.2 17 220 M M 0 23 160
14 95 67 81 10 0 16 0.00 M M 14.6 23 160 M M 1 36 160
15 92 67 80 10 0 15 0.00 M M 17.3 29 160 M M 0 39 150
16 89 66 78 8 0 13 T M M 12.1 21 170 M M 1 28 160
17 99 68 84 14 0 19 1.80 M M 16.2 41 320 M M 3 13 78 330
18 102 71 87 18 0 22 0.00 M M 12.2 24 200 M M 1 33 200
19 100 67 84 15 0 19 0.00 M M 9.9 21 190 M M 0 30 190
20 100 73 87 19 0 22 0.00 M M 12.7 24 190 M M 0 34 220
21 84 54 69 1 0 4 0.80 M M 13.8 30 20 M M 4 13 40 30
22 60 54 57 -11 8 0 0.71 M M 7.5 15 20 M M 10 1 20 360
23 71 55 63 -4 2 0 0.07 M M 5.7 17 170 M M 6 1 22 170
24 87 53 70 3 0 5 0.00 M M 3.7 16 330 M M 0 1 21 330
25 79 54 67 1 0 2 0.00 M M 8.4 23 350 M M 0 8 29 360
26 78 49 64 -2 1 0 0.00 M M 4.1 8 120 M M 0 8 10 120
27 81 51 66 0 0 1 0.00 M M 6.2 14 70 M M 0 22 80
28 77 55 66 1 0 1 0.00 M M 10.5 20 110 M M 0 27 110
29 80 49 65 0 0 0 0.00 M M 11.3 20 160 M M 0 26 130
30 82 59 71 7 0 6 0.00 M M 13.1 23 160 M M 0 31 160
================================================================================
SM 2623 1771 16 272 3.49 M 281.2 M 35
================================================================================
AV 87.4 59.0 9.4 FASTST M M 1 MAX(MPH)
MISC ----> 41 320 78 330
================================================================================
NOTES:
# LAST OF SEVERAL OCCURRENCES
COLUMN 17 PEAK WIND IN M.P.H.
PRELIMINARY LOCAL CLIMATOLOGICAL DATA (WS FORM: F-6) , PAGE 2
STATION: SALINA KS
MONTH: SEPTEMBER
YEAR: 2022
LATITUDE: 38 47 N
LONGITUDE: 97 39 W
[TEMPERATURE DATA] [PRECIPITATION DATA] SYMBOLS USED IN COLUMN 16
AVERAGE MONTHLY: 73.2 TOTAL FOR MONTH: 3.49 1 = FOG OR MIST
DPTR FM NORMAL: 3.1 DPTR FM NORMAL: 0.84 2 = FOG REDUCING VISIBILITY
HIGHEST: 102 ON 18 GRTST 24HR 1.80 ON 17-17 TO 1/4 MILE OR LESS
LOWEST: 48 ON 12,11 3 = THUNDER
SNOW, ICE PELLETS, HAIL 4 = ICE PELLETS
TOTAL MONTH: M 5 = HAIL
GRTST 24HR M ON M 6 = FREEZING RAIN OR DRIZZLE
GRTST DEPTH: M ON M 7 = DUSTSTORM OR SANDSTORM:
VSBY 1/2 MILE OR LESS
8 = SMOKE OR HAZE
[NO. OF DAYS WITH] [WEATHER - DAYS WITH] 9 = BLOWING SNOW
X = TORNADO
MAX 32 OR BELOW: 0 0.01 INCH OR MORE: 5
MAX 90 OR ABOVE: 15 0.10 INCH OR MORE: 4
MIN 32 OR BELOW: 0 0.50 INCH OR MORE: 3
MIN 0 OR BELOW: 0 1.00 INCH OR MORE: 1
[HDD (BASE 65) ]
TOTAL THIS MO. 16 CLEAR (SCALE 0-3) 26
DPTR FM NORMAL -32 PTCLDY (SCALE 4-7) 3
TOTAL FM JUL 1 16 CLOUDY (SCALE 8-10) 1
DPTR FM NORMAL -32
[CDD (BASE 65) ]
TOTAL THIS MO. 272
DPTR FM NORMAL 73 [PRESSURE DATA]
TOTAL FM JAN 1 1926 HIGHEST SLP 30.36 ON 28
DPTR FM NORMAL 338 LOWEST SLP 29.63 ON 17
[REMARKS]
#FINAL-09-22#