000
CXUS53 KICT 040704
CF6SLN
PRELIMINARY LOCAL CLIMATOLOGICAL DATA (WS FORM: F-6)
STATION: SALINA KS
MONTH: SEPTEMBER
YEAR: 2021
LATITUDE: 38 47 N
LONGITUDE: 97 39 W
TEMPERATURE IN F: :PCPN: SNOW: WIND :SUNSHINE: SKY :PK WND
================================================================================
1 2 3 4 5 6A 6B 7 8 9 10 11 12 13 14 15 16 17 18
12Z AVG MX 2MIN
DY MAX MIN AVG DEP HDD CDD WTR SNW DPTH SPD SPD DIR MIN PSBL S-S WX SPD DR
================================================================================
1 92 69 81 6 0 16 0.00 M M 11.9 17 100 M M 0 25 110
2 90 71 81 6 0 16 0.46 M M 9.4 21 150 M M 3 13 28 270
3 85 69 77 2 0 12 0.65 M M 6.9 16 300 M M 7 13 20 300
4 80 67 74 0 0 9 2.07 M M 7.8 15 350 M M 6 13 22 60
5 84 57 71 -3 0 6 0.00 M M 4.5 13 190 M M 0 1 17 200
6 89 62 76 2 0 11 0.00 M M 9.7 17 200 M M 0 25 200
7 89 63 76 3 0 11 0.00 M M 10.4 23 20 M M 0 35 30
8 86 58 72 -1 0 7 0.00 M M 3.3 9 200 M M 0 11 200
9 90 59 75 2 0 10 0.00 M M 6.1 14 190 M M 0 18 210
10 90 64 77 5 0 12 0.00 M M 7.6 14 210 M M 0 18 210
11 94 62 78 6 0 13 0.00 M M 12.3 23 190 M M 0 36 190
12 92 69 81 9 0 16 0.00 M M 12.3 22 190 M M 0 30 170
13 94 66 80 9 0 15 0.00 M M 14.3 24 190 M M 0 34 190
14 81 65 73 2 0 8 T M M 7.8 17 30 M M 2 3 23 30
15 86 64 75 5 0 10 0.00 M M 7.0 15 150 M M 3 1 19 150
16 91 64 78 8 0 13 0.00 M M 12.1 22 190 M M 0 30 200
17 88 68 78 8 0 13 0.00 M M 8.6 26 350 M M 2 32 360
18 90 61 76 7 0 11 0.00 M M 6.9 16 150 M M 1 20 150
19 90 66 78 9 0 13 0.00 M M 12.4 24 200 M M 0 33 200
20 86 63 75 7 0 10 0.06 M M 15.8 28 350 M M 1 38 10
21 72 54 63 -5 2 0 T M M 9.7 26 320 M M 3 33 320
22 77 43 60 -8 5 0 0.00 M M 3.2 10 160 M M 0 14 350
23 85 47 66 -1 0 1 0.00 M M 11.3 22 200 M M 0 8 28 200
24 78 52 65 -2 0 0 0.00 M M 13.3 23 200 M M 2 32 210
25 82 46 64 -2 1 0 0.00 M M 6.5 20 210 M M 0 28 190
26 98 61 80 14 0 15 0.00 M M 16.6 31 220 M M 0 42 210
27 94 65 80 14 0 15 0.00 M M 10.4 21 210 M M 0 27 200
28 93 60 77 12 0 12 0.00 M M 10.4 22 150 M M 0 31 150
29 86 66 76 11 0 11 0.49 M M 9.8 24 110 M M 2 138 33 100
30 73 59 66 2 0 1 0.34 M M 8.1 24 310 M M 6 13 30 310
================================================================================
SM 2605 1840 8 287 4.07 M 286.4 M 38
================================================================================
AV 86.8 61.3 9.5 FASTST M M 1 MAX(MPH)
MISC ----> 31 220 42 210
================================================================================
NOTES:
# LAST OF SEVERAL OCCURRENCES
COLUMN 17 PEAK WIND IN M.P.H.
PRELIMINARY LOCAL CLIMATOLOGICAL DATA (WS FORM: F-6) , PAGE 2
STATION: SALINA KS
MONTH: SEPTEMBER
YEAR: 2021
LATITUDE: 38 47 N
LONGITUDE: 97 39 W
[TEMPERATURE DATA] [PRECIPITATION DATA] SYMBOLS USED IN COLUMN 16
AVERAGE MONTHLY: 74.1 TOTAL FOR MONTH: 4.07 1 = FOG OR MIST
DPTR FM NORMAL: 4.0 DPTR FM NORMAL: 1.42 2 = FOG REDUCING VISIBILITY
HIGHEST: 98 ON 26 GRTST 24HR 2.71 ON 3- 4 TO 1/4 MILE OR LESS
LOWEST: 43 ON 22 3 = THUNDER
SNOW, ICE PELLETS, HAIL 4 = ICE PELLETS
TOTAL MONTH: M 5 = HAIL
GRTST 24HR M ON M 6 = FREEZING RAIN OR DRIZZLE
GRTST DEPTH: M ON M 7 = DUSTSTORM OR SANDSTORM:
VSBY 1/2 MILE OR LESS
8 = SMOKE OR HAZE
[NO. OF DAYS WITH] [WEATHER - DAYS WITH] 9 = BLOWING SNOW
X = TORNADO
MAX 32 OR BELOW: 0 0.01 INCH OR MORE: 6
MAX 90 OR ABOVE: 13 0.10 INCH OR MORE: 5
MIN 32 OR BELOW: 0 0.50 INCH OR MORE: 2
MIN 0 OR BELOW: 0 1.00 INCH OR MORE: 1
[HDD (BASE 65) ]
TOTAL THIS MO. 8 CLEAR (SCALE 0-3) 26
DPTR FM NORMAL -40 PTCLDY (SCALE 4-7) 4
TOTAL FM JUL 1 8 CLOUDY (SCALE 8-10) 0
DPTR FM NORMAL -40
[CDD (BASE 65) ]
TOTAL THIS MO. 287
DPTR FM NORMAL 88 [PRESSURE DATA]
TOTAL FM JAN 1 1777 HIGHEST SLP 30.40 ON 22
DPTR FM NORMAL 189 LOWEST SLP 29.61 ON 20
[REMARKS]
#FINAL-09-21#