000
CXUS53 KICT 011510
CF6SLN
PRELIMINARY LOCAL CLIMATOLOGICAL DATA (WS FORM: F-6)
STATION: SALINA KS
MONTH: JANUARY
YEAR: 2021
LATITUDE: 38 47 N
LONGITUDE: 97 39 W
TEMPERATURE IN F: :PCPN: SNOW: WIND :SUNSHINE: SKY :PK WND
================================================================================
1 2 3 4 5 6A 6B 7 8 9 10 11 12 13 14 15 16 17 18
12Z AVG MX 2MIN
DY MAX MIN AVG DEP HDD CDD WTR SNW DPTH SPD SPD DIR MIN PSBL S-S WX SPD DR
================================================================================
1 42 28 35 4 30 0 0.00 M M 10.3 20 350 M M 4 25 350
2 48 26 37 6 28 0 0.00 M M 4.6 12 190 M M 0 13 190
3 53 24 39 8 26 0 0.00 M M 7.5 13 200 M M 0 16 190
4 56 27 42 11 23 0 0.00 M M 11.2 26 340 M M 1 35 350
5 55 26 41 10 24 0 0.00 M M 12.6 30 160 M M 0 39 160
6 48 29 39 8 26 0 0.00 M M 13.2 23 340 M M 5 31 340
7 39 28 34 3 31 0 T M M 7.8 15 360 M M 9 1 18 340
8 36 22 29 -2 36 0 0.00 M M 2.3 7 50 M M 7 1 9 70
9 33 19 26 -5 39 0 0.00 M M 2.9 10 360 M M 8 12 13 360
10 35 26 31 0 34 0 0.00 M M 4.3 9 350 M M 10 12 12 360
11 50 20 35 4 30 0 0.00 M M 9.4 21 230 M M 0 1 27 250
12 60 20 40 9 25 0 0.00 M M 6.4 15 220 M M 0 20 220
13 64 25 45 14 20 0 0.00 M M 8.2 14 300 M M 0 20 290
14 59 38 49 18 16 0 0.00 M M 25.0 40 320 M M 2 55 320
15 39 31 35 4 30 0 T M M 28.8 49 330 M M 10 62 330
16 48 22 35 4 30 0 0.00 M M 8.7 17 310 M M 4 21 320
17 51 25 38 7 27 0 0.00 M M 14.0 28 320 M M 1 35 310
18 54 25 40 9 25 0 0.00 M M 10.2 28 340 M M 3 18 35 330
19 49 21 35 4 30 0 0.00 M M 9.1 25 320 M M 0 33 320
20 60 19 40 9 25 0 0.00 M M 11.6 39 220 M M 0 51 220
21 61 21 41 10 24 0 0.00 M M 5.5 23 10 M M 0 31 10
22 39 21 30 -1 35 0 0.00 M M 8.1 14 50 M M 0 19 50
23 46 21 34 3 31 0 0.00 M M 9.9 20 160 M M 8 1 26 160
24 39 31 35 4 30 0 0.01 M M 10.4 20 330 M M 10 1 24 340
25 36 27 32 1 33 0 0.80 M M 10.8 17 320 M M 10 16 22 330
26 27 17 22 -10 43 0 0.10 M M 10.7 20 330 M M 9 1 24 340
27 23 8 16 -16 49 0 T M M 5.8 13 330 M M 6 1 16 330
28 34 7 21 -11 44 0 0.00 M M 11.3 20 160 M M 5 1 25 150
29 46 29 38 6 27 0 0.00 M M 12.2 18 180 M M 0 27 170
30 51 33 42 10 23 0 0.08 M M 21.2 33 340 M M 7 1 46 330
31 37 24 31 -1 34 0 0.00 M M 15.3 28 320 M M 7 1 36 330
================================================================================
SM 1418 740 928 0 0.99 M 329.3 M 126
================================================================================
AV 45.7 23.9 10.6 FASTST M M 4 MAX(MPH)
MISC ----> 49 330 62 330
================================================================================
NOTES:
# LAST OF SEVERAL OCCURRENCES
COLUMN 17 PEAK WIND IN M.P.H.
PRELIMINARY LOCAL CLIMATOLOGICAL DATA (WS FORM: F-6) , PAGE 2
STATION: SALINA KS
MONTH: JANUARY
YEAR: 2021
LATITUDE: 38 47 N
LONGITUDE: 97 39 W
[TEMPERATURE DATA] [PRECIPITATION DATA] SYMBOLS USED IN COLUMN 16
AVERAGE MONTHLY: 34.8 TOTAL FOR MONTH: 0.99 1 = FOG OR MIST
DPTR FM NORMAL: 3.8 DPTR FM NORMAL: 0.36 2 = FOG REDUCING VISIBILITY
HIGHEST: 64 ON 13 GRTST 24HR 1.09 ON 30-30 TO 1/4 MILE OR LESS
LOWEST: 7 ON 28 3 = THUNDER
SNOW, ICE PELLETS, HAIL 4 = ICE PELLETS
TOTAL MONTH: M 5 = HAIL
GRTST 24HR M ON M 6 = FREEZING RAIN OR DRIZZLE
GRTST DEPTH: M ON M 7 = DUSTSTORM OR SANDSTORM:
VSBY 1/2 MILE OR LESS
8 = SMOKE OR HAZE
[NO. OF DAYS WITH] [WEATHER - DAYS WITH] 9 = BLOWING SNOW
X = TORNADO
MAX 32 OR BELOW: 2 0.01 INCH OR MORE: 4
MAX 90 OR ABOVE: 0 0.10 INCH OR MORE: 2
MIN 32 OR BELOW: 29 0.50 INCH OR MORE: 1
MIN 0 OR BELOW: 0 1.00 INCH OR MORE: 0
[HDD (BASE 65) ]
TOTAL THIS MO. 928 CLEAR (SCALE 0-3) 14
DPTR FM NORMAL -124 PTCLDY (SCALE 4-7) 11
TOTAL FM JUL 1 2743 CLOUDY (SCALE 8-10) 6
DPTR FM NORMAL -270
[CDD (BASE 65) ]
TOTAL THIS MO. 0
DPTR FM NORMAL 0 [PRESSURE DATA]
TOTAL FM JAN 1 0 HIGHEST SLP 30.60 ON 28
DPTR FM NORMAL 0 LOWEST SLP 29.44 ON 30
[REMARKS]
#FINAL-01-21#