000
CXUS53 KICT 011510
CF6SLN
PRELIMINARY LOCAL CLIMATOLOGICAL DATA (WS FORM: F-6)
STATION: SALINA KS
MONTH: NOVEMBER
YEAR: 2020
LATITUDE: 38 47 N
LONGITUDE: 97 39 W
TEMPERATURE IN F: :PCPN: SNOW: WIND :SUNSHINE: SKY :PK WND
================================================================================
1 2 3 4 5 6A 6B 7 8 9 10 11 12 13 14 15 16 17 18
12Z AVG MX 2MIN
DY MAX MIN AVG DEP HDD CDD WTR SNW DPTH SPD SPD DIR MIN PSBL S-S WX SPD DR
================================================================================
1 57 30 44 -7 21 0 0.00 M M 5.7 12 360 M M 0 15 10
2 75 31 53 2 12 0 0.00 M M 8.5 17 220 M M 0 24 220
3 83 39 61 11 4 0 0.00 M M 11.3 24 200 M M 0 30 190
4 75 46 61 11 4 0 0.00 M M 9.6 20 200 M M 0 25 200
5 78 39 59 10 6 0 0.00 M M 4.7 12 310 M M 0 14 10
6 76 39 58 9 7 0 0.00 M M 11.0 24 190 M M 0 1 33 170
7 76 56 66 18 0 1 0.00 M M 19.6 33 200 M M 0 45 200
8 76 57 67 19 0 2 T M M 23.2 41 190 M M 1 55 190
9 74 38 56 9 9 0 T M M 20.4 32 200 M M 7 44 190
10 44 26 35 -12 30 0 0.31 M M 12.2 26 290 M M 6 13 32 290
11 58 25 42 -4 23 0 0.00 M M 4.1 12 130 M M 0 17 130
12 58 26 42 -4 23 0 0.00 M M 8.7 25 340 M M 0 35 360
13 50 19 35 -10 30 0 0.00 M M 8.7 18 170 M M 1 25 170
14 67 41 54 9 11 0 0.00 M M 19.7 45 290 M M 1 8 60 300
15 58 32 45 1 20 0 0.00 M M 13.6 26 300 M M 0 34 310
16 68 36 52 8 13 0 0.00 M M 8.6 23 210 M M 0 29 220
17 68 28 48 5 17 0 0.00 M M 9.5 25 170 M M 0 32 160
18 74 50 62 20 3 0 0.00 M M 23.6 41 200 M M 0 56 210
19 77 44 61 19 4 0 0.00 M M 13.1 29 200 M M 0 8 40 190
20 65 41 53 11 12 0 0.00 M M 10.2 20 20 M M 0 26 30
21 50 42 46 5 19 0 0.06 M M 8.0 14 70 M M 8 20 80
22 57 27 42 2 23 0 0.00 M M 6.6 18 350 M M 3 23 340
23 51 25 38 -2 27 0 0.14 M M 11.9 24 170 M M 8 1 33 170
24 55 37 46 7 19 0 1.48 M M 16.1 33 360 M M 10 13 43 360
25 46 30 38 -1 27 0 0.52 M M 12.8 29 320 M M 4 1 37 320
26 59 28 44 6 21 0 0.00 M M 6.7 18 30 M M 1 24 30
27 53 28 41 3 24 0 0.00 M M 5.2 15 10 M M 1 128 20 360
28 58 24 41 4 24 0 0.00 M M 7.2 20 210 M M 0 25 220
29 45 26 36 -1 29 0 T M M 16.7 37 360 M M 1 47 360
30 46 18 32 -4 33 0 0.00 M M 8.0 14 310 M M 0 17 310
================================================================================
SM 1877 1028 495 3 2.51 M 345.2 M 52
================================================================================
AV 62.6 34.3 11.5 FASTST M M 2 MAX(MPH)
MISC ----> 45 290 60 300
================================================================================
NOTES:
# LAST OF SEVERAL OCCURRENCES
COLUMN 17 PEAK WIND IN M.P.H.
PRELIMINARY LOCAL CLIMATOLOGICAL DATA (WS FORM: F-6) , PAGE 2
STATION: SALINA KS
MONTH: NOVEMBER
YEAR: 2020
LATITUDE: 38 47 N
LONGITUDE: 97 39 W
[TEMPERATURE DATA] [PRECIPITATION DATA] SYMBOLS USED IN COLUMN 16
AVERAGE MONTHLY: 48.4 TOTAL FOR MONTH: 2.51 1 = FOG OR MIST
DPTR FM NORMAL: 4.5 DPTR FM NORMAL: 1.26 2 = FOG REDUCING VISIBILITY
HIGHEST: 83 ON 3 GRTST 24HR 2.00 ON 24-25 TO 1/4 MILE OR LESS
LOWEST: 18 ON 30 3 = THUNDER
SNOW, ICE PELLETS, HAIL 4 = ICE PELLETS
TOTAL MONTH: M 5 = HAIL
GRTST 24HR M ON M 6 = FREEZING RAIN OR DRIZZLE
GRTST DEPTH: M ON M 7 = DUSTSTORM OR SANDSTORM:
VSBY 1/2 MILE OR LESS
8 = SMOKE OR HAZE
[NO. OF DAYS WITH] [WEATHER - DAYS WITH] 9 = BLOWING SNOW
X = TORNADO
MAX 32 OR BELOW: 0 0.01 INCH OR MORE: 5
MAX 90 OR ABOVE: 0 0.10 INCH OR MORE: 4
MIN 32 OR BELOW: 16 0.50 INCH OR MORE: 2
MIN 0 OR BELOW: 0 1.00 INCH OR MORE: 1
[HDD (BASE 65) ]
TOTAL THIS MO. 495 CLEAR (SCALE 0-3) 24
DPTR FM NORMAL -139 PTCLDY (SCALE 4-7) 4
TOTAL FM JUL 1 943 CLOUDY (SCALE 8-10) 2
DPTR FM NORMAL -10
[CDD (BASE 65) ]
TOTAL THIS MO. 3
DPTR FM NORMAL 2 [PRESSURE DATA]
TOTAL FM JAN 1 1598 HIGHEST SLP 30.62 ON 1
DPTR FM NORMAL -49 LOWEST SLP 29.45 ON 14
[REMARKS]
#FINAL-11-20#