000
CXUS53 KICT 010800
CF6SLN
PRELIMINARY LOCAL CLIMATOLOGICAL DATA (WS FORM: F-6)
STATION: SALINA KS
MONTH: JUNE
YEAR: 2020
LATITUDE: 38 47 N
LONGITUDE: 97 39 W
TEMPERATURE IN F: :PCPN: SNOW: WIND :SUNSHINE: SKY :PK WND
================================================================================
1 2 3 4 5 6A 6B 7 8 9 10 11 12 13 14 15 16 17 18
12Z AVG MX 2MIN
DY MAX MIN AVG DEP HDD CDD WTR SNW DPTH SPD SPD DIR MIN PSBL S-S WX SPD DR
================================================================================
1 90 62 76 5 0 11 0.00 M M 15.6 28 200 M M 0 39 200
2 92 67 80 9 0 15 0.00 M M 13.2 22 190 M M 0 32 200
3 94 68 81 10 0 16 0.18 M M 5.8 33 260 M M 0 3 48 260
4 96 67 82 10 0 17 T M M 7.3 17 280 M M 0 3 22 310
5 97 68 83 11 0 18 0.00 M M 7.9 14 200 M M 0 19 200
6 97 71 84 12 0 19 0.00 M M 12.6 22 160 M M 0 30 140
7 96 74 85 12 0 20 0.00 M M 18.1 31 150 M M 0 42 160
8 95 73 84 11 0 19 0.00 M M 15.9 28 130 M M 0 37 160
9 94 59 77 3 0 12 1.43 M M 18.3 40 350 M M 3 1 56 340
10 79 56 68 -6 0 3 0.66 M M 19.0 38 320 M M 3 1 53 320
11 91 54 73 -1 0 8 0.00 M M 9.3 22 210 M M 1 27 210
12 93 62 78 3 0 13 0.00 M M 9.7 21 220 M M 0 25 220
13 96 63 80 5 0 15 0.00 M M 14.0 25 170 0 0 0 39 160
14 94 70 82 7 0 17 0.00 M M 16.2 29 160 M M 0 38 170
15 93 68 81 5 0 16 0.00 M M 15.8 26 200 M M 0 35 160
16 94 70 82 6 0 17 0.00 M M 15.8 24 160 M M 1 37 180
17 95 71 83 7 0 18 0.00 M M 19.8 30 160 M M 0 40 160
18 96 71 84 7 0 19 0.69 M M 18.7 33 330 M M 1 3 51 330
19 73 66 70 -7 0 5 0.10 M M 6.1 21 140 M M 7 13 28 140
20 86 64 75 -2 0 10 0.00 M M 6.4 12 150 M M 2 18 16 260
21 83 66 75 -3 0 10 0.22 M M 9.9 33 150 M M 2 3 43 150
22 88 61 75 -3 0 10 0.03 M M 9.4 26 10 M M 2 35 360
23 85 61 73 -5 0 8 0.00 M M 6.9 18 340 M M 2 24 330
24 90 61 76 -2 0 11 0.00 M M 5.5 17 210 M M 3 3 22 210
25 96 69 83 4 0 18 0.00 M M 16.6 30 200 M M 0 44 200
26 96 73 85 6 0 20 0.01 M M 13.6 21 170 M M 0 34 180
27 93 68 81 2 0 16 0.30 M M 10.4 30 10 M M 2 13 37 10
28 96 76 86 7 0 21 0.00 M M 19.6 32 200 M M 1 43 170
29 97 76 87 7 0 22 0.00 M M 20.1 31 170 M M 3 40 160
30 100 77 89 9 0 24 0.00 M M 17.0 29 170 M M 0 40 160
================================================================================
SM 2765 2012 0 448 3.62 M 394.5 0 33
================================================================================
AV 92.2 67.1 13.1 FASTST 0 0 1 MAX(MPH)
MISC ----> # 40 350 # 56 340
================================================================================
NOTES:
# LAST OF SEVERAL OCCURRENCES
COLUMN 17 PEAK WIND IN M.P.H.
PRELIMINARY LOCAL CLIMATOLOGICAL DATA (WS FORM: F-6) , PAGE 2
STATION: SALINA KS
MONTH: JUNE
YEAR: 2020
LATITUDE: 38 47 N
LONGITUDE: 97 39 W
[TEMPERATURE DATA] [PRECIPITATION DATA] SYMBOLS USED IN COLUMN 16
AVERAGE MONTHLY: 79.6 TOTAL FOR MONTH: 3.62 1 = FOG OR MIST
DPTR FM NORMAL: 4.0 DPTR FM NORMAL: -0.49 2 = FOG REDUCING VISIBILITY
HIGHEST: 100 ON 30 GRTST 24HR 1.43 ON 9- 9 TO 1/4 MILE OR LESS
LOWEST: 54 ON 11 3 = THUNDER
SNOW, ICE PELLETS, HAIL 4 = ICE PELLETS
TOTAL MONTH: M 5 = HAIL
GRTST 24HR M ON M 6 = FREEZING RAIN OR DRIZZLE
GRTST DEPTH: M ON M 7 = DUSTSTORM OR SANDSTORM:
VSBY 1/2 MILE OR LESS
8 = SMOKE OR HAZE
[NO. OF DAYS WITH] [WEATHER - DAYS WITH] 9 = BLOWING SNOW
X = TORNADO
MAX 32 OR BELOW: 0 0.01 INCH OR MORE: 9
MAX 90 OR ABOVE: 24 0.10 INCH OR MORE: 7
MIN 32 OR BELOW: 0 0.50 INCH OR MORE: 3
MIN 0 OR BELOW: 0 1.00 INCH OR MORE: 1
[HDD (BASE 65) ]
TOTAL THIS MO. 0 CLEAR (SCALE 0-3) 28
DPTR FM NORMAL -7 PTCLDY (SCALE 4-7) 2
TOTAL FM JUL 1 4849 CLOUDY (SCALE 8-10) 0
DPTR FM NORMAL -22
[CDD (BASE 65) ]
TOTAL THIS MO. 448
DPTR FM NORMAL 123 [PRESSURE DATA]
TOTAL FM JAN 1 522 HIGHEST SLP 0.00 ON M
DPTR FM NORMAL 69 LOWEST SLP 0.00 ON M
[REMARKS]
#FINAL-06-20#