000
CXUS53 KICT 011410
CF6SLN
PRELIMINARY LOCAL CLIMATOLOGICAL DATA (WS FORM: F-6)
STATION: SALINA KS
MONTH: AUGUST
YEAR: 2023
LATITUDE: 38 47 N
LONGITUDE: 97 39 W
TEMPERATURE IN F: :PCPN: SNOW: WIND :SUNSHINE: SKY :PK WND
================================================================================
1 2 3 4 5 6A 6B 7 8 9 10 11 12 13 14 15 16 17 18
12Z AVG MX 2MIN
DY MAX MIN AVG DEP HDD CDD WTR SNW DPTH SPD SPD DIR MIN PSBL S-S WX SPD DR
================================================================================
1 107 75 91 10 0 26 T M M 6.5 20 210 M M 1 28 210
2 99 76 88 7 0 23 T M M 9.2 22 320 M M 0 3 30 220
3 93 77 85 4 0 20 0.23 M M 11.7 21 20 M M 1 13 27 80
4 91 69 80 0 0 15 0.53 M M 7.9 38 260 M M 2 13 49 260
5 94 70 82 2 0 17 0.12 M M 7.4 33 320 M M 1 13 46 300
6 85 66 76 -4 0 11 0.00 M M 13.9 31 310 M M 2 40 310
7 86 63 75 -5 0 10 0.04 M M 7.1 26 200 M M 1 34 200
8 91 64 78 -2 0 13 0.00 M M 3.5 20 340 M M 0 27 360
9 87 69 78 -2 0 13 0.31 M M 5.9 21 100 M M 3 13 26 110
10 94 67 81 1 0 16 0.00 M M 8.8 20 210 M M 0 33 220
11 101 71 86 6 0 21 0.00 M M 8.2 20 210 M M 0 27 180
12 93 73 83 3 0 18 0.09 M M 6.9 17 60 M M 2 13 24 120
13 88 68 78 -1 0 13 0.14 M M 7.3 31 360 M M 6 13 39 360
14 84 61 73 -6 0 8 0.00 M M 11.0 25 320 M M 1 35 320
15 86 57 72 -7 0 7 0.00 M M 4.5 12 10 M M 0 17 350
16 94 59 77 -2 0 12 0.00 M M 13.2 25 200 M M 0 34 200
17 88 66 77 -2 0 12 0.00 M M 8.4 20 40 M M 0 28 30
18 96 59 78 0 0 13 0.00 M M 9.2 20 170 M M 0 28 150
19 113 75 94 16 0 29 0.00 M M 14.1 30 230 M M 0 41 230
20 106 68 87 9 0 22 0.00 M M 6.1 12 110 M M 0 16 110
21 108 74 91 13 0 26 0.00 M M 5.1 16 140 M M 1 12 20 140
22 107 73 90 12 0 25 0.00 M M 6.4 17 150 M M 0 22 150
23 105 77 91 13 0 26 0.00 M M 9.4 18 200 M M 0 24 240
24 106 75 91 14 0 26 0.00 M M 10.1 22 210 M M 0 28 210
25 108 71 90 13 0 25 0.24 M M 10.7 40 310 M M 2 13 55 310
26 84 69 77 0 0 12 0.32 M M 10.4 23 360 M M 7 13 30 10
27 86 63 75 -1 0 10 0.00 M M 6.6 13 20 M M 3 19 360
28 89 60 75 -1 0 10 0.00 M M 2.2 9 30 M M 1 14 30
29 94 69 82 6 0 17 0.00 M M 8.1 17 360 M M 2 24 360
30 90 61 76 0 0 11 0.00 M M 5.4 13 130 M M 0 8 22 100
31 94 63 79 3 0 14 0.00 M M 11.2 18 140 M M 0 25 140
================================================================================
SM 2947 2108 0 521 2.02 M 256.4 M 36
================================================================================
AV 95.1 68.0 8.3 FASTST M M 1 MAX(MPH)
MISC ----> 40 310 55 310
================================================================================
NOTES:
# LAST OF SEVERAL OCCURRENCES
COLUMN 17 PEAK WIND IN M.P.H.
PRELIMINARY LOCAL CLIMATOLOGICAL DATA (WS FORM: F-6) , PAGE 2
STATION: SALINA KS
MONTH: AUGUST
YEAR: 2023
LATITUDE: 38 47 N
LONGITUDE: 97 39 W
[TEMPERATURE DATA] [PRECIPITATION DATA] SYMBOLS USED IN COLUMN 16
AVERAGE MONTHLY: 81.5 TOTAL FOR MONTH: 2.02 1 = FOG OR MIST
DPTR FM NORMAL: 2.9 DPTR FM NORMAL: -1.69 2 = FOG REDUCING VISIBILITY
HIGHEST: 113 ON 19 GRTST 24HR 0.76 ON 3- 4 TO 1/4 MILE OR LESS
LOWEST: 57 ON 15 3 = THUNDER
SNOW, ICE PELLETS, HAIL 4 = ICE PELLETS
TOTAL MONTH: M 5 = HAIL
GRTST 24HR M ON M 6 = FREEZING RAIN OR DRIZZLE
GRTST DEPTH: M ON M 7 = DUSTSTORM OR SANDSTORM:
VSBY 1/2 MILE OR LESS
8 = SMOKE OR HAZE
[NO. OF DAYS WITH] [WEATHER - DAYS WITH] 9 = BLOWING SNOW
X = TORNADO
MAX 32 OR BELOW: 0 0.01 INCH OR MORE: 9
MAX 90 OR ABOVE: 21 0.10 INCH OR MORE: 7
MIN 32 OR BELOW: 0 0.50 INCH OR MORE: 1
MIN 0 OR BELOW: 0 1.00 INCH OR MORE: 0
[HDD (BASE 65) ]
TOTAL THIS MO. 0 CLEAR (SCALE 0-3) 29
DPTR FM NORMAL -1 PTCLDY (SCALE 4-7) 2
TOTAL FM JUL 1 0 CLOUDY (SCALE 8-10) 0
DPTR FM NORMAL 0
[CDD (BASE 65) ]
TOTAL THIS MO. 521
DPTR FM NORMAL 98 [PRESSURE DATA]
TOTAL FM JAN 1 1548 HIGHEST SLP 30.21 ON 15
DPTR FM NORMAL 159 LOWEST SLP 29.71 ON 11
[REMARKS]
#FINAL-08-23#