000
CXUS56 KLOX 011155
CF6SMX
PRELIMINARY LOCAL CLIMATOLOGICAL DATA (WS FORM: F-6)
STATION: SANTA MARIA AIRPORT CA
MONTH: AUGUST
YEAR: 2022
LATITUDE: 34 54 N
LONGITUDE: 120 27 W
TEMPERATURE IN F: :PCPN: SNOW: WIND :SUNSHINE: SKY :PK WND
================================================================================
1 2 3 4 5 6A 6B 7 8 9 10 11 12 13 14 15 16 17 18
12Z AVG MX 2MIN
DY MAX MIN AVG DEP HDD CDD WTR SNW DPTH SPD SPD DIR MIN PSBL S-S WX SPD DR
================================================================================
1 79 57 68 4 0 3 0.00 M M 4.9 14 330 M M 4 1 17 340
2 78 57 68 4 0 3 0.00 M M 5.9 14 310 M M 4 1 17 310
3 74 57 66 2 0 1 0.00 M M 5.4 13 330 M M 6 1 16 300
4 81 58 70 6 0 5 0.00 M M 4.2 16 330 M M 6 1 20 330
5 75 57 66 2 0 1 0.00 M M 7.3 17 320 M M 7 1 21 320
6 71 57 64 0 1 0 0.00 M M 7.9 21 300 M M 5 1 27 310
7 74 57 66 2 0 1 0.00 M M 7.5 22 290 M M 3 1 27 290
8 73 55 64 0 1 0 0.00 M M 6.7 16 320 M M 0 19 300
9 76 57 67 3 0 2 0.00 M M 6.1 18 310 M M 4 1 23 310
10 76 57 67 3 0 2 0.00 M M 7.0 17 320 M M 3 1 21 300
11 72 56 64 0 1 0 0.00 M M 6.5 17 310 M M 4 12 21 300
12 73 54 64 0 1 0 0.00 M M 7.1 18 310 M M 2 18 22 300
13 73 53 63 -1 2 0 0.00 M M 6.3 17 320 M M 0 18 21 320
14 69 54 62 -2 3 0 0.00 M M 6.0 16 320 M M 5 18 18 340
15 69 53 61 -3 4 0 0.00 M M 6.2 14 320 M M 5 18 18 290
16 79 53 66 2 0 1 0.00 M M 4.3 13 320 M M 5 18 15 330
17 76 52 64 0 1 0 0.00 M M 4.3 16 290 M M 4 12 19 300
18 71 53 62 -2 3 0 0.00 M M 5.8 13 310 M M 7 12 17 290
19 73 54 64 0 1 0 0.00 M M 6.2 15 310 M M 6 12 20 310
20 75 54 65 1 0 0 0.00 M M 6.3 15 350 M M 6 1 19 340
21 71 57 64 0 1 0 0.00 M M 5.4 13 330 M M 9 1 16 330
22 72 56 64 0 1 0 0.00 M M 4.4 13 320 M M 5 1 16 330
23 71 53 62 -2 3 0 0.00 M M 5.9 15 330 M M 5 1 18 330
24 76 54 65 1 0 0 0.00 M M 5.4 13 300 M M 5 1 16 310
25 72 53 63 -1 2 0 0.00 M M 4.0 12 310 M M 6 12 16 310
26 72 55 64 0 1 0 0.00 M M 5.9 14 330 M M 7 18 16 340
27 72 55 64 0 1 0 0.00 M M 5.4 15 310 M M 6 12 19 300
28 70 55 63 -1 2 0 0.00 M M 4.8 14 300 M M 6 1 18 310
29 73 53 63 -1 2 0 0.00 M M 5.1 17 320 M M 3 18 21 330
30 75 51 63 -2 2 0 0.00 M M 5.7 16 320 M M 0 18 20 330
31 72 53 63 -2 2 0 0.00 M M 4.8 14 290 M M 0 18 310
================================================================================
SM 2283 1700 35 19 0.00 M 178.7 M 138
================================================================================
AV 73.6 54.8 5.8 FASTST M M 4 MAX(MPH)
MISC ----> 22 290 # 27 310
================================================================================
NOTES:
# LAST OF SEVERAL OCCURRENCES
COLUMN 17 PEAK WIND IN M.P.H.
PRELIMINARY LOCAL CLIMATOLOGICAL DATA (WS FORM: F-6) , PAGE 2
STATION: SANTA MARIA AIRPORT CA
MONTH: AUGUST
YEAR: 2022
LATITUDE: 34 54 N
LONGITUDE: 120 27 W
[TEMPERATURE DATA] [PRECIPITATION DATA] SYMBOLS USED IN COLUMN 16
AVERAGE MONTHLY: 64.2 TOTAL FOR MONTH: 0.00 1 = FOG OR MIST
DPTR FM NORMAL: -0.3 DPTR FM NORMAL: -0.01 2 = FOG REDUCING VISIBILITY
HIGHEST: 81 ON 4 GRTST 24HR 0.00 ON 1- 1 TO 1/4 MILE OR LESS
LOWEST: 51 ON 30 3 = THUNDER
SNOW, ICE PELLETS, HAIL 4 = ICE PELLETS
TOTAL MONTH: M 5 = HAIL
GRTST 24HR M ON M 6 = FREEZING RAIN OR DRIZZLE
GRTST DEPTH: M ON M 7 = DUSTSTORM OR SANDSTORM:
VSBY 1/2 MILE OR LESS
8 = SMOKE OR HAZE
[NO. OF DAYS WITH] [WEATHER - DAYS WITH] 9 = BLOWING SNOW
X = TORNADO
MAX 32 OR BELOW: 0 0.01 INCH OR MORE: 0
MAX 90 OR ABOVE: 0 0.10 INCH OR MORE: 0
MIN 32 OR BELOW: 0 0.50 INCH OR MORE: 0
MIN 0 OR BELOW: 0 1.00 INCH OR MORE: 0
[HDD (BASE 65) ]
TOTAL THIS MO. 35 CLEAR (SCALE 0-3) 6
DPTR FM NORMAL -13 PTCLDY (SCALE 4-7) 24
TOTAL FM JUL 1 98 CLOUDY (SCALE 8-10) 1
DPTR FM NORMAL -12
[CDD (BASE 65) ]
TOTAL THIS MO. 19
DPTR FM NORMAL -12 [PRESSURE DATA]
TOTAL FM JAN 1 80 HIGHEST SLP 30.08 ON 21
DPTR FM NORMAL -5 LOWEST SLP 29.78 ON 19
[REMARKS]
#FINAL-08-22#