000
CXUS56 KLOX 011655
CF6SMX
PRELIMINARY LOCAL CLIMATOLOGICAL DATA (WS FORM: F-6)
STATION: SANTA MARIA AIRPORT CA
MONTH: JUNE
YEAR: 2020
LATITUDE: 34 54 N
LONGITUDE: 120 27 W
TEMPERATURE IN F: :PCPN: SNOW: WIND :SUNSHINE: SKY :PK WND
================================================================================
1 2 3 4 5 6A 6B 7 8 9 10 11 12 13 14 15 16 17 18
12Z AVG MX 2MIN
DY MAX MIN AVG DEP HDD CDD WTR SNW DPTH SPD SPD DIR MIN PSBL S-S WX SPD DR
================================================================================
1 69 53 61 2 4 0 0.00 0.0 0 8.5 20 300 M M 7 1 23 300
2 77 54 66 7 0 1 0.00 0.0 0 4.5 13 320 M M 7 18 20 330
3 85 55 70 11 0 5 0.00 0.0 0 5.4 15 290 M M 4 128 19 300
4 76 56 66 7 0 1 0.00 0.0 0 7.4 15 290 M M 3 18 20 300
5 67 56 62 3 3 0 0.08 0.0 0 6.2 15 290 M M 10 1 21 330
6 70 51 61 1 4 0 0.00 0.0 0 12.6 28 310 M M 4 34 310
7 71 46 59 -1 6 0 0.00 0.0 0 16.9 37 290 M M 0 178 43 310
8 79 48 64 4 1 0 0.00 0.0 0 10.6 26 310 M M 0 33 290
9 94 47 71 11 0 6 0.00 0.0 0 6.4 22 320 M M 0 8 28 320
10 91 52 72 12 0 7 0.00 0.0 0 6.3 18 310 M M 0 23 310
11 79 51 65 5 0 0 0.00 0.0 0 5.0 18 300 M M 3 12 22 290
12 71 51 61 1 4 0 0.00 0.0 0 8.7 26 300 M M 5 128 33 310
13 71 49 60 0 5 0 0.00 0.0 0 14.4 31 300 M M 1 17 39 290
14 73 50 62 2 3 0 0.00 0.0 0 12.2 29 300 M M 1 1 35 310
15 79 50 65 5 0 0 0.00 0.0 0 9.8 26 300 M M 2 128 33 300
16 70 50 60 0 5 0 0.00 0.0 0 11.3 26 290 M M 0 18 33 290
17 78 48 63 2 2 0 0.00 0.0 0 5.6 17 320 M M 0 18 23 50
18 73 46 60 -1 5 0 0.00 0.0 0 5.7 15 330 M M 2 128 19 30
19 73 55 64 3 1 0 0.00 0.0 0 5.0 14 310 M M 7 18 20 360
20 70 56 63 2 2 0 0.00 0.0 0 5.8 15 310 M M 8 18 19 320
21 72 55 64 3 1 0 0.00 0.0 0 6.8 15 310 M M 7 18 20 300
22 70 55 63 2 2 0 0.00 0.0 0 6.6 16 320 M M 8 1 21 310
23 74 54 64 3 1 0 0.00 0.0 0 6.0 14 320 M M 7 1 18 320
24 76 56 66 4 0 1 0.00 0.0 0 5.6 16 310 M M 8 1 21 320
25 75 57 66 4 0 1 0.00 0.0 0 6.4 17 320 M M 7 1 21 320
26 74 57 66 4 0 1 0.00 0.0 0 5.5 15 320 M M 6 18 19 320
27 75 57 66 4 0 1 0.00 0.0 0 5.3 16 320 M M 6 18 19 330
28 67 58 63 1 2 0 0.00 0.0 0 7.7 17 310 M M 10 18 25 310
29 74 53 64 2 1 0 0.00 0.0 0 6.7 20 320 M M 3 18 23 320
30 72 51 62 0 3 0 0.00 0.0 0 6.5 16 320 M M 3 18 20 310
================================================================================
SM 2245 1577 55 24 0.08 0.0 231.4 M 129
================================================================================
AV 74.8 52.6 7.7 FASTST M M 4 MAX(MPH)
MISC ----> # 37 290 # 43 310
================================================================================
NOTES:
# LAST OF SEVERAL OCCURRENCES
COLUMN 17 PEAK WIND IN M.P.H.
PRELIMINARY LOCAL CLIMATOLOGICAL DATA (WS FORM: F-6) , PAGE 2
STATION: SANTA MARIA AIRPORT CA
MONTH: JUNE
YEAR: 2020
LATITUDE: 34 54 N
LONGITUDE: 120 27 W
[TEMPERATURE DATA] [PRECIPITATION DATA] SYMBOLS USED IN COLUMN 16
AVERAGE MONTHLY: 63.7 TOTAL FOR MONTH: 0.08 1 = FOG OR MIST
DPTR FM NORMAL: 3.2 DPTR FM NORMAL: 0.04 2 = FOG REDUCING VISIBILITY
HIGHEST: 94 ON 9 GRTST 24HR 0.08 ON 5- 5 TO 1/4 MILE OR LESS
LOWEST: 46 ON 18, 7 3 = THUNDER
SNOW, ICE PELLETS, HAIL 4 = ICE PELLETS
TOTAL MONTH: 0.0 INCH 5 = HAIL
GRTST 24HR 0.0 6 = FREEZING RAIN OR DRIZZLE
GRTST DEPTH: 0 7 = DUSTSTORM OR SANDSTORM:
VSBY 1/2 MILE OR LESS
8 = SMOKE OR HAZE
[NO. OF DAYS WITH] [WEATHER - DAYS WITH] 9 = BLOWING SNOW
X = TORNADO
MAX 32 OR BELOW: 0 0.01 INCH OR MORE: 1
MAX 90 OR ABOVE: 2 0.10 INCH OR MORE: 0
MIN 32 OR BELOW: 0 0.50 INCH OR MORE: 0
MIN 0 OR BELOW: 0 1.00 INCH OR MORE: 0
[HDD (BASE 65) ]
TOTAL THIS MO. 55 CLEAR (SCALE 0-3) 11
DPTR FM NORMAL -86 PTCLDY (SCALE 4-7) 17
TOTAL FM JUL 1 2093 CLOUDY (SCALE 8-10) 2
DPTR FM NORMAL -730
[CDD (BASE 65) ]
TOTAL THIS MO. 24
DPTR FM NORMAL 18 [PRESSURE DATA]
TOTAL FM JAN 1 53 HIGHEST SLP 30.14 ON 8
DPTR FM NORMAL 37 LOWEST SLP 29.79 ON 4
[REMARKS]
#FINAL-06-20#