000
CXUS56 KSGX 170941
CF6SNA
PRELIMINARY LOCAL CLIMATOLOGICAL DATA (WS FORM: F-6)
STATION: JOHN WAYNE AIRPORT CA
MONTH: MARCH
YEAR: 2023
LATITUDE: 33 40 N
LONGITUDE: 117 53 W
TEMPERATURE IN F: :PCPN: SNOW: WIND :SUNSHINE: SKY :PK WND
================================================================================
1 2 3 4 5 6A 6B 7 8 9 10 11 12 13 14 15 16 17 18
12Z AVG MX 2MIN
DY MAX MIN AVG DEP HDD CDD WTR SNW DPTH SPD SPD DIR MIN PSBL S-S WX SPD DR
================================================================================
1 57 49 53 -6 12 0 0.60 M M 10.3 22 250 M M 7 1 32 280
2 59 40 50 -9 15 0 0.00 M M 4.4 15 210 M M 1 18 210
3 61 45 53 -6 12 0 0.00 M M 4.5 14 190 M M 1 19 200
4 60 46 53 -6 12 0 0.00 M M 5.1 15 200 M M 5 20 200
5 59 50 55 -4 10 0 T M M 4.3 15 200 M M 8 19 200
6 61 51 56 -3 9 0 0.00 M M 3.8 12 220 M M 7 17 210
7 63 47 55 -4 10 0 0.00 M M 4.2 15 210 M M 1 20 200
8 60 47 54 -5 11 0 0.00 M M 3.4 12 220 M M 6 16 220
9 66 50 58 -2 7 0 0.00 0.0 M 3.1 13 220 M M 2 17 260
10 59 54 57 -3 8 0 0.79 0.0 M 5.0 14 90 M M 10 18 17 90
11 67 59 63 3 2 0 0.11 0.0 M 6.2 16 190 M M 10 18 20 180
12 66 56 61 1 4 0 0.00 M M 3.6 13 200 M M 9 18 16 220
13 65 56 61 1 4 0 0.00 M M 4.7 14 190 M M 8 18 18 200
14 62 56 59 -1 6 0 1.05 M M 5.1 15 150 M M 10 18 20 140
15 62 54 58 -2 7 0 0.99 M M 7.3 15 160 M M 10 18 21 160
16 61 53 57 -3 8 0 0.00 M M 4.6 14 200 M M 7 1 16 200
17 69 49 59 -1 6 0 0.00 M M 3.0 12 220 M M 4 15 210
18 74 51 63 3 2 0 0.00 M M 3.5 12 220 M M 4 16 210
19 65 55 60 0 5 0 T M M 6.5 15 180 M M 8 18 19 150
20 62 55 59 -1 6 0 0.17 M M 6.7 13 220 M M 10 1 16 180
21 63 51 57 -3 8 0 1.02 M M 12.1 29 150 M M 9 13 42 150
22 61 50 56 -4 9 0 0.23 M M 6.8 18 190 M M 7 25 170
23 62 51 57 -3 8 0 0.01 M M 5.4 15 250 M M 7 21 230
24 64 50 57 -3 8 0 0.00 M M 5.7 17 220 M M 2 22 210
25 63 51 57 -4 8 0 0.00 M M 7.0 14 190 M M 2 19 210
26 64 47 56 -5 9 0 0.00 M M 3.7 13 230 M M 2 19 220
27 73 47 60 -1 5 0 0.00 M M 3.2 13 220 M M 2 15 210
28 69 51 60 -1 5 0 0.00 M M 4.4 13 220 M M 1 17 200
29 61 50 56 -5 9 0 0.45 M M 6.9 17 170 M M 8 1 24 180
30 60 49 55 -6 10 0 0.15 M M 5.7 12 220 M M 6 1 16 90
31 64 48 56 -5 9 0 0.00 M M 3.7 12 210 M M 4 15 230
================================================================================
SM 1962 1568 244 0 5.57 0.0 163.9 M 178
================================================================================
AV 63.3 50.6 5.3 FASTST M M 6 MAX(MPH)
MISC ----> 29 150 42 150
================================================================================
NOTES:
# LAST OF SEVERAL OCCURRENCES
COLUMN 17 PEAK WIND IN M.P.H.
PRELIMINARY LOCAL CLIMATOLOGICAL DATA (WS FORM: F-6) , PAGE 2
STATION: JOHN WAYNE AIRPORT CA
MONTH: MARCH
YEAR: 2023
LATITUDE: 33 40 N
LONGITUDE: 117 53 W
[TEMPERATURE DATA] [PRECIPITATION DATA] SYMBOLS USED IN COLUMN 16
AVERAGE MONTHLY: 56.9 TOTAL FOR MONTH: 5.57 1 = FOG OR MIST
DPTR FM NORMAL: -3.1 DPTR FM NORMAL: 3.95 2 = FOG REDUCING VISIBILITY
HIGHEST: 74 ON 18 GRTST 24HR 2.04 ON 14-15 TO 1/4 MILE OR LESS
LOWEST: 40 ON 2 3 = THUNDER
SNOW, ICE PELLETS, HAIL 4 = ICE PELLETS
TOTAL MONTH: 0.0 INCH 5 = HAIL
GRTST 24HR 0.0 6 = FREEZING RAIN OR DRIZZLE
GRTST DEPTH: M ON M 7 = DUSTSTORM OR SANDSTORM:
VSBY 1/2 MILE OR LESS
8 = SMOKE OR HAZE
[NO. OF DAYS WITH] [WEATHER - DAYS WITH] 9 = BLOWING SNOW
X = TORNADO
MAX 32 OR BELOW: 0 0.01 INCH OR MORE: 11
MAX 90 OR ABOVE: 0 0.10 INCH OR MORE: 10
MIN 32 OR BELOW: 0 0.50 INCH OR MORE: 5
MIN 0 OR BELOW: 0 1.00 INCH OR MORE: 2
[HDD (BASE 65) ]
TOTAL THIS MO. 244 CLEAR (SCALE 0-3) 9
DPTR FM NORMAL 79 PTCLDY (SCALE 4-7) 12
TOTAL FM JUL 1 1032 CLOUDY (SCALE 8-10) 10
DPTR FM NORMAL 80
[CDD (BASE 65) ]
TOTAL THIS MO. 0
DPTR FM NORMAL -10 [PRESSURE DATA]
TOTAL FM JAN 1 0 HIGHEST SLP 30.26 ON 24
DPTR FM NORMAL -24 LOWEST SLP 29.67 ON 21
[REMARKS]
#FINAL-03-23#