000
CXUS54 KMAF 251110
CF6SNK
PRELIMINARY LOCAL CLIMATOLOGICAL DATA (WS FORM: F-6)
STATION: SNYDER WINSTON FIELD
MONTH: APRIL
YEAR: 2024
LATITUDE: 32 41 N
LONGITUDE: 100 57 W
TEMPERATURE IN F: :PCPN: SNOW: WIND :SUNSHINE: SKY :PK WND
================================================================================
1 2 3 4 5 6A 6B 7 8 9 10 11 12 13 14 15 16 17 18
12Z AVG MX 2MIN
DY MAX MIN AVG DEP HDD CDD WTR SNW DPTH SPD SPD DIR MIN PSBL S-S WX SPD DR
================================================================================
1 85 56 71 M 0 6 M M M 11.9 33 280 M M 1 8 43 280
2 62 42 52 M 13 0 M M M 12.3 23 330 M M 2 30 340
3 77 40 59 M 6 0 M M M 8.6 15 270 M M 0 23 10
4 84 49 67 M 0 2 M M M 6.8 10 160 M M 0 16 210
5 84 56 70 M 0 5 M M M 13.9 21 180 M M 0 32 180
6 83 57 70 M 0 5 M M M 18.9 32 260 M M 1 8 48 240
7 77 45 61 M 4 0 M M M 11.9 25 260 M M 0 35 270
8 81 48 65 M 0 0 M M M 7.0 16 40 M M 2 28 10
9 57 46 52 M 13 0 0.01 M M 13.9 20 20 M M 9 1 28 20
10 68 46 57 M 8 0 0.03 M M 15.3 25 350 M M 5 35 350
11 73 46 60 M 5 0 M M M 8.7 15 30 M M 0 22 30
12 86 50 68 M 0 3 M M M 13.0 23 170 M M 0 28 180
13 91 59 75 M 0 10 M M M 13.6 20 220 M M 0 26 190
14 94 60 77 M 0 12 M M M 7.9 13 210 M M 0 18 200
15 88 65 77 M 0 12 M M M 8.4 16 170 M M 0 26 0
16 85 57 71 M 0 6 M M M 9.4 21 270 M M 0 29 280
17 91 58 75 M 0 10 M M M 7.0 13 230 M M 0 18 200
18 79 55 67 M 0 2 M M M 12.5 23 360 M M 1 1 29 10
19 63 48 56 M 9 0 M M M 12.9 21 40 M M 9 30 30
20 56 45 51 M 14 0 0.39 M M 15.5 25 50 M M 10 13 33 80
21 60 46 53 M 12 0 M M M 8.5 15 70 M M 6 23 70
22 75 45 60 M 5 0 M M M 10.6 17 190 M M 2 26 190
23 91 54 73 M 0 8 M M M 13.1 18 50 M M 0 29 50
24 80 60 70 M 0 5 M M M 9.1 15 140 M M 4 20 160
================================================================================
SM 1870 1233 89 86 0.43 M 270.8 M 52
================================================================================
AV 77.9 51.4 11.3 FASTST M M 2 MAX(MPH)
MISC ----> 33 280 48 240
================================================================================
NOTES:
# LAST OF SEVERAL OCCURRENCES
COLUMN 17 PEAK WIND IN M.P.H.
PRELIMINARY LOCAL CLIMATOLOGICAL DATA (WS FORM: F-6) , PAGE 2
STATION: SNYDER WINSTON FIELD
MONTH: APRIL
YEAR: 2024
LATITUDE: 32 41 N
LONGITUDE: 100 57 W
[TEMPERATURE DATA] [PRECIPITATION DATA] SYMBOLS USED IN COLUMN 16
AVERAGE MONTHLY: 64.6 TOTAL FOR MONTH: 0.43 1 = FOG OR MIST
DPTR FM NORMAL: 0.0 DPTR FM NORMAL: 0.43 2 = FOG REDUCING VISIBILITY
HIGHEST: 94 ON 14 GRTST 24HR 0.39 ON 20-20 TO 1/4 MILE OR LESS
LOWEST: 40 ON 3 3 = THUNDER
SNOW, ICE PELLETS, HAIL 4 = ICE PELLETS
TOTAL MONTH: M 5 = HAIL
GRTST 24HR M ON M 6 = FREEZING RAIN OR DRIZZLE
GRTST DEPTH: M ON M 7 = DUSTSTORM OR SANDSTORM:
VSBY 1/2 MILE OR LESS
8 = SMOKE OR HAZE
[NO. OF DAYS WITH] [WEATHER - DAYS WITH] 9 = BLOWING SNOW
X = TORNADO
MAX 32 OR BELOW: 0 0.01 INCH OR MORE: 3
MAX 90 OR ABOVE: 4 0.10 INCH OR MORE: 1
MIN 32 OR BELOW: 0 0.50 INCH OR MORE: 0
MIN 0 OR BELOW: 0 1.00 INCH OR MORE: 0
[HDD (BASE 65) ]
TOTAL THIS MO. 89 CLEAR (SCALE 0-3) 18
DPTR FM NORMAL M PTCLDY (SCALE 4-7) 3
TOTAL FM JUL 1 2412 CLOUDY (SCALE 8-10) 3
DPTR FM NORMAL M
[CDD (BASE 65) ]
TOTAL THIS MO. 86
DPTR FM NORMAL M [PRESSURE DATA]
TOTAL FM JAN 1 124 HIGHEST SLP M ON M
DPTR FM NORMAL M LOWEST SLP M ON M
[REMARKS]