000
CXUS54 KMAF 011210
CF6SNK
PRELIMINARY LOCAL CLIMATOLOGICAL DATA (WS FORM: F-6)
STATION: SNYDER WINSTON FIELD
MONTH: NOVEMBER
YEAR: 2022
LATITUDE: 32 41 N
LONGITUDE: 100 57 W
TEMPERATURE IN F: :PCPN: SNOW: WIND :SUNSHINE: SKY :PK WND
================================================================================
1 2 3 4 5 6A 6B 7 8 9 10 11 12 13 14 15 16 17 18
12Z AVG MX 2MIN
DY MAX MIN AVG DEP HDD CDD WTR SNW DPTH SPD SPD DIR MIN PSBL S-S WX SPD DR
================================================================================
1 72 48 60 M 5 0 M M M 6.6 10 150 M M 0 M M
2 73 53 63 M 2 0 M M M 10.3 16 200 M M 4 23 210
3 78 61 70 M 0 5 M M M 14.8 22 190 M M 6 30 190
4 70 46 58 M 7 0 M M M 14.7 31 270 M M 5 40 270
5 70 37 54 M 11 0 M M M 10.0 20 220 M M 0 26 220
6 80 47 64 M 1 0 M M M 9.0 14 60 M M 0 23 260
7 71 49 60 M 5 0 M M M 9.2 13 80 M M 4 18 80
8 78 62 70 M 0 5 M M M 10.5 18 150 M M 5 25 150
9 78 62 70 M 0 5 M M M 13.8 21 180 M M 6 29 180
10 77 56 67 M 0 2 M M M 10.0 16 260 M M 3 25 260
11 55 34 45 M 20 0 M M M 14.2 24 30 M M 7 30 20
12 50 29 40 M 25 0 M M M 4.4 7 110 M M 0 M M
13 54 32 43 M 22 0 M M M 11.3 20 170 M M 0 24 160
14 53 30 42 M 23 0 M M M 10.6 21 320 M M 3 26 320
15 47 25 36 M 29 0 M M M 7.6 13 60 M M 1 18 20
16 50 34 42 M 23 0 M M M 3.4 8 40 M M 9 M M
17 56 33 45 M 20 0 M M M 6.9 14 220 M M 3 20 220
18 38 29 34 M 31 0 M M M 12.7 20 50 M M 6 25 50
19 41 27 34 M 31 0 M M M 6.2 10 360 M M 9 16 360
20 45 26 36 M 29 0 M M M 5.6 10 180 M M 7 M M
21 54 34 44 M 21 0 M M M 6.6 10 230 M M 4 M M
22 60 28 44 M 21 0 M M M 5.4 10 160 M M 5 2 M M
23 63 49 56 M 9 0 M M M 9.8 13 230 M M 8 20 210
24 58 44 51 M 14 0 M M M 12.5 23 360 M M 10 1 26 360
25 45 37 41 M 24 0 0.55 M M 14.1 18 20 M M 10 26 30
26 47 39 43 M 22 0 0.17 M M 8.0 15 260 M M 7 18 260
27 54 34 44 M 21 0 M M M 3.4 8 260 M M 1 M M
28 69 37 53 M 12 0 M M M 11.6 23 240 M M 0 1 29 240
29 72 34 53 M 12 0 M M M 14.7 22 30 M M 0 1 31 330
30 42 27 35 M 30 0 M M M 9.7 20 30 M M 0 28 40
================================================================================
SM 1800 1183 470 17 0.72 M 287.3 M 123
================================================================================
AV 60.0 39.4 9.6 FASTST M M 4 MAX(MPH)
MISC ----> 31 270 40 270
================================================================================
NOTES:
# LAST OF SEVERAL OCCURRENCES
COLUMN 17 PEAK WIND IN M.P.H.
PRELIMINARY LOCAL CLIMATOLOGICAL DATA (WS FORM: F-6) , PAGE 2
STATION: SNYDER WINSTON FIELD
MONTH: NOVEMBER
YEAR: 2022
LATITUDE: 32 41 N
LONGITUDE: 100 57 W
[TEMPERATURE DATA] [PRECIPITATION DATA] SYMBOLS USED IN COLUMN 16
AVERAGE MONTHLY: 49.7 TOTAL FOR MONTH: 0.72 1 = FOG OR MIST
DPTR FM NORMAL: 0.0 DPTR FM NORMAL: M 2 = FOG REDUCING VISIBILITY
HIGHEST: 80 ON 6 GRTST 24HR 0.55 ON 25-25 TO 1/4 MILE OR LESS
LOWEST: 25 ON 15 3 = THUNDER
SNOW, ICE PELLETS, HAIL 4 = ICE PELLETS
TOTAL MONTH: M 5 = HAIL
GRTST 24HR M ON M 6 = FREEZING RAIN OR DRIZZLE
GRTST DEPTH: M ON M 7 = DUSTSTORM OR SANDSTORM:
VSBY 1/2 MILE OR LESS
8 = SMOKE OR HAZE
[NO. OF DAYS WITH] [WEATHER - DAYS WITH] 9 = BLOWING SNOW
X = TORNADO
MAX 32 OR BELOW: 0 0.01 INCH OR MORE: 2
MAX 90 OR ABOVE: 0 0.10 INCH OR MORE: 2
MIN 32 OR BELOW: 9 0.50 INCH OR MORE: 1
MIN 0 OR BELOW: 0 1.00 INCH OR MORE: 0
[HDD (BASE 65) ]
TOTAL THIS MO. 470 CLEAR (SCALE 0-3) 12
DPTR FM NORMAL M PTCLDY (SCALE 4-7) 14
TOTAL FM JUL 1 563 CLOUDY (SCALE 8-10) 4
DPTR FM NORMAL M
[CDD (BASE 65) ]
TOTAL THIS MO. 17
DPTR FM NORMAL M [PRESSURE DATA]
TOTAL FM JAN 1 2899 HIGHEST SLP M ON M
DPTR FM NORMAL M LOWEST SLP M ON M
[REMARKS]
#FINAL-11-22#