000
CXAK58 PASN 011345
CLMSNP
CLIMATE REPORT
NATIONAL WEATHER SERVICE ANCHORAGE, AK
445 AM AKST FRI MAR 01 2024
...................................
...THE SAINT PAUL ISLAND CLIMATE SUMMARY FOR THE MONTH OF FEBRUARY 2024...
CLIMATE NORMAL PERIOD: 1991 TO 2020
CLIMATE RECORD PERIOD: 1892 TO 2024
WEATHER OBSERVED NORMAL DEPART LAST YEAR`S
VALUE DATE(S) VALUE FROM VALUE
NORMAL
..............................................................
TEMPERATURE (F)
RECORD
HIGH 44 MM
LOW -3 02/19/2017
HIGHEST 38 MM MM 40
LOWEST 5 MM MM 6
AVG. MAXIMUM 32.6 29.4 3.2 30.9
AVG. MINIMUM 23.9 21.2 2.7 22.0
MEAN 28.2 25.3 2.9 26.5
DAYS MAX >= 90 0 0.0 0.0 0
DAYS MAX <= 32 10 13.4 -3.4 11
DAYS MIN <= 32 24 24.6 -0.6 24
DAYS MIN <= 0 0 1.7 -1.7 0
PRECIPITATION (INCHES)
RECORD
MAXIMUM 2.80 2022
MINIMUM 1.13 2023
TOTALS 1.82 1.43 0.39 1.13
DAILY AVG. 0.06 NAN NAN 0.10
DAYS >= .01 22 16.3 5.7 6
DAYS >= .10 5 5.1 -0.1 3
DAYS >= .50 0 0.2 -0.2 1
DAYS >= 1.00 0 0.0 0.0 0
GREATEST
24 HR. TOTAL 0.49 02/01 TO 02/02 0.53
STORM TOTAL 0.47 0.52
(MM/DD(HH))
DEGREE DAYS
HEATING TOTAL 1061 1112 -51 959
SINCE 7/1 6475 6854 -379 MM
COOLING TOTAL 0 0 0 0
SINCE 1/1 0 0 0 MM
FREEZE DATES
RECORD
EARLIEST MM
LATEST MM
EARLIEST 09/10
LATEST 06/01
..............................................................
WIND (MPH)
AVERAGE WIND SPEED 16.3
RESULTANT WIND SPEED/DIRECTION 1/170
HIGHEST WIND SPEED/DIRECTION 49/200 DATE 02/06
HIGHEST GUST SPEED/DIRECTION 69/200 DATE 02/06
SKY COVER
POSSIBLE SUNSHINE (PERCENT) MM
AVERAGE SKY COVER 0.76
NUMBER OF DAYS FAIR 4
NUMBER OF DAYS PC 6
NUMBER OF DAYS CLOUDY 19
AVERAGE RH (PERCENT) 84
WEATHER CONDITIONS. NUMBER OF DAYS WITH
THUNDERSTORM 0 MIXED PRECIP 0
HEAVY RAIN 0 RAIN 0
LIGHT RAIN 7 FREEZING RAIN 0
LT FREEZING RAIN 1 HAIL 0
HEAVY SNOW 3 SNOW 13
LIGHT SNOW 25 SLEET 0
FOG 26 FOG W/VIS <= 1/4 MILE 5
HAZE 22
- INDICATES NEGATIVE NUMBERS.
R INDICATES RECORD WAS SET OR TIED.
MM INDICATES DATA IS MISSING.
T INDICATES TRACE AMOUNT.
$$