000
CXUS56 KMTR 020842
CF6SNS
PRELIMINARY LOCAL CLIMATOLOGICAL DATA (WS FORM: F-6)
STATION: SALINAS AIRPORT
MONTH: SEPTEMBER
YEAR: 2020
LATITUDE: 36 40 N
LONGITUDE: 121 36 W
TEMPERATURE IN F: :PCPN: SNOW: WIND :SUNSHINE: SKY :PK WND
================================================================================
1 2 3 4 5 6A 6B 7 8 9 10 11 12 13 14 15 16 17 18
12Z AVG MX 2MIN
DY MAX MIN AVG DEP HDD CDD WTR SNW DPTH SPD SPD DIR MIN PSBL S-S WX SPD DR
================================================================================
1 69 57 63 -2 2 0 0.00 M M 6.1 16 340 M M 9 1 21 330
2 71 59 65 0 0 0 0.00 M M 7.7 16 310 M M 6 21 310
3 74 58 66 1 0 1 0.00 M M 7.4 20 290 M M 4 18 25 280
4 76 55 66 1 0 1 0.00 M M 7.2 20 290 M M 3 18 23 290
5 96 57 77 12 0 12 0.00 M M 5.5 16 320 M M 0 8 19 310
6 103 62 83 18 0 18 0.00 M M 5.1 15 290 M M 0 8 18 300
7 94 63 79 14 0 14 0.00 M M 7.0 16 320 M M 0 8 19 320
8 69 60 65 0 0 0 0.00 M M 9.4 17 330 M M 5 1 21 330
9 65 60 63 -2 2 0 T M M 4.6 10 150 M M 8 18 12 120
10 66 56 61 -4 4 0 0.00 M M 3.1 9 310 M M 8 128 10 310
11 70 53 62 -3 3 0 0.00 M M 4.9 12 330 M M 7 128 14 330
12 73 52 63 -1 2 0 0.00 M M 5.9 17 320 M M 7 128 22 330
13 65 55 60 -4 5 0 0.00 M M 6.2 14 330 M M 8 18 18 340
14 70 54 62 -2 3 0 0.00 M M 5.5 16 310 M M 8 18 21 310
15 74 50 62 -2 3 0 0.00 M M 6.7 15 310 M M 5 18 M M
16 82 55 69 5 0 4 0.00 M M 6.2 17 300 M M 4 128 22 300
17 79 54 67 3 0 2 0.00 M M 6.9 17 310 M M 0 1 21 320
18 78 61 70 6 0 5 0.00 M M 8.7 20 290 M M 1 23 290
19 76 57 67 3 0 2 0.00 M M 8.1 18 320 M M 3 12 24 300
20 85 53 69 5 0 4 0.00 M M 7.4 17 310 M M 2 12 20 290
21 71 56 64 0 1 0 0.00 M M 6.9 18 300 M M 4 18 24 300
22 75 57 66 2 0 1 0.00 M M 6.6 17 300 M M 4 128 20 310
23 82 52 67 3 0 2 0.00 M M 6.7 20 270 M M 0 22 270
24 79 55 67 3 0 2 0.00 M M 7.7 20 280 M M 0 23 290
25 73 57 65 1 0 0 0.00 M M 8.7 17 270 M M 0 21 280
26 78 53 66 2 0 1 0.00 M M 6.6 16 260 M M 0 1 20 280
27 90 55 73 9 0 8 0.00 M M 6.1 14 300 M M 0 M M
28 83 58 71 8 0 6 0.00 M M 5.3 17 310 M M 3 18 20 320
29 71 57 64 1 1 0 0.00 M M 7.2 16 310 M M 7 1 20 320
30 83 57 70 7 0 5 0.00 M M 4.3 15 290 M M 4 128 18 290
================================================================================
SM 2320 1688 26 88 T M 195.7 M 110
================================================================================
AV 77.3 56.3 6.5 FASTST M M 4 MAX(MPH)
MISC ----> # 20 290 25 280
================================================================================
NOTES:
# LAST OF SEVERAL OCCURRENCES
COLUMN 17 PEAK WIND IN M.P.H.
PRELIMINARY LOCAL CLIMATOLOGICAL DATA (WS FORM: F-6) , PAGE 2
STATION: SALINAS AIRPORT
MONTH: SEPTEMBER
YEAR: 2020
LATITUDE: 36 40 N
LONGITUDE: 121 36 W
[TEMPERATURE DATA] [PRECIPITATION DATA] SYMBOLS USED IN COLUMN 16
AVERAGE MONTHLY: 66.8 TOTAL FOR MONTH: T 1 = FOG OR MIST
DPTR FM NORMAL: 2.6 DPTR FM NORMAL: -0.17 2 = FOG REDUCING VISIBILITY
HIGHEST: 103 ON 6 GRTST 24HR T ON 9- 9 TO 1/4 MILE OR LESS
LOWEST: 50 ON 15 3 = THUNDER
SNOW, ICE PELLETS, HAIL 4 = ICE PELLETS
TOTAL MONTH: M 5 = HAIL
GRTST 24HR M ON M 6 = FREEZING RAIN OR DRIZZLE
GRTST DEPTH: M ON M 7 = DUSTSTORM OR SANDSTORM:
VSBY 1/2 MILE OR LESS
8 = SMOKE OR HAZE
[NO. OF DAYS WITH] [WEATHER - DAYS WITH] 9 = BLOWING SNOW
X = TORNADO
MAX 32 OR BELOW: 0 0.01 INCH OR MORE: 0
MAX 90 OR ABOVE: 4 0.10 INCH OR MORE: 0
MIN 32 OR BELOW: 0 0.50 INCH OR MORE: 0
MIN 0 OR BELOW: 0 1.00 INCH OR MORE: 0
[HDD (BASE 65) ]
TOTAL THIS MO. 26 CLEAR (SCALE 0-3) 14
DPTR FM NORMAL -34 PTCLDY (SCALE 4-7) 15
TOTAL FM JUL 1 57 CLOUDY (SCALE 8-10) 1
DPTR FM NORMAL -142
[CDD (BASE 65) ]
TOTAL THIS MO. 88
DPTR FM NORMAL 52 [PRESSURE DATA]
TOTAL FM JAN 1 257 HIGHEST SLP 30.12 ON 23
DPTR FM NORMAL 152 LOWEST SLP 29.68 ON 8
[REMARKS]
#FINAL-09-20#