000
CXUS55 KCYS 070546 CCA
CF6SNY
PRELIMINARY LOCAL CLIMATOLOGICAL DATA (WS FORM: F-6)...CORRECTED
STATION: SIDNEY NEBRASKA AIRPORT
MONTH: MARCH
YEAR: 2023
LATITUDE: 41 5 N
LONGITUDE: 102 59 W
TEMPERATURE IN F: :PCPN: SNOW: WIND :SUNSHINE: SKY :PK WND
================================================================================
1 2 3 4 5 6A 6B 7 8 9 10 11 12 13 14 15 16 17 18
12Z AVG MX 2MIN
DY MAX MIN AVG DEP HDD CDD WTR SNW DPTH SPD SPD DIR MIN PSBL S-S WX SPD DR
================================================================================
1 35 24 30 -3 35 0 0.00 M M 11.1 21 280 M M 3 27 290
2 39 22 31 -2 34 0 0.00 M M 10.3 24 170 M M 2 32 160
3 44 24 34 0 31 0 0.01 M M 11.4 23 340 M M 3 1 29 340
4 37 20 29 -5 36 0 0.00 M M 14.6 29 310 M M 2 36 310
5 52 23 38 4 27 0 T M M 12.3 30 320 M M 2 47 270
6 35 23 29 -6 36 0 0.00 M M 11.6 18 80 M M 7 1 23 90
7 28 23 26 -9 39 0 0.00 M M 8.0 14 160 M M 10 1 20 170
8 28 24 26 -10 39 0 T M M 11.2 21 140 M M 10 126 24 130
9 40 22 31 -5 34 0 0.01 M M 12.6 26 340 M M 6 16 35 330
10 39 22 31 -5 34 0 0.00 M M 15.3 29 160 M M 3 1 37 160
11 49 23 36 -1 29 0 T M M 18.9 36 310 M M 2 46 310
12 38 19 29 -8 36 0 0.00 M M 12.0 18 330 M M 2 24 340
13 49 19 34 -4 31 0 0.00 M M 13.0 23 190 M M 3 29 180
14 65 25 45 7 20 0 0.00 M M 11.5 30 240 M M 0 37 240
15 70 30 50 12 15 0 0.23 M M 12.1 35 350 M M 3 1 42 350
16 34 22 28 -11 37 0 M M M 20.4 39 340 M M 7 189 49 340
17 38 19 29 -10 36 0 0.00 M M 19.2 39 340 M M 1 50 330
18 37 10 24 -15 41 0 0.00 M M 11.1 22 340 M M 0 38 340
19 56 19 38 -2 27 0 0.00 M M 15.0 24 240 M M 0 32 210
20 51 23 37 -3 28 0 0.00 M M 8.6 16 120 M M 0 23 140
21 56 24 40 0 25 0 0.00 M M 12.0 30 310 M M 3 39 300
22 44 24 34 -7 31 0 0.14 M M 10.1 24 140 M M 7 12 30 130
23 50 24 37 -4 28 0 T M M 9.3 23 300 M M 6 126 28 290
24 54 27 41 0 24 0 0.00 M M 9.3 23 300 M M 5 30 340
25 33 25 29 -13 36 0 0.09 M M 23.6 44 310 M M 8 12 62 300
26 34 12 23 -19 42 0 0.00 M M 7.7 15 320 M M 2 1 17 310
27 30 14 22 -20 43 0 0.08 M M 12.8 29 340 M M 9 12 35 340
28 36 3 20 -22 45 0 0.00 M M 9.0 20 210 M M 1 12 23 220
29 26 18 22 -20 43 0 T M M 11.4 23 60 M M 5 1 28 60
30 41 19 30 -12 35 0 0.00 M M 9.4 31 330 M M 3 12 42 330
31 43 24 34 -9 31 0 0.01 M M 20.3 46 320 M M 4 1 63 320
================================================================================
SM 1311 650 1028 0 0.57 M 395.1 M 119
================================================================================
AV 42.3 21.0 12.7 FASTST M M 4 MAX(MPH)
MISC ----> 46 320 63 320
================================================================================
NOTES:
# LAST OF SEVERAL OCCURRENCES
COLUMN 17 PEAK WIND IN M.P.H.
PRELIMINARY LOCAL CLIMATOLOGICAL DATA (WS FORM: F-6) , PAGE 2
STATION: SIDNEY NEBRASKA AIRPORT
MONTH: MARCH
YEAR: 2023
LATITUDE: 41 5 N
LONGITUDE: 102 59 W
[TEMPERATURE DATA] [PRECIPITATION DATA] SYMBOLS USED IN COLUMN 16
AVERAGE MONTHLY: 31.6 TOTAL FOR MONTH: 0.57 1 = FOG OR MIST
DPTR FM NORMAL: -6.7 DPTR FM NORMAL: -0.01 2 = FOG REDUCING VISIBILITY
HIGHEST: 70 ON 15 GRTST 24HR 0.25 ON 15-16 TO 1/4 MILE OR LESS
LOWEST: 3 ON 28 3 = THUNDER
SNOW, ICE PELLETS, HAIL 4 = ICE PELLETS
TOTAL MONTH: M 5 = HAIL
GRTST 24HR M ON M 6 = FREEZING RAIN OR DRIZZLE
GRTST DEPTH: M ON M 7 = DUSTSTORM OR SANDSTORM:
VSBY 1/2 MILE OR LESS
8 = SMOKE OR HAZE
[NO. OF DAYS WITH] [WEATHER - DAYS WITH] 9 = BLOWING SNOW
X = TORNADO
MAX 32 OR BELOW: 4 0.01 INCH OR MORE: 7
MAX 90 OR ABOVE: 0 0.10 INCH OR MORE: 2
MIN 32 OR BELOW: 31 0.50 INCH OR MORE: 0
MIN 0 OR BELOW: 0 1.00 INCH OR MORE: 0
[HDD (BASE 65) ]
TOTAL THIS MO. 1028 CLEAR (SCALE 0-3) 17
DPTR FM NORMAL 202 PTCLDY (SCALE 4-7) 10
TOTAL FM JUL 1 6272 CLOUDY (SCALE 8-10) 4
DPTR FM NORMAL 572
[CDD (BASE 65) ]
TOTAL THIS MO. 0
DPTR FM NORMAL 0 [PRESSURE DATA]
TOTAL FM JAN 1 0 HIGHEST SLP 30.49 ON 27
DPTR FM NORMAL 0 LOWEST SLP 29.45 ON 30
[REMARKS]
MARCH 15...RECORD PRECIPITATION 0.23" (PREVIOUS 0.12" IN 1986)
MARCH 16...PRECIPITATION MISSING
#FINAL-03-23#