000
CXUS56 KPQR 011550
CLMSPB
CLIMATE REPORT
NATIONAL WEATHER SERVICE PORTLAND OREGON
850 AM PDT SAT JUL 01 2023
...................................
...THE SCAPPOOSE OR CLIMATE SUMMARY FOR THE MONTH OF JUNE 2023...
CLIMATE NORMAL PERIOD 1991 TO 2020
CLIMATE RECORD PERIOD 9999 TO 9999
WEATHER OBSERVED NORMAL DEPART LAST YEAR`S
VALUE DATE(S) VALUE FROM VALUE DATE(S)
NORMAL
................................................................
TEMPERATURE (F)
HIGHEST 90 99 06/26
LOWEST 41 45 06/07
AVG. MAXIMUM 76.9 73.1 3.8 73.8
AVG. MINIMUM 50.9 50.6 0.3 52.7
MEAN 63.9 61.8 2.1 63.3
DAYS MAX >= 90 1 1.7 -0.7 3
DAYS MAX <= 32 0 0.0 0.0 0
DAYS MIN <= 32 0 0.0 0.0 0
DAYS MIN <= 0 0 0.0 0.0 0
PRECIPITATION (INCHES)
RECORD
MAXIMUM 2.25 2022
MINIMUM 1.36 2022
TOTALS 0.52R 1.37 -0.85 2.25
DAYS >= .01 3 9.9 -6.9 10
DAYS >= .10 3 4.5 -1.5 5
DAYS >= .50 0 0.3 -0.3 2
DAYS >= 1.00 0 0.0 0.0 0
GREATEST
24 HR. TOTAL 0.22 06/18 TO 06/19
DEGREE DAYS
HEATING TOTAL 89 130 -41 85
SINCE 7/1 4590 4691 -101 MM
COOLING TOTAL 63 35 28 44
SINCE 1/1 125 47 78 MM
................................................................
WIND (MPH)
AVERAGE WIND SPEED 6.7
RESULTANT WIND SPEED/DIRECTION 5/350
HIGHEST WIND SPEED/DIRECTION 23/360 DATE 06/04
HIGHEST GUST SPEED/DIRECTION 32/340 DATE 06/05
SKY COVER
POSSIBLE SUNSHINE (PERCENT) MM
AVERAGE SKY COVER 0.26
AVERAGE RH (PERCENT) 60
WEATHER CONDITIONS. NUMBER OF DAYS WITH
THUNDERSTORM 1 MIXED PRECIP 0
HEAVY RAIN 1 RAIN 2
LIGHT RAIN 5 FREEZING RAIN 0
LT FREEZING RAIN 0 HAIL 0
HEAVY SNOW 0 SNOW 0
LIGHT SNOW 0 SLEET 0
FOG 4 FOG W/VIS <= 1/4 MILE 2
HAZE 1
- INDICATES NEGATIVE NUMBERS.
R INDICATES RECORD WAS SET OR TIED.
MM INDICATES DATA IS MISSING.
T INDICATES TRACE AMOUNT.
$$