000
CXUS53 KILX 010900
CF6SPI
PRELIMINARY LOCAL CLIMATOLOGICAL DATA (WS FORM: F-6)
STATION: SPRINGFIELD IL
MONTH: APRIL
YEAR: 2022
LATITUDE: 39 50 N
LONGITUDE: 89 41 W
TEMPERATURE IN F: :PCPN: SNOW: WIND :SUNSHINE: SKY :PK WND
================================================================================
1 2 3 4 5 6A 6B 7 8 9 10 11 12 13 14 15 16 17 18
12Z AVG MX 2MIN
DY MAX MIN AVG DEP HDD CDD WTR SNW DPTH SPD SPD DIR MIN PSBL S-S WX SPD DR
================================================================================
1 47 33 40 -9 25 0 0.00 0.0 0 7.2 16 290 M M 5 21 310
2 53 33 43 -7 22 0 T 0.0 0 13.4 28 280 M M 4 39 320
3 62 30 46 -4 19 0 0.00 0.0 0 4.9 16 160 M M 3 22 160
4 56 40 48 -2 17 0 0.03 0.0 0 9.6 18 180 M M 3 26 330
5 59 39 49 -2 16 0 0.16 0.0 0 10.9 23 160 M M 6 1 36 180
6 60 43 52 1 13 0 0.38 0.0 0 15.4 31 250 M M 8 1 40 270
7 47 37 42 -9 23 0 0.16 0.0 0 17.6 31 280 M M 8 41 280
8 40 34 37 -15 28 0 0.02 T 0 12.2 22 300 M M 10 18 32 300
9 55 31 43 -9 22 0 0.00 0.0 0 6.1 20 290 M M 1 27 280
10 73 35 54 2 11 0 T 0.0 0 18.6 35 160 M M 1 3 47 150
11 67 42 55 2 10 0 0.00 0.0 0 4.7 20 320 M M 4 27 330
12 71 38 55 2 10 0 0.00 0.0 0 16.5 33 180 M M 4 48 170
13 70 35 53 -1 12 0 0.48 0.0 0 15.6 33 300 M M 7 13 45 300
14 58 34 46 -8 19 0 0.00 0.0 0 15.8 39 250 M M 0 49 250
15 64 37 51 -3 14 0 T 0.0 0 8.8 20 360 M M 6 30 220
16 54 37 46 -9 19 0 0.00 0.0 0 10.9 22 330 M M 1 31 330
17 49 34 42 -13 23 0 0.31 0.0 0 11.5 23 90 M M 4 28 70
18 49 36 43 -12 22 0 T 0.0 0 14.2 30 290 M M 7 40 280
19 54 30 42 -14 23 0 T 0.0 0 7.9 15 310 M M 2 20 260
20 57 44 51 -5 14 0 0.67 0.0 0 17.6 29 180 M M 10 1 44 190
21 71 52 62 6 3 0 T 0.0 0 6.2 15 200 M M 6 1 22 210
22 83 56 70 13 0 5 0.01 0.0 0 17.2 29 170 M M 4 1 41 180
23 84 65 75 18 0 10 0.00 0.0 0 22.0 35 170 M M 0 49 160
24 73 58 66 8 0 1 0.24 0.0 0 14.5 23 180 M M 8 13 33 170
25 59 37 48 -10 17 0 T 0.0 0 11.7 23 290 M M 6 32 270
26 59 34 47 -11 18 0 0.00 0.0 0 8.7 21 300 M M 0 29 310
27 73 35 54 -5 11 0 0.00 0.0 0 7.8 18 80 M M 0 27 80
28 66 50 58 -1 7 0 0.01 0.0 0 10.7 17 90 M M 7 22 140
29 67 55 61 2 4 0 0.07 0.0 0 12.4 36 130 M M 8 49 120
30 78 54 66 6 0 1 0.07 0.0 0 19.1 33 170 M M 5 3 46 180
================================================================================
SM 1858 1218 422 17 2.61 T 369.7 M 138
================================================================================
AV 61.9 40.6 12.3 FASTST M M 5 MAX(MPH)
MISC ----> 39 250 # 49 250
================================================================================
NOTES:
# LAST OF SEVERAL OCCURRENCES
COLUMN 17 PEAK WIND IN M.P.H.
PRELIMINARY LOCAL CLIMATOLOGICAL DATA (WS FORM: F-6) , PAGE 2
STATION: SPRINGFIELD IL
MONTH: APRIL
YEAR: 2022
LATITUDE: 39 50 N
LONGITUDE: 89 41 W
[TEMPERATURE DATA] [PRECIPITATION DATA] SYMBOLS USED IN COLUMN 16
AVERAGE MONTHLY: 51.3 TOTAL FOR MONTH: 2.61 1 = FOG OR MIST
DPTR FM NORMAL: -3.1 DPTR FM NORMAL: -1.36 2 = FOG REDUCING VISIBILITY
HIGHEST: 84 ON 23 GRTST 24HR 0.67 ON 20-20 TO 1/4 MILE OR LESS
LOWEST: 30 ON 19, 3 3 = THUNDER
SNOW, ICE PELLETS, HAIL 4 = ICE PELLETS
TOTAL MONTH: T 5 = HAIL
GRTST 24HR T ON 8- 8 6 = FREEZING RAIN OR DRIZZLE
GRTST DEPTH: 0 7 = DUSTSTORM OR SANDSTORM:
VSBY 1/2 MILE OR LESS
8 = SMOKE OR HAZE
[NO. OF DAYS WITH] [WEATHER - DAYS WITH] 9 = BLOWING SNOW
X = TORNADO
MAX 32 OR BELOW: 0 0.01 INCH OR MORE: 13
MAX 90 OR ABOVE: 0 0.10 INCH OR MORE: 7
MIN 32 OR BELOW: 3 0.50 INCH OR MORE: 1
MIN 0 OR BELOW: 0 1.00 INCH OR MORE: 0
[HDD (BASE 65) ]
TOTAL THIS MO. 422 CLEAR (SCALE 0-3) 9
DPTR FM NORMAL 86 PTCLDY (SCALE 4-7) 18
TOTAL FM JUL 1 4229 CLOUDY (SCALE 8-10) 3
DPTR FM NORMAL -866
[CDD (BASE 65) ]
TOTAL THIS MO. 17
DPTR FM NORMAL -2 [PRESSURE DATA]
TOTAL FM JAN 1 17 HIGHEST SLP 30.40 ON 26
DPTR FM NORMAL -5 LOWEST SLP 29.46 ON 5
[REMARKS]
#FINAL-04-22#