000
CXUS54 KLZK 011543
CF6SRC
PRELIMINARY LOCAL CLIMATOLOGICAL DATA (WS FORM: F-6)
STATION: SEARCY AIRPORT
MONTH: DECEMBER
YEAR: 2023
LATITUDE: 35 12 N
LONGITUDE: 91 44 W
TEMPERATURE IN F: :PCPN: SNOW: WIND :SUNSHINE: SKY :PK WND
================================================================================
1 2 3 4 5 6A 6B 7 8 9 10 11 12 13 14 15 16 17 18
12Z AVG MX 2MIN
DY MAX MIN AVG DEP HDD CDD WTR SNW DPTH SPD SPD DIR MIN PSBL S-S WX SPD DR
================================================================================
1 66 41 54 10 11 0 0.06 M M 3.3 9 300 M M 8 12 M M
2 57 35 46 2 19 0 T M M 2.6 9 360 M M 1 12 M M
3 62 32 47 4 18 0 T M M 3.6 13 170 M M 2 12 17 170
4 58 33 46 3 19 0 0.00 M M 5.2 14 270 M M 1 21 270
5 63 29 46 3 19 0 0.00 M M 6.4 17 320 M M 0 1 22 320
6 53 27 40 -2 25 0 0.00 M M 2.8 7 150 M M 0 M M
7 61 30 46 4 19 0 0.00 M M 7.1 16 190 M M 0 1 16 200
8 64 47 56 14 9 0 0.00 M M 9.7 15 170 M M 10 22 190
9 64 47 56 14 9 0 0.16 M M 7.5 13 330 M M 7 13 29 99
10 53 29 41 0 24 0 0.00 M M 4.7 12 300 M M 0 16 300
11 56 24 40 -1 25 0 0.00 M M 1.0 8 190 M M 0 M M
12 61 26 44 3 21 0 0.00 M M 1.2 6 140 M M 0 M M
13 61 31 46 6 19 0 0.00 M M 3.6 9 50 M M 0 M M
14 63 35 49 9 16 0 0.00 M M 6.3 10 50 M M 0 M M
15 64 34 49 9 16 0 T M M 4.3 10 120 M M 3 M M
16 55 38 47 7 18 0 0.07 M M 5.4 10 270 M M 8 1 17 270
17 56 31 44 4 21 0 0.00 M M 3.2 7 260 M M 0 1 M M
18 54 28 41 2 24 0 0.00 M M 6.8 14 340 M M 0 21 320
19 47 22 35 -4 30 0 0.00 M M 2.5 9 130 M M 0 M M
20 54 26 40 1 25 0 0.00 M M 2.5 8 140 M M 0 M M
21 57 30 44 5 21 0 T M M 1.1 5 130 M M 2 M M
22 64 41 53 14 12 0 T M M 3.6 10 170 M M 9 M M
23 65 50 58 19 7 0 T M M 2.3 7 110 M M 10 12 M M
24 63 53 58 19 7 0 0.68 M M 8.3 16 120 M M 9 25 120
25 57 35 46 8 19 0 0.30 M M 9.4 18 250 M M 10 30 260
26 51 25 38 0 27 0 0.00 M M 4.5 10 210 M M 1 M M
27 50 28 39 1 26 0 0.00 M M 5.5 13 260 M M 6 21 250
28 45 26 36 -2 29 0 T M M 5.3 8 280 M M 7 M M
29 40 32 36 -2 29 0 0.01 M M 5.1 8 250 M M 8 1 16 260
30 55 25 40 2 25 0 0.00 M M 2.6 8 240 M M 0 1 16 99
31 60 27 44 6 21 0 0.00 M M 5.4 18 10 M M 0 23 10
================================================================================
SM 1779 1017 610 0 1.28 M 142.8 M 102
================================================================================
AV 57.4 32.8 4.6 FASTST M M 3 MAX(MPH)
MISC ----> # 18 250 30 260
================================================================================
NOTES:
# LAST OF SEVERAL OCCURRENCES
COLUMN 17 PEAK WIND IN M.P.H.
PRELIMINARY LOCAL CLIMATOLOGICAL DATA (WS FORM: F-6) , PAGE 2
STATION: SEARCY AIRPORT
MONTH: DECEMBER
YEAR: 2023
LATITUDE: 35 12 N
LONGITUDE: 91 44 W
[TEMPERATURE DATA] [PRECIPITATION DATA] SYMBOLS USED IN COLUMN 16
AVERAGE MONTHLY: 45.1 TOTAL FOR MONTH: 1.28 1 = FOG OR MIST
DPTR FM NORMAL: 4.9 DPTR FM NORMAL: -3.76 2 = FOG REDUCING VISIBILITY
HIGHEST: 66 ON 1 GRTST 24HR 1.75 ON 30- 1 TO 1/4 MILE OR LESS
LOWEST: 22 ON 19 3 = THUNDER
SNOW, ICE PELLETS, HAIL 4 = ICE PELLETS
TOTAL MONTH: M 5 = HAIL
GRTST 24HR M ON M 6 = FREEZING RAIN OR DRIZZLE
GRTST DEPTH: M ON M 7 = DUSTSTORM OR SANDSTORM:
VSBY 1/2 MILE OR LESS
8 = SMOKE OR HAZE
[NO. OF DAYS WITH] [WEATHER - DAYS WITH] 9 = BLOWING SNOW
X = TORNADO
MAX 32 OR BELOW: 0 0.01 INCH OR MORE: 6
MAX 90 OR ABOVE: 0 0.10 INCH OR MORE: 3
MIN 32 OR BELOW: 19 0.50 INCH OR MORE: 1
MIN 0 OR BELOW: 0 1.00 INCH OR MORE: 0
[HDD (BASE 65) ]
TOTAL THIS MO. 610 CLEAR (SCALE 0-3) 20
DPTR FM NORMAL -158 PTCLDY (SCALE 4-7) 5
TOTAL FM JUL 1 959 CLOUDY (SCALE 8-10) 6
DPTR FM NORMAL -451
[CDD (BASE 65) ]
TOTAL THIS MO. 0
DPTR FM NORMAL -1 [PRESSURE DATA]
TOTAL FM JAN 1 2035 HIGHEST SLP 30.67 ON 14
DPTR FM NORMAL 127 LOWEST SLP 29.71 ON 25
[REMARKS]
#FINAL-12-23#