000
CXUS52 KTBW 010915
CLMSRQ
CLIMATE REPORT
NATIONAL WEATHER SERVICE TAMPA BAY FL
515 AM EDT THU JUN 01 2023
...................................
...THE SARASOTA BRADENTON CLIMATE SUMMARY FOR THE MONTH OF MAY 2023...
CLIMATE NORMAL PERIOD: 1991 TO 2020
CLIMATE RECORD PERIOD: 1911 TO 2023
WEATHER OBSERVED NORMAL DEPART LAST YEAR`S
VALUE DATE(S) VALUE FROM VALUE DATE(S)
NORMAL
................................................................
TEMPERATURE (F)
ALL-TIME MAY RECORD
HIGH 98 05/28/1953
LOW 45 05/11/1923
05/16/1917
MAY 2023
HIGHEST 92 05/12 MM MM 96 05/22
05/15
LOWEST 63 05/04 MM MM 63 05/10
05/05
05/11
AVG. MAXIMUM 87.0 87.5 -0.5 87.4
AVG. MINIMUM 69.6 68.2 1.4 70.3
MEAN 78.3 77.8 0.5 78.8
DAYS MAX >= 90 6 6.8 -0.8 7
DAYS MAX <= 32 0 0.0 0.0 0
DAYS MIN <= 32 0 0.0 0.0 0
DAYS MIN <= 0 0 0.0 0.0 0
PRECIPITATION (INCHES)
ALL-TIME MAY RECORD
MAXIMUM 9.52 1996
MINIMUM 0.00 1941
MAY 2023
TOTALS 2.27 2.58 -0.31 4.26
DAILY AVG. 0.07 0.08 -0.01 0.14
DAYS >= .01 6 6.0 0.0 10
DAYS >= .10 2 3.8 -1.8 7
DAYS >= .50 2 1.9 0.1 4
DAYS >= 1.00 1 0.7 0.3 1
GREATEST
24 HR. TOTAL 1.61 05/31 TO 05/31
DEGREE DAYS
HEATING TOTAL 0 0 0 0
SINCE 7/1 242 394 -152 MM
COOLING TOTAL 420 398 22 436
SINCE 1/1 1228 906 322 MM
................................................................
WIND (MPH)
AVERAGE WIND SPEED 8.5
HIGHEST WIND SPEED/DIRECTION 33/140 DATE 05/31
HIGHEST GUST SPEED/DIRECTION 52/170 DATE 05/31
SKY COVER (DOES NOT INCLUDE ANY CLOUDS ABOVE 12000 FEET)
POSSIBLE SUNSHINE (PERCENT) MM
AVERAGE SKY COVER 0.14
NUMBER OF DAYS FAIR 29
NUMBER OF DAYS PC 2
NUMBER OF DAYS CLOUDY 0
AVERAGE RH (PERCENT) 67
WEATHER CONDITIONS. NUMBER OF DAYS WITH
THUNDERSTORM 8 MIXED PRECIP 0
HEAVY RAIN 2 RAIN 2
LIGHT RAIN 11 FREEZING RAIN 0
LT FREEZING RAIN 0 HAIL 0
HEAVY SNOW 0 SNOW 0
LIGHT SNOW 0 SLEET 0
FOG 3 FOG W/VIS <= 1/4 MILE 0
HAZE 1
- INDICATES NEGATIVE NUMBERS.
R INDICATES RECORD WAS SET OR TIED.
MM INDICATES DATA IS MISSING.
T INDICATES TRACE AMOUNT.
$$