000
CXUS54 KEPZ 011030
CF6SRR
PRELIMINARY LOCAL CLIMATOLOGICAL DATA (WS FORM: F-6)
STATION: RUIDOSO AWOS
MONTH: APRIL
YEAR: 2023
LATITUDE: 33 28 N
LONGITUDE: 105 32 W
TEMPERATURE IN F: :PCPN: SNOW: WIND :SUNSHINE: SKY :PK WND
================================================================================
1 2 3 4 5 6A 6B 7 8 9 10 11 12 13 14 15 16 17 18
12Z AVG MX 2MIN
DY MAX MIN AVG DEP HDD CDD WTR SNW DPTH SPD SPD DIR MIN PSBL S-S WX SPD DR
================================================================================
1 63 36 50 M 15 0 0.00 M M 10.2 18 190 M M 0 31 230
2 66 43 55 M 10 0 0.00 M M 14.8 28 230 M M 0 35 230
3 66 48 57 M 8 0 0.00 M M 23.9 43 250 M M 0 59 250
4 54 27 41 M 24 0 0.00 M M 35.2 53 230 M M 0 8 66 230
5 54 25 40 M 25 0 0.00 M M 13.9 28 290 M M 0 41 290
6 52 27 40 M 25 0 0.00 M M 8.4 20 110 M M 0 23 110
7 54 27 41 M 24 0 0.00 M M 9.6 15 100 M M 0 21 110
8 66 34 50 M 15 0 0.00 M M 5.7 16 230 M M 0 24 210
9 68 41 55 M 10 0 0.00 M M 5.4 14 310 M M 0 21 300
10 70 41 56 M 9 0 0.00 M M 7.2 15 140 M M 0 20 130
11 73 45 59 M 6 0 0.00 M M 5.2 14 180 M M 0 18 110
12 75 48 62 M 3 0 0.00 M M 7.8 15 220 M M 0 24 150
13 68 50 59 M 6 0 0.00 M M 14.5 25 240 M M 0 36 240
14 59 45 52 M 13 0 0.00 M M 16.0 32 250 M M 0 47 250
15 59 39 49 M 16 0 0.00 M M 11.5 20 320 M M 0 32 320
16 63 28 46 M 19 0 0.00 M M 9.0 17 110 M M 0 23 120
17 72 41 57 M 8 0 0.00 M M 10.3 22 230 M M 0 31 200
18 68 50 59 M 6 0 0.00 M M 13.1 24 250 M M 0 30 240
19 66 52 59 M 6 0 0.00 M M 22.1 43 230 M M 0 8 53 230
20 63 43 53 M 12 0 0.00 M M 12.7 23 290 M M 0 35 280
21 63 32 48 M 17 0 0.00 M M 11.3 21 310 M M 0 33 300
22 57 36 47 M 18 0 0.00 M M 10.0 20 140 M M 0 25 140
23 54 27 41 M 24 0 0.00 M M 8.9 15 130 M M 0 22 120
24 66 32 49 M 16 0 0.00 M M 6.5 16 270 M M 0 24 260
25 68 43 56 M 9 0 0.00 M M 12.1 25 230 M M 2 46 300
26 61 36 49 M 16 0 0.00 M M 14.3 25 300 M M 2 36 300
27 68 32 50 M 15 0 0.00 M M 11.3 23 230 M M 0 39 300
28 59 36 48 M 17 0 0.00 M M 7.2 15 10 M M 2 25 10
29 68 30 49 M 16 0 0.00 M M 5.9 13 340 M M 0 21 360
30 75 48 62 M 3 0 0.00 M M 10.4 22 310 M M 0 31 290
================================================================================
SM 1918 1142 411 0 0.00 M 354.3 M 6
================================================================================
AV 63.9 38.1 11.8 FASTST M M 0 MAX(MPH)
MISC ----> 53 230 66 230
================================================================================
NOTES:
# LAST OF SEVERAL OCCURRENCES
COLUMN 17 PEAK WIND IN M.P.H.
PRELIMINARY LOCAL CLIMATOLOGICAL DATA (WS FORM: F-6) , PAGE 2
STATION: RUIDOSO AWOS
MONTH: APRIL
YEAR: 2023
LATITUDE: 33 28 N
LONGITUDE: 105 32 W
[TEMPERATURE DATA] [PRECIPITATION DATA] SYMBOLS USED IN COLUMN 16
AVERAGE MONTHLY: 51.0 TOTAL FOR MONTH: 0.00 1 = FOG OR MIST
DPTR FM NORMAL: 0.0 DPTR FM NORMAL: M 2 = FOG REDUCING VISIBILITY
HIGHEST: 75 ON 30,12 GRTST 24HR 0.00 ON 1- 1 TO 1/4 MILE OR LESS
LOWEST: 25 ON 5 3 = THUNDER
SNOW, ICE PELLETS, HAIL 4 = ICE PELLETS
TOTAL MONTH: M 5 = HAIL
GRTST 24HR M ON M 6 = FREEZING RAIN OR DRIZZLE
GRTST DEPTH: M ON M 7 = DUSTSTORM OR SANDSTORM:
VSBY 1/2 MILE OR LESS
8 = SMOKE OR HAZE
[NO. OF DAYS WITH] [WEATHER - DAYS WITH] 9 = BLOWING SNOW
X = TORNADO
MAX 32 OR BELOW: 0 0.01 INCH OR MORE: 0
MAX 90 OR ABOVE: 0 0.10 INCH OR MORE: 0
MIN 32 OR BELOW: 10 0.50 INCH OR MORE: 0
MIN 0 OR BELOW: 0 1.00 INCH OR MORE: 0
[HDD (BASE 65) ]
TOTAL THIS MO. 411 CLEAR (SCALE 0-3) 30
DPTR FM NORMAL M PTCLDY (SCALE 4-7) 0
TOTAL FM JUL 1 4744 CLOUDY (SCALE 8-10) 0
DPTR FM NORMAL M
[CDD (BASE 65) ]
TOTAL THIS MO. 0
DPTR FM NORMAL M [PRESSURE DATA]
TOTAL FM JAN 1 0 HIGHEST SLP M ON M
DPTR FM NORMAL M LOWEST SLP M ON M
[REMARKS]
#FINAL-04-23#