000
CXUS54 KEPZ 011130
CF6SRR
PRELIMINARY LOCAL CLIMATOLOGICAL DATA (WS FORM: F-6)
STATION: RUIDOSO AWOS
MONTH: JANUARY
YEAR: 2021
LATITUDE: 33 28 N
LONGITUDE: 105 32 W
TEMPERATURE IN F: :PCPN: SNOW: WIND :SUNSHINE: SKY :PK WND
================================================================================
1 2 3 4 5 6A 6B 7 8 9 10 11 12 13 14 15 16 17 18
12Z AVG MX 2MIN
DY MAX MIN AVG DEP HDD CDD WTR SNW DPTH SPD SPD DIR MIN PSBL S-S WX SPD DR
================================================================================
1 37 18 28 M 37 0 0.00 M M 3.5 9 140 M M 1 M M
2 43 19 31 M 34 0 0.00 M M 15.3 35 290 M M 0 53 290
3 50 36 43 M 22 0 0.00 M M 12.6 23 300 M M 0 37 310
4 50 32 41 M 24 0 0.00 M M 8.2 25 290 M M 0 38 290
5 59 30 45 M 20 0 0.00 M M 10.9 22 290 M M 0 33 300
6 45 25 35 M 30 0 0.00 M M 8.9 15 340 M M 0 21 340
7 55 28 42 M 23 0 0.00 M M 9.4 22 320 M M 0 30 310
8 52 27 40 M 25 0 0.00 M M 5.9 13 130 M M 0 18 130
9 36 21 29 M 36 0 0.00 M M 5.9 15 130 M M 5 12 20 120
10 25 16 21 M 44 0 0.00 M M 6.3 13 110 M M 9 12 23 130
11 37 18 28 M 37 0 0.00 M M 7.5 12 310 M M 0 M M
12 46 23 35 M 30 0 0.00 M M 10.7 16 320 M M 0 24 320
13 52 32 42 M 23 0 0.00 M M 17.5 24 300 M M 0 44 300
14 50 39 45 M 20 0 0.00 M M 18.1 24 310 M M 0 36 310
15 50 32 41 M 24 0 0.00 M M 12.0 21 300 M M 0 32 300
16 50 28 39 M 26 0 0.00 M M 10.5 25 300 M M 0 39 300
17 55 34 45 M 20 0 0.00 M M 11.1 20 310 M M 0 33 310
18 57 32 45 M 20 0 0.00 M M 8.2 15 130 M M 2 20 130
19 32 25 29 M 36 0 0.00 M M 10.2 16 130 M M 10 24 120
20 46 25 36 M 29 0 0.00 M M 4.9 9 280 M M 6 16 270
21 52 32 42 M 23 0 0.00 M M 8.7 16 310 M M 5 18 320
22 52 30 41 M 24 0 0.00 M M 7.3 16 230 M M 2 12 20 230
23 50 32 41 M 24 0 0.00 M M 16.3 28 240 M M 0 38 240
24 54 M M M M M M M M 11.2 29 220 M M 3 40 200
25 36 28 32 M 33 0 T M M 14.7 28 240 M M 5 36 230
26 28 21 25 M 40 0 0.00 M M 13.5 28 240 M M 7 38 240
27 39 16 28 M 37 0 0.00 M M 7.5 21 300 M M 0 30 300
28 52 27 40 M 25 0 0.00 M M 4.4 10 150 M M 0 M M
29 54 37 46 M 19 0 0.03 M M 17.7 36 230 M M 2 50 230
30 45 28 37 M 28 0 0.00 M M 17.5 36 260 M M 1 55 240
31 46 25 36 M 29 0 0.00 M M 8.1 16 290 M M 0 23 290
================================================================================
SM 1435 816 842 0 0.03 M 324.6 M 58
================================================================================
AV 46.3 27.2 10.5 FASTST M M 2 MAX(MPH)
MISC ----> 36 230 55 240
================================================================================
NOTES:
# LAST OF SEVERAL OCCURRENCES
COLUMN 17 PEAK WIND IN M.P.H.
PRELIMINARY LOCAL CLIMATOLOGICAL DATA (WS FORM: F-6) , PAGE 2
STATION: RUIDOSO AWOS
MONTH: JANUARY
YEAR: 2021
LATITUDE: 33 28 N
LONGITUDE: 105 32 W
[TEMPERATURE DATA] [PRECIPITATION DATA] SYMBOLS USED IN COLUMN 16
AVERAGE MONTHLY: 36.7 TOTAL FOR MONTH: 0.03 1 = FOG OR MIST
DPTR FM NORMAL: 0.0 DPTR FM NORMAL: M 2 = FOG REDUCING VISIBILITY
HIGHEST: 59 ON 5 GRTST 24HR 0.03 ON 29-29 TO 1/4 MILE OR LESS
LOWEST: 16 ON 27,10 3 = THUNDER
SNOW, ICE PELLETS, HAIL 4 = ICE PELLETS
TOTAL MONTH: M 5 = HAIL
GRTST 24HR M ON M 6 = FREEZING RAIN OR DRIZZLE
GRTST DEPTH: M ON M 7 = DUSTSTORM OR SANDSTORM:
VSBY 1/2 MILE OR LESS
8 = SMOKE OR HAZE
[NO. OF DAYS WITH] [WEATHER - DAYS WITH] 9 = BLOWING SNOW
X = TORNADO
MAX 32 OR BELOW: 3 0.01 INCH OR MORE: 1
MAX 90 OR ABOVE: 0 0.10 INCH OR MORE: 0
MIN 32 OR BELOW: 26 0.50 INCH OR MORE: 0
MIN 0 OR BELOW: 0 1.00 INCH OR MORE: 0
[HDD (BASE 65) ]
TOTAL THIS MO. 842 CLEAR (SCALE 0-3) 23
DPTR FM NORMAL M PTCLDY (SCALE 4-7) 6
TOTAL FM JUL 1 2639 CLOUDY (SCALE 8-10) 2
DPTR FM NORMAL M
[CDD (BASE 65) ]
TOTAL THIS MO. 0
DPTR FM NORMAL M [PRESSURE DATA]
TOTAL FM JAN 1 0 HIGHEST SLP M ON M
DPTR FM NORMAL M LOWEST SLP M ON M
[REMARKS]
#FINAL-01-21#