000
CXUS54 KEPZ 011130
CF6SRR
PRELIMINARY LOCAL CLIMATOLOGICAL DATA (WS FORM: F-6)
STATION: RUIDOSO AWOS
MONTH: NOVEMBER
YEAR: 2020
LATITUDE: 33 28 N
LONGITUDE: 105 32 W
TEMPERATURE IN F: :PCPN: SNOW: WIND :SUNSHINE: SKY :PK WND
================================================================================
1 2 3 4 5 6A 6B 7 8 9 10 11 12 13 14 15 16 17 18
12Z AVG MX 2MIN
DY MAX MIN AVG DEP HDD CDD WTR SNW DPTH SPD SPD DIR MIN PSBL S-S WX SPD DR
================================================================================
1 59 39 49 M 16 0 0.00 M M 5.8 9 120 M M 0 17 110
2 66 39 53 M 12 0 0.00 M M 5.0 9 140 M M 0 M M
3 66 43 55 M 10 0 0.00 M M 8.3 12 270 M M 0 M M
4 68 46 57 M 8 0 0.00 M M 9.6 16 310 M M 1 25 330
5 68 48 58 M 7 0 0.00 M M 7.2 16 140 M M 0 22 140
6 70 46 58 M 7 0 0.00 M M 7.2 13 240 M M 0 20 180
7 68 45 57 M 8 0 0.00 M M 13.3 25 200 M M 2 37 200
8 59 50 55 M 10 0 0.00 M M 26.5 48 230 M M 5 66 230
9 55 M M M M M 0.00 M M 22.9 41 240 M M 2 58 240
10 48 25 37 M 28 0 0.00 M M 9.2 18 340 M M 0 25 340
11 55 28 42 M 23 0 0.00 M M 5.8 9 270 M M 0 18 270
12 57 32 45 M 20 0 0.00 M M 3.5 12 40 M M 0 M M
13 61 32 47 M 18 0 0.00 M M 7.2 23 230 M M 0 29 330
14 59 39 49 M 16 0 0.00 M M 15.5 35 260 M M 0 47 260
15 61 32 47 M 18 0 0.00 M M 8.4 15 290 M M 0 23 270
16 68 41 55 M 10 0 0.00 M M 7.1 13 320 M M 0 18 300
17 68 39 54 M 11 0 0.00 M M 5.3 15 130 M M 0 21 150
18 72 46 59 M 6 0 0.00 M M 11.6 22 220 M M 0 28 240
19 72 52 62 M 3 0 0.00 M M 13.9 21 240 M M 0 30 270
20 61 45 53 M 12 0 0.00 M M 6.9 14 140 M M 2 20 140
21 63 43 53 M 12 0 0.00 M M 5.7 14 130 M M 0 17 130
22 48 37 43 M 22 0 0.00 M M 7.4 17 140 M M 6 12 22 140
23 59 37 48 M 17 0 0.00 M M 10.7 27 200 M M 5 12 35 200
24 50 36 43 M 22 0 0.00 M M 18.0 30 300 M M 1 46 290
25 55 32 44 M 21 0 0.00 M M 7.1 12 320 M M 0 20 280
26 57 36 47 M 18 0 0.00 M M 8.5 18 290 M M 0 24 290
27 39 27 33 M 32 0 0.01 M M 7.2 14 120 M M 4 23 150
28 39 27 33 M 32 0 0.14 M M 8.5 20 290 M M 4 2 29 290
29 46 23 35 M 30 0 0.00 M M 9.4 17 310 M M 0 25 310
30 43 19 31 M 34 0 0.00 M M 5.7 10 350 M M 0 M M
================================================================================
SM 1760 1084 483 0 0.15 M 288.5 M 32
================================================================================
AV 58.7 37.4 9.6 FASTST M M 1 MAX(MPH)
MISC ----> 48 230 66 230
================================================================================
NOTES:
# LAST OF SEVERAL OCCURRENCES
COLUMN 17 PEAK WIND IN M.P.H.
PRELIMINARY LOCAL CLIMATOLOGICAL DATA (WS FORM: F-6) , PAGE 2
STATION: RUIDOSO AWOS
MONTH: NOVEMBER
YEAR: 2020
LATITUDE: 33 28 N
LONGITUDE: 105 32 W
[TEMPERATURE DATA] [PRECIPITATION DATA] SYMBOLS USED IN COLUMN 16
AVERAGE MONTHLY: 48.0 TOTAL FOR MONTH: 0.15 1 = FOG OR MIST
DPTR FM NORMAL: 0.0 DPTR FM NORMAL: M 2 = FOG REDUCING VISIBILITY
HIGHEST: 72 ON 19,18 GRTST 24HR 0.14 ON 28-28 TO 1/4 MILE OR LESS
LOWEST: 19 ON 30 3 = THUNDER
SNOW, ICE PELLETS, HAIL 4 = ICE PELLETS
TOTAL MONTH: M 5 = HAIL
GRTST 24HR M ON M 6 = FREEZING RAIN OR DRIZZLE
GRTST DEPTH: M ON M 7 = DUSTSTORM OR SANDSTORM:
VSBY 1/2 MILE OR LESS
8 = SMOKE OR HAZE
[NO. OF DAYS WITH] [WEATHER - DAYS WITH] 9 = BLOWING SNOW
X = TORNADO
MAX 32 OR BELOW: 0 0.01 INCH OR MORE: 2
MAX 90 OR ABOVE: 0 0.10 INCH OR MORE: 1
MIN 32 OR BELOW: 10 0.50 INCH OR MORE: 0
MIN 0 OR BELOW: 0 1.00 INCH OR MORE: 0
[HDD (BASE 65) ]
TOTAL THIS MO. 483 CLEAR (SCALE 0-3) 25
DPTR FM NORMAL M PTCLDY (SCALE 4-7) 5
TOTAL FM JUL 1 929 CLOUDY (SCALE 8-10) 0
DPTR FM NORMAL M
[CDD (BASE 65) ]
TOTAL THIS MO. 0
DPTR FM NORMAL M [PRESSURE DATA]
TOTAL FM JAN 1 761 HIGHEST SLP M ON M
DPTR FM NORMAL M LOWEST SLP M ON M
[REMARKS]
#FINAL-11-20#