000
CXUS54 KEPZ 011030
CF6SRR
PRELIMINARY LOCAL CLIMATOLOGICAL DATA (WS FORM: F-6)
STATION: RUIDOSO AWOS
MONTH: JULY
YEAR: 2020
LATITUDE: 33 28 N
LONGITUDE: 105 32 W
TEMPERATURE IN F: :PCPN: SNOW: WIND :SUNSHINE: SKY :PK WND
================================================================================
1 2 3 4 5 6A 6B 7 8 9 10 11 12 13 14 15 16 17 18
12Z AVG MX 2MIN
DY MAX MIN AVG DEP HDD CDD WTR SNW DPTH SPD SPD DIR MIN PSBL S-S WX SPD DR
================================================================================
1 84 61 73 M 0 8 0.00 M M 11.6 21 230 M M 2 25 220
2 82 61 72 M 0 7 0.02 M M 6.8 17 230 M M 3 21 90
3 82 59 71 M 0 6 0.00 M M 7.1 20 160 M M 2 3 37 130
4 82 55 69 M 0 4 0.00 M M 8.3 15 130 M M 3 3 25 230
5 86 59 73 M 0 8 0.05 M M 9.1 21 150 M M 2 33 310
6 82 59 71 M 0 6 T M M 9.6 20 10 M M 3 36 10
7 84 61 73 M 0 8 0.00 M M 7.5 18 140 M M 1 56 270
8 90 64 77 M 0 12 0.00 M M 7.1 18 320 M M 1 27 320
9 91 70 81 M 0 16 0.00 M M 8.1 13 330 M M 0 21 350
10 93 66 80 M 0 15 0.00 M M 8.9 14 130 M M 0 21 10
11 91 68 80 M 0 15 0.02 M M 8.9 33 220 M M 1 40 310
12 91 68 80 M 0 15 T M M 8.9 22 120 M M 2 3 41 320
13 95 68 82 M 0 17 0.00 M M 7.5 30 320 M M 2 45 320
14 90 68 79 M 0 14 0.00 M M 9.2 21 300 M M 2 32 300
15 84 64 74 M 0 9 0.00 M M 11.7 28 230 M M 4 3 37 230
16 86 59 73 M 0 8 0.00 M M 9.8 20 150 M M 1 24 120
17 86 59 73 M 0 8 0.00 M M 7.0 15 270 M M 1 38 260
18 82 63 73 M 0 8 0.07 M M 7.0 26 150 M M 2 3 36 150
19 82 59 71 M 0 6 0.00 M M 7.0 21 230 M M 2 29 230
20 84 59 72 M 0 7 0.04 M M 7.0 22 30 M M 3 3 33 290
21 81 57 69 M 0 4 0.04 M M 6.8 16 160 M M 3 21 120
22 73 57 65 M 0 0 0.31 M M 4.5 12 240 M M 6 3 20 130
23 75 57 66 M 0 1 0.03 M M 5.7 18 280 M M 5 3 24 280
24 81 59 70 M 0 5 0.08 M M 9.0 17 130 M M 5 3 25 250
25 75 57 66 M 0 1 0.04 M M 6.3 16 160 M M 9 3 23 160
26 77 59 68 M 0 3 0.58 M M 7.0 15 140 M M 5 3 28 140
27 81 59 70 M 0 5 0.00 M M 5.3 14 140 M M 0 23 130
28 79 57 68 M 0 3 0.00 M M 5.6 16 120 M M 4 30 120
29 90 59 75 M 0 10 0.00 M M 7.4 15 340 M M 1 24 300
30 90 64 77 M 0 12 0.00 M M 8.9 17 80 M M 1 24 30
31 81 57 69 M 0 4 0.14 M M 9.9 17 110 M M 3 24 120
================================================================================
SM 2610 1892 0 245 1.42 M 244.3 M 79
================================================================================
AV 84.2 61.0 7.9 FASTST M M 3 MAX(MPH)
MISC ----> 33 220 56 270
================================================================================
NOTES:
# LAST OF SEVERAL OCCURRENCES
COLUMN 17 PEAK WIND IN M.P.H.
PRELIMINARY LOCAL CLIMATOLOGICAL DATA (WS FORM: F-6) , PAGE 2
STATION: RUIDOSO AWOS
MONTH: JULY
YEAR: 2020
LATITUDE: 33 28 N
LONGITUDE: 105 32 W
[TEMPERATURE DATA] [PRECIPITATION DATA] SYMBOLS USED IN COLUMN 16
AVERAGE MONTHLY: 72.6 TOTAL FOR MONTH: 1.42 1 = FOG OR MIST
DPTR FM NORMAL: 0.0 DPTR FM NORMAL: M 2 = FOG REDUCING VISIBILITY
HIGHEST: 95 ON 13 GRTST 24HR 0.58 ON 26-26 TO 1/4 MILE OR LESS
LOWEST: 55 ON 4 3 = THUNDER
SNOW, ICE PELLETS, HAIL 4 = ICE PELLETS
TOTAL MONTH: M 5 = HAIL
GRTST 24HR M ON M 6 = FREEZING RAIN OR DRIZZLE
GRTST DEPTH: M ON M 7 = DUSTSTORM OR SANDSTORM:
VSBY 1/2 MILE OR LESS
8 = SMOKE OR HAZE
[NO. OF DAYS WITH] [WEATHER - DAYS WITH] 9 = BLOWING SNOW
X = TORNADO
MAX 32 OR BELOW: 0 0.01 INCH OR MORE: 12
MAX 90 OR ABOVE: 9 0.10 INCH OR MORE: 3
MIN 32 OR BELOW: 0 0.50 INCH OR MORE: 1
MIN 0 OR BELOW: 0 1.00 INCH OR MORE: 0
[HDD (BASE 65) ]
TOTAL THIS MO. 0 CLEAR (SCALE 0-3) 20
DPTR FM NORMAL M PTCLDY (SCALE 4-7) 10
TOTAL FM JUL 1 0 CLOUDY (SCALE 8-10) 1
DPTR FM NORMAL M
[CDD (BASE 65) ]
TOTAL THIS MO. 245
DPTR FM NORMAL M [PRESSURE DATA]
TOTAL FM JAN 1 465 HIGHEST SLP M ON M
DPTR FM NORMAL M LOWEST SLP M ON M
[REMARKS]
#FINAL-07-20#