186
CXUS53 KMPX 052119
CLASTC
CLIMATE REPORT
NATIONAL WEATHER SERVICE TWIN CITIES/CHANHASSEN MN
319 PM CST TUE JAN 05 2021
...................................
...THE ST CLOUD MN CLIMATE SUMMARY FOR THE YEAR OF 2020...
CLIMATE NORMAL PERIOD 1981 TO 2010
CLIMATE RECORD PERIOD 1893 TO 2020
WEATHER OBSERVED NORMAL DEPART LAST YEAR`S
VALUE DATE(S) VALUE FROM VALUE
NORMAL
..............................................................
TEMPERATURE (F)
RECORD
HIGH 107 07/13/1936
07/23/1934
07/22/1934
LOW -43 01/09/1977
HIGHEST 96 06/08 58 38
LOWEST -18 02/13 27 -45
MEAN 44.0 42.9 1.1
DAYS MAX >= 90 10 8.4 1.6
DAYS MAX <= 32 78 80.7 -2.7
DAYS MIN <= 32 190 171.7 18.3
DAYS MIN <= 0 24 36.6 -12.6
PRECIPITATION (INCHES)
RECORD
MAXIMUM 41.92 2019
MINIMUM 14.64 1910
TOTALS 26.74 27.73 -0.99
DAYS >= .01 103 108.5 -5.5
DAYS >= .10 41 56.8 -15.8
DAYS >= .50 16 17.0 -1.0
DAYS >= 1.00 9 5.3 3.7
GREATEST
DAILY TOTAL 3.09
SNOWFALL (INCHES)
RECORDS
TOTAL 84.6 1936
TOTALS 44.8 45.7 -0.9
SINCE 7/1 23.3 18.6 4.7
DAYS >= TRACE 53 35.4 17.6
DAYS >= 1.0 11 14.5 -3.5
GREATEST
SNOW DEPTH 11 01/21
02/01
02/02
DAILY TOTAL 7.2
DEGREE DAYS
HEATING TOTAL 8138 8531 -393
SINCE 7/1 3219 3447 -228
COOLING TOTAL 579 467 112
SINCE 1/1 579 465 114
..............................................................
WIND (MPH)
HIGHEST WIND SPEED/DIRECTION 37/300 DATE 01/05
HIGHEST GUST SPEED/DIRECTION 54/250 DATE 10/14
- INDICATES NEGATIVE NUMBERS.
R INDICATES RECORD WAS SET OR TIED.
MM INDICATES DATA IS MISSING.
T INDICATES TRACE AMOUNT.
$$
MARGRAF