000
CXUS53 KGRB 171614
CF6SUE
PRELIMINARY LOCAL CLIMATOLOGICAL DATA (WS FORM: F-6)
STATION: STURGEON BAY WI
MONTH: JANUARY
YEAR: 2022
LATITUDE: 44 55 N
LONGITUDE: 87 25 W
TEMPERATURE IN F: :PCPN: SNOW: WIND :SUNSHINE: SKY :PK WND
================================================================================
1 2 3 4 5 6A 6B 7 8 9 10 11 12 13 14 15 16 17 18
12Z AVG MX 2MIN
DY MAX MIN AVG DEP HDD CDD WTR SNW DPTH SPD SPD DIR MIN PSBL S-S WX SPD DR
================================================================================
1 25 15 20 2 45 0 T M M 17.1 22 360 M M 10 29 350
2 18 10 14 -4 51 0 T M M 9.6 17 350 M M 5 M M
3 22 4 13 -4 52 0 M M M 9.1 16 200 M M 0 M M
4 36 12 24 7 41 0 M M M 10.0 20 170 M M 1 31 160
5 31 18 25 8 40 0 T M M 8.8 25 350 M M 10 1 32 340
6 18 15 17 M 48 0 T M M 13.1 18 10 M M 10 1 26 10
7 20 5 13 M 52 0 T M M 7.4 13 330 M M 6 M M
8 28 11 20 M 45 0 T M M 15.5 25 180 M M 9 37 190
9 25 0 13 M 52 0 T M M 17.3 23 320 M M 3 1 32 280
10 5 -5 0 M 65 0 M M M 12.0 17 280 M M 0 24 290
11 26 -6 10 M 55 0 T M M 11.5 21 190 M M 2 31 220
12 32 25 29 M 36 0 T M M 7.0 16 260 M M 8 23 260
13 32 17 25 M 40 0 M M M 8.2 24 10 M M 10 1 35 10
14 17 8 13 M 52 0 T M M 15.3 23 360 M M 10 1 26 360
15 16 2 9 M 56 0 M M M 9.0 20 10 M M 8 1 25 360
16 22 2 12 M 53 0 T M M 7.8 18 210 M M 5 23 210
17 28 19 24 M 41 0 M M M 9.7 16 350 M M 10 22 350
18 35 15 25 M 40 0 0.01 M M 11.5 28 180 M M 9 1 37 180
19 36 7 22 M 43 0 M M M 15.4 21 300 M M 7 30 300
20 9 -2 4 M 61 0 M M M 8.5 15 340 M M 0 M M
21 19 -5 7 M 58 0 M M M 8.5 18 200 M M 0 33 210
22 23 9 16 M 49 0 T M M 15.5 22 210 M M 8 1 33 210
23 13 5 9 M 56 0 T M M 9.5 13 350 M M 2 1 M M
24 17 6 12 M 53 0 T M M 8.0 17 340 M M 6 1 M M
25 8 -1 4 M 61 0 T M M 9.1 12 330 M M 2 M M
26 11 -12 0 M 65 0 M M M 11.5 21 220 M M 0 33 220
27 28 7 18 M 47 0 T M M 14.2 25 350 M M 6 1 28 240
28 14 3 9 M 56 0 M M M 7.1 13 250 M M 4 M M
29 20 9 15 M 50 0 T M M 5.5 9 190 M M 10 1 M M
30 24 17 21 M 44 0 T M M 6.8 15 350 M M 8 M M
31 32 14 23 M 42 0 1.00 M M 11.1 28 170 M M 9 39 160
================================================================================
SM 690 224 1549 0 1.01 M 330.5 M 178
================================================================================
AV 22.3 7.2 10.7 FASTST M M 6 MAX(MPH)
MISC ----> # 28 180 39 160
================================================================================
NOTES:
# LAST OF SEVERAL OCCURRENCES
COLUMN 17 PEAK WIND IN M.P.H.
PRELIMINARY LOCAL CLIMATOLOGICAL DATA (WS FORM: F-6) , PAGE 2
STATION: STURGEON BAY WI
MONTH: JANUARY
YEAR: 2022
LATITUDE: 44 55 N
LONGITUDE: 87 25 W
[TEMPERATURE DATA] [PRECIPITATION DATA] SYMBOLS USED IN COLUMN 16
AVERAGE MONTHLY: 14.7 TOTAL FOR MONTH: 1.01 1 = FOG OR MIST
DPTR FM NORMAL: 0.0 DPTR FM NORMAL: M 2 = FOG REDUCING VISIBILITY
HIGHEST: 36 ON 19, 4 GRTST 24HR 1.00 ON 31-31 TO 1/4 MILE OR LESS
LOWEST: -12 ON 26 3 = THUNDER
SNOW, ICE PELLETS, HAIL 4 = ICE PELLETS
TOTAL MONTH: M 5 = HAIL
GRTST 24HR M ON M 6 = FREEZING RAIN OR DRIZZLE
GRTST DEPTH: M ON M 7 = DUSTSTORM OR SANDSTORM:
VSBY 1/2 MILE OR LESS
8 = SMOKE OR HAZE
[NO. OF DAYS WITH] [WEATHER - DAYS WITH] 9 = BLOWING SNOW
X = TORNADO
MAX 32 OR BELOW: 28 0.01 INCH OR MORE: 2
MAX 90 OR ABOVE: 0 0.10 INCH OR MORE: 1
MIN 32 OR BELOW: 31 0.50 INCH OR MORE: 1
MIN 0 OR BELOW: 7 1.00 INCH OR MORE: 1
[HDD (BASE 65) ]
TOTAL THIS MO. 1549 CLEAR (SCALE 0-3) 10
DPTR FM NORMAL 1311 PTCLDY (SCALE 4-7) 10
TOTAL FM JUL 1 3914 CLOUDY (SCALE 8-10) 11
DPTR FM NORMAL 3676
[CDD (BASE 65) ]
TOTAL THIS MO. 0
DPTR FM NORMAL 0 [PRESSURE DATA]
TOTAL FM JAN 1 0 HIGHEST SLP M ON M
DPTR FM NORMAL 0 LOWEST SLP M ON M
[REMARKS]
#FINAL-01-22#