000
CXUS53 KFSD 011432
CF6SUX
PRELIMINARY LOCAL CLIMATOLOGICAL DATA (WS FORM: F-6)
STATION: SIOUX CITY IA
MONTH: OCTOBER
YEAR: 2022
LATITUDE: 42 24 N
LONGITUDE: 96 23 W
TEMPERATURE IN F: :PCPN: SNOW: WIND :SUNSHINE: SKY :PK WND
================================================================================
1 2 3 4 5 6A 6B 7 8 9 10 11 12 13 14 15 16 17 18
12Z AVG MX 2MIN
DY MAX MIN AVG DEP HDD CDD WTR SNW DPTH SPD SPD DIR MIN PSBL S-S WX SPD DR
================================================================================
1 78 55 67 9 0 2 0.00 0.0 0 11.8 22 160 M M 0 30 170
2 81 50 66 9 0 1 0.00 0.0 0 11.5 22 170 M M 0 28 160
3 82 47 65 8 0 0 0.00 0.0 0 10.4 23 150 M M 0 29 160
4 76 51 64 8 1 0 0.04 0.0 0 4.8 13 100 M M 3 138 17 260
5 75 50 63 7 2 0 0.00 0.0 0 7.6 16 320 M M 4 1 25 340
6 63 47 55 0 10 0 0.00 0.0 0 13.0 21 360 M M 2 1 27 340
7 56 27 42 -13 23 0 0.00 0.0 0 7.0 16 10 M M 2 21 10
8 68 23 46 -8 19 0 0.00 0.0 0 5.4 17 270 M M 0 29 230
9 78 33 56 2 9 0 0.00 0.0 0 5.7 18 310 M M 0 8 27 340
10 80 32 56 3 9 0 0.00 0.0 0 7.2 21 190 M M 0 18 27 160
11 84 47 66 13 0 1 T 0.0 0 17.9 33 190 M M 0 3 44 320
12 64 42 53 1 12 0 T 0.0 0 15.1 37 320 M M 2 8 50 310
13 57 28 43 -9 22 0 0.00 0.0 0 15.3 38 310 M M 1 52 330
14 56 25 41 -10 24 0 0.00 0.0 0 11.4 32 320 M M 1 8 43 320
15 70 22 46 -5 19 0 0.00 0.0 0 10.2 26 330 M M 1 8 33 320
16 54 31 43 -7 22 0 0.00 0.0 0 13.9 28 330 M M 3 36 330
17 47 25 36 -14 29 0 0.00 0.0 0 14.5 25 340 M M 0 42 330
18 44 15 30 -19 35 0 0.00 0.0 0 8.0 17 320 M M 0 23 340
19 60 14 37 -12 28 0 0.00 0.0 0 2.3 8 100 M M 0 8 13 280
20 72 29 51 3 14 0 0.00 0.0 0 4.6 12 320 M M 0 15 330
21 77 35 56 8 9 0 0.00 0.0 0 3.8 12 320 M M 0 18 140
22 82 33 58 11 7 0 0.00 0.0 0 10.1 17 150 M M 0 24 150
23 87 51 69 22 0 4 0.00 0.0 0 20.0 36 180 M M 2 8 54 170
24 65 33 49 3 16 0 0.00 0.0 0 11.3 18 290 M M 3 27 290
25 61 28 45 -1 20 0 0.00 0.0 0 9.0 23 330 M M 0 8 30 330
26 59 23 41 -4 24 0 T 0.0 0 6.1 14 160 M M 2 18 20 170
27 50 45 48 3 17 0 0.44 0.0 0 8.2 15 130 M M 10 1 19 140
28 62 35 49 5 16 0 0.00 0.0 0 6.2 14 220 M M 3 17 170
29 69 34 52 8 13 0 0.00 0.0 0 8.1 20 190 M M 0 25 230
30 66 35 51 7 14 0 0.00 0.0 0 7.1 15 320 M M 0 19 330
31 72 28 50 7 15 0 0.00 0.0 0 7.3 16 220 M M 0 22 220
================================================================================
SM 2095 1073 429 8 0.48 0.0 294.8 M 39
================================================================================
AV 67.6 34.6 9.5 FASTST M M 1 MAX(MPH)
MISC ----> 38 310 54 170
================================================================================
NOTES:
# LAST OF SEVERAL OCCURRENCES
-COLUMN 17 PEAK WIND IN M.P.H.
-PRECIPITATION AMOUNTS IN COLUMNS 7,8 AND 9 ARE THE OFFICIAL
PRECIPITATION AMOUNTS FOR SIOUX CITY IA.
-SNOW DEPTH IN COLUMN 9 IS RECORDED AT 6 AM CST (12Z).
PRELIMINARY LOCAL CLIMATOLOGICAL DATA (WS FORM: F-6) , PAGE 2
STATION: SIOUX CITY IA
MONTH: OCTOBER
YEAR: 2022
LATITUDE: 42 24 N
LONGITUDE: 96 23 W
[TEMPERATURE DATA] [PRECIPITATION DATA] SYMBOLS USED IN COLUMN 16
AVERAGE MONTHLY: 51.1 TOTAL FOR MONTH: 0.48 1 = FOG OR MIST
DPTR FM NORMAL: 0.8 DPTR FM NORMAL: -1.72 2 = FOG REDUCING VISIBILITY
HIGHEST: 87 ON 23 GRTST 24HR 0.44 ON 27-27 TO 1/4 MILE OR LESS
LOWEST: 14 ON 19 3 = THUNDER
SNOW, ICE PELLETS, HAIL 4 = ICE PELLETS
TOTAL MONTH: 0.0 INCH 5 = HAIL
GRTST 24HR 0.0 6 = FREEZING RAIN OR DRIZZLE
GRTST DEPTH: 0 7 = DUSTSTORM OR SANDSTORM:
VSBY 1/2 MILE OR LESS
8 = SMOKE OR HAZE
[NO. OF DAYS WITH] [WEATHER - DAYS WITH] 9 = BLOWING SNOW
X = TORNADO
MAX 32 OR BELOW: 0 0.01 INCH OR MORE: 2
MAX 90 OR ABOVE: 0 0.10 INCH OR MORE: 1
MIN 32 OR BELOW: 14 0.50 INCH OR MORE: 0
MIN 0 OR BELOW: 0 1.00 INCH OR MORE: 0
[HDD (BASE 65) ]
TOTAL THIS MO. 429 CLEAR (SCALE 0-3) 29
DPTR FM NORMAL -35 PTCLDY (SCALE 4-7) 1
TOTAL FM JUL 1 493 CLOUDY (SCALE 8-10) 1
DPTR FM NORMAL -108
[CDD (BASE 65) ]
TOTAL THIS MO. 8
DPTR FM NORMAL -1 [PRESSURE DATA]
TOTAL FM JAN 1 1144 HIGHEST SLP 30.60 ON 7
DPTR FM NORMAL 279 LOWEST SLP 29.24 ON 23
[REMARKS]
RECORD LOW DAILY MINIMUM TEMPERATURE WAS ESTABLISHED ON THE 18TH
WITH 15 DEGREES. THE PREVIOUS RECORD WAS 20 DEGREES IN 1972.
RECORD WARM DAILY MAXIMUM TEMPERATURE WAS ESTABLISHED ON THE 23RD
WITH 87 DEGREES. THE PREVIOUS RECORD WAS 83 DEGREES IN 1899.
#FINAL-10-22#