000
CXUS53 KFSD 011604
CF6SUX
PRELIMINARY LOCAL CLIMATOLOGICAL DATA (WS FORM: F-6)
STATION: SIOUX CITY IA
MONTH: JUNE
YEAR: 2022
LATITUDE: 42 24 N
LONGITUDE: 96 23 W
TEMPERATURE IN F: :PCPN: SNOW: WIND :SUNSHINE: SKY :PK WND
================================================================================
1 2 3 4 5 6A 6B 7 8 9 10 11 12 13 14 15 16 17 18
12Z AVG MX 2MIN
DY MAX MIN AVG DEP HDD CDD WTR SNW DPTH SPD SPD DIR MIN PSBL S-S WX SPD DR
================================================================================
1 73 45 59 -8 6 0 0.00 0.0 0 6.2 18 330 M M 0 23 300
2 82 41 62 -5 3 0 0.00 0.0 0 6.8 23 310 M M 1 30 310
3 83 45 64 -3 1 0 T 0.0 0 5.6 14 120 M M 2 20 100
4 75 55 65 -3 0 0 0.08 0.0 0 7.3 16 120 M M 6 20 110
5 78 56 67 -1 0 2 0.13 0.0 0 4.8 14 130 M M 6 13 17 310
6 75 62 69 1 0 4 0.22 0.0 0 5.6 14 50 M M 8 1 19 20
7 80 55 68 -1 0 3 0.10 0.0 0 5.0 14 340 M M 4 13 19 320
8 79 57 68 -1 0 3 0.01 0.0 0 10.0 21 330 M M 3 1 27 340
9 77 54 66 -3 0 1 0.15 0.0 0 5.0 17 210 M M 7 1 23 200
10 81 59 70 0 0 5 0.00 0.0 0 4.3 12 330 M M 4 1 17 330
11 92 57 75 5 0 10 0.11 0.0 0 7.8 18 360 M M 2 13 24 360
12 93 65 79 9 0 14 0.02 0.0 0 8.1 16 130 M M 1 13 22 110
13 97 77 87 17 0 22 0.00 0.0 0 12.4 23 170 M M 3 34 170
14 91 76 84 13 0 19 0.00 0.0 0 13.4 26 210 M M 1 42 210
15 81 62 72 1 0 7 0.14 0.0 0 11.4 22 360 M M 5 3 30 360
16 90 59 75 4 0 10 0.00 0.0 0 7.6 20 320 M M 0 26 330
17 91 53 72 1 0 7 0.00 0.0 0 7.5 15 120 M M 0 21 130
18 95 70 83 11 0 18 0.00 0.0 0 15.7 25 170 M M 0 33 160
19 95 74 85 13 0 20 0.00 0.0 0 17.4 28 190 M M 1 40 200
20 96 78 87 15 0 22 0.00 0.0 0 19.2 29 170 M M 0 41 160
21 89 60 75 3 0 10 0.00 0.0 0 11.3 24 190 M M 0 36 190
22 91 55 73 1 0 8 0.00 0.0 0 4.4 10 240 M M 0 17 290
23 89 58 74 2 0 9 0.00 0.0 0 11.1 24 170 M M 1 31 160
24 88 70 79 6 0 14 0.00 0.0 0 12.7 22 170 M M 2 29 180
25 84 56 70 -3 0 5 0.19 0.0 0 13.1 30 320 M M 5 13 38 330
26 82 52 67 -6 0 2 0.00 0.0 0 12.7 24 340 M M 0 36 330
27 86 46 66 -7 0 1 0.00 0.0 0 6.1 14 190 M M 1 19 190
28 94 58 76 3 0 11 0.00 0.0 0 11.2 21 240 M M 0 27 220
29 100 61 81 8 0 16 0.00 0.0 0 16.3 32 200 M M 0 46 190
30 95 74 85 11 0 20 T 0.0 0 13.5 31 200 M M 1 42 190
================================================================================
SM 2602 1790 10 263 1.15 0.0 293.5 M 64
================================================================================
AV 86.7 59.7 9.8 FASTST M M 2 MAX(MPH)
MISC ----> 32 200 46 190
================================================================================
NOTES:
# LAST OF SEVERAL OCCURRENCES
-COLUMN 17 PEAK WIND IN M.P.H.
-PRECIPITATION AMOUNTS IN COLUMNS 7,8 AND 9 ARE THE OFFICIAL
PRECIPITATION AMOUNTS FOR SIOUX CITY, IA.
-SNOW DEPTH IN COLUMN 9 IS RECORDED AT 6 AM CST (12Z).
PRELIMINARY LOCAL CLIMATOLOGICAL DATA (WS FORM: F-6) , PAGE 2
STATION: SIOUX CITY IA
MONTH: JUNE
YEAR: 2022
LATITUDE: 42 24 N
LONGITUDE: 96 23 W
[TEMPERATURE DATA] [PRECIPITATION DATA] SYMBOLS USED IN COLUMN 16
AVERAGE MONTHLY: 73.2 TOTAL FOR MONTH: 1.15 1 = FOG OR MIST
DPTR FM NORMAL: 2.5 DPTR FM NORMAL: -3.20 2 = FOG REDUCING VISIBILITY
HIGHEST: 100 ON 29 GRTST 24HR 0.35 ON 5- 6 TO 1/4 MILE OR LESS
LOWEST: 41 ON 2 3 = THUNDER
SNOW, ICE PELLETS, HAIL 4 = ICE PELLETS
TOTAL MONTH: 0.0 INCH 5 = HAIL
GRTST 24HR 0.0 6 = FREEZING RAIN OR DRIZZLE
GRTST DEPTH: 0 7 = DUSTSTORM OR SANDSTORM:
VSBY 1/2 MILE OR LESS
8 = SMOKE OR HAZE
[NO. OF DAYS WITH] [WEATHER - DAYS WITH] 9 = BLOWING SNOW
X = TORNADO
MAX 32 OR BELOW: 0 0.01 INCH OR MORE: 10
MAX 90 OR ABOVE: 13 0.10 INCH OR MORE: 7
MIN 32 OR BELOW: 0 0.50 INCH OR MORE: 0
MIN 0 OR BELOW: 0 1.00 INCH OR MORE: 0
[HDD (BASE 65) ]
TOTAL THIS MO. 10 CLEAR (SCALE 0-3) 20
DPTR FM NORMAL -16 PTCLDY (SCALE 4-7) 10
TOTAL FM JUL 1 6235 CLOUDY (SCALE 8-10) 0
DPTR FM NORMAL -622
[CDD (BASE 65) ]
TOTAL THIS MO. 263
DPTR FM NORMAL 68 [PRESSURE DATA]
TOTAL FM JAN 1 352 HIGHEST SLP 30.34 ON 27
DPTR FM NORMAL 92 LOWEST SLP 29.43 ON 13
[REMARKS]
RECORD DAILY MINIMUM TEMPERATURE WAS TIED ON THE 2ND WITH 41
DEGREES. THE PREVIOUS RECORD WAS 41 IN 1945.
RECORD WARM MINIMUM TEMPERATURE WAS ESTABLISHED ON THE 13TH WITH 77
DEGREES. THE PREVIOUS RECORD WAS 76 IN 1956.
RECORD WARM MINIMUM TEMPERATURE WAS ESTABLISHED ON THE 20TH WITH 78
DEGREES. THE PREVIOUS RECORD WAS 75 IN 1974.
RECORD DAILY MINIMUM TEMPERATURE WAS TIED ON THE 27TH WITH 46
DEGREES. THE PREVIOUS RECORD WAS 46 IN 1968, 1968, 1976, AND 2017.
RECORD DAILY MAXIMUM TEMPERATURE WAS TIED ON THE 29TH WITH 100
DEGREES. THE PREVIOUS RECORD WAS 100 IN 1911, 1931, AND 1970.
#FINAL-06-22#