000
CXUS53 KFSD 012007
CF6SUX
PRELIMINARY LOCAL CLIMATOLOGICAL DATA (WS FORM: F-6)
STATION: SIOUX CITY IA
MONTH: JANUARY
YEAR: 2022
LATITUDE: 42 24 N
LONGITUDE: 96 23 W
TEMPERATURE IN F: :PCPN: SNOW: WIND :SUNSHINE: SKY :PK WND
================================================================================
1 2 3 4 5 6A 6B 7 8 9 10 11 12 13 14 15 16 17 18
12Z AVG MX 2MIN
DY MAX MIN AVG DEP HDD CDD WTR SNW DPTH SPD SPD DIR MIN PSBL S-S WX SPD DR
================================================================================
1 7 -3 2 -18 63 0 T T 0 16.1 25 360 M M 6 33 360
2 21 -8 7 -13 58 0 0.00 0.0 0 6.3 13 130 M M 0 16 190
3 50 6 28 8 37 0 0.00 0.0 0 10.6 22 190 M M 0 30 190
4 52 11 32 12 33 0 T T 0 19.8 46 320 M M 3 60 310
5 13 1 7 -13 58 0 0.00 0.0 0 23.6 37 320 M M 4 51 310
6 5 -6 0 -20 65 0 0.00 0.0 0 13.8 29 330 M M 1 38 320
7 24 -1 12 -8 53 0 T T 0 14.5 26 170 M M 4 37 150
8 42 12 27 7 38 0 0.00 0.0 0 18.3 38 320 M M 0 47 320
9 27 6 17 -3 48 0 0.00 0.0 0 9.8 32 330 M M 0 40 330
10 27 6 17 -3 48 0 0.00 0.0 0 6.1 15 130 M M 0 20 140
11 58 13 36 16 29 0 0.00 0.0 0 9.4 21 300 M M 0 29 320
12 57 29 43 23 22 0 0.00 0.0 0 6.3 20 330 M M 1 26 300
13 50 27 39 19 26 0 0.00 0.0 0 9.3 22 320 M M 1 30 330
14 35 17 26 6 39 0 0.13 1.4 0 14.0 35 10 M M 10 19 44 10
15 19 5 12 -8 53 0 0.01 0.1 2 9.6 25 10 M M 2 34 360
16 46 4 25 5 40 0 0.00 0.0 2 12.3 31 330 M M 3 42 340
17 48 18 33 13 32 0 0.00 0.0 0 6.1 14 140 M M 2 20 130
18 62 19 41 21 24 0 0.00 0.0 0 15.0 36 330 M M 1 46 330
19 19 2 11 -9 54 0 0.00 0.0 0 19.0 32 330 M M 1 42 340
20 16 -6 5 -15 60 0 0.00 0.0 0 6.4 15 320 M M 0 18 320
21 30 -2 14 -6 51 0 0.01 0.1 0 13.1 25 220 M M 4 9 36 230
22 50 20 35 15 30 0 0.01 0.0 T 12.7 33 310 M M 5 46 310
23 39 9 24 4 41 0 T T 0 9.9 28 340 M M 6 37 330
24 37 6 22 2 43 0 T 0.0 T 12.1 25 20 M M 3 34 350
25 20 -4 8 -12 57 0 0.00 0.0 T 7.4 18 340 M M 0 26 330
26 42 -8 17 -3 48 0 0.00 0.0 T 14.8 31 220 M M 1 40 190
27 43 6 25 5 40 0 T T 0 13.2 25 340 M M 6 34 310
28 37 -4 17 -3 48 0 0.00 0.0 0 6.8 14 200 M M 1 18 220
29 55 10 33 13 32 0 0.00 0.0 0 9.9 25 330 M M 0 34 330
30 35 15 25 4 40 0 0.00 0.0 0 8.0 14 330 M M 0 19 310
31 53 19 36 15 29 0 0.00 0.0 0 9.1 20 230 M M 0 30 200
================================================================================
SM 1119 219 1339 0 0.16 1.6 363.3 M 65
================================================================================
AV 36.1 7.1 11.7 FASTST M M 2 MAX(MPH)
MISC ----> 46 320 60 310
================================================================================
NOTES:
# LAST OF SEVERAL OCCURRENCES
-COLUMN 17 PEAK WIND IN M.P.H.
-PRECIPITATION AMOUNTS IN COLUMNS 7,8 AND 9 ARE THE OFFICIAL
PRECIPITATION AMOUNTS FOR SIOUX CITY, IA.
-SNOW DEPTH IN COLUMN 9 IS RECORDED AT 6 AM CST (12Z).
PRELIMINARY LOCAL CLIMATOLOGICAL DATA (WS FORM: F-6) , PAGE 2
STATION: SIOUX CITY IA
MONTH: JANUARY
YEAR: 2022
LATITUDE: 42 24 N
LONGITUDE: 96 23 W
[TEMPERATURE DATA] [PRECIPITATION DATA] SYMBOLS USED IN COLUMN 16
AVERAGE MONTHLY: 21.6 TOTAL FOR MONTH: 0.16 1 = FOG OR MIST
DPTR FM NORMAL: 1.6 DPTR FM NORMAL: -0.53 2 = FOG REDUCING VISIBILITY
HIGHEST: 62 ON 18 GRTST 24HR 0.14 ON 14-15 TO 1/4 MILE OR LESS
LOWEST: -8 ON 26, 2 3 = THUNDER
SNOW, ICE PELLETS, HAIL 4 = ICE PELLETS
TOTAL MONTH: 1.6 INCHES 5 = HAIL
GRTST 24HR 1.5 ON 14-15 6 = FREEZING RAIN OR DRIZZLE
GRTST DEPTH: 2 ON 16,15 7 = DUSTSTORM OR SANDSTORM:
VSBY 1/2 MILE OR LESS
8 = SMOKE OR HAZE
[NO. OF DAYS WITH] [WEATHER - DAYS WITH] 9 = BLOWING SNOW
X = TORNADO
MAX 32 OR BELOW: 12 0.01 INCH OR MORE: 4
MAX 90 OR ABOVE: 0 0.10 INCH OR MORE: 1
MIN 32 OR BELOW: 31 0.50 INCH OR MORE: 0
MIN 0 OR BELOW: 9 1.00 INCH OR MORE: 0
[HDD (BASE 65) ]
TOTAL THIS MO. 1339 CLEAR (SCALE 0-3) 22
DPTR FM NORMAL -57 PTCLDY (SCALE 4-7) 8
TOTAL FM JUL 1 3493 CLOUDY (SCALE 8-10) 1
DPTR FM NORMAL -640
[CDD (BASE 65) ]
TOTAL THIS MO. 0
DPTR FM NORMAL 0 [PRESSURE DATA]
TOTAL FM JAN 1 0 HIGHEST SLP 30.81 ON 20
DPTR FM NORMAL 0 LOWEST SLP 29.43 ON 4
[REMARKS]
RECORD WARM DAILY MAXIMUM TEMPERATURE WAS ESTABLISHED ON THE 11TH WITH
58 DEGREES. THE PREVIOUS RECORD WAS 56 DEGREES IN 1941.
RECORD WARM DAILY MAXIMUM TEMPERATURE WAS ESTABLISHED ON THE 18TH WITH
62 DEGREES. THE PREVIOUS RECORD WAS 57 DEGREES IN 1923 AND 1951.
#FINAL-01-22#