000
CXUS53 KFSD 012108
CF6SUX
PRELIMINARY LOCAL CLIMATOLOGICAL DATA (WS FORM: F-6)
STATION: SIOUX CITY IA
MONTH: OCTOBER
YEAR: 2023
LATITUDE: 42 24 N
LONGITUDE: 96 23 W
TEMPERATURE IN F: :PCPN: SNOW: WIND :SUNSHINE: SKY :PK WND
================================================================================
1 2 3 4 5 6A 6B 7 8 9 10 11 12 13 14 15 16 17 18
12Z AVG MX 2MIN
DY MAX MIN AVG DEP HDD CDD WTR SNW DPTH SPD SPD DIR MIN PSBL S-S WX SPD DR
================================================================================
1 92 70 81 23 0 16 0.00 0.0 0 12.7 28 180 M M 0 38 180
2 89 63 76 19 0 11 0.00 0.0 0 12.1 24 190 M M 0 32 190
3 82 59 71 14 0 6 0.60 0.0 0 12.6 33 180 M M 5 13 55 270
4 70 47 59 3 6 0 0.00 0.0 0 7.6 22 320 M M 3 27 330
5 68 42 55 -1 10 0 0.00 0.0 0 12.1 32 310 M M 2 45 320
6 54 39 47 -8 18 0 0.01 0.0 0 18.7 36 310 M M 7 56 290
7 64 32 48 -7 17 0 0.00 0.0 0 4.6 16 230 M M 0 23 220
8 71 34 53 -1 12 0 0.00 0.0 0 7.9 23 330 M M 0 1 29 330
9 64 33 49 -5 16 0 0.00 0.0 0 4.6 12 330 M M 0 1 17 320
10 67 28 48 -5 17 0 0.00 0.0 0 3.3 10 120 M M 0 12 16 60
11 68 45 57 4 8 0 T 0.0 0 11.9 21 120 M M M 26 110
12 58 52 55 3 10 0 1.51 0.0 0 17.3 28 100 M M M 1 44 100
13 57 49 53 1 12 0 0.94 0.0 0 16.7 28 330 M M 10 1 37 310
14 53 47 50 -1 15 0 0.02 0.0 0 12.8 21 10 M M 10 1 27 350
15 55 40 48 -3 17 0 T 0.0 0 10.2 20 320 M M 7 25 340
16 63 33 48 -2 17 0 0.00 0.0 0 5.3 12 330 M M 0 17 310
17 72 34 53 3 12 0 0.00 0.0 0 10.2 18 170 M M 0 27 200
18 63 50 57 8 8 0 0.02 0.0 0 13.0 30 300 M M 6 1 41 300
19 71 45 58 9 7 0 0.00 0.0 0 8.3 18 310 M M 3 24 320
20 78 38 58 10 7 0 0.00 0.0 0 5.9 15 210 M M 0 1 22 190
21 67 38 53 5 12 0 0.00 0.0 0 8.6 20 320 M M 0 31 320
22 64 33 49 2 16 0 0.05 0.0 0 6.5 20 130 M M 3 13 26 130
23 77 43 60 13 5 0 0.00 0.0 0 6.3 14 100 M M 2 3 19 100
24 70 53 62 16 3 0 T 0.0 0 8.3 17 340 M M 6 1 23 190
25 61 52 57 11 8 0 T 0.0 0 7.2 16 330 M M 10 1 21 330
26 63 41 52 7 13 0 1.06 0.0 0 11.5 29 320 M M 10 13 41 300
27 41 26 34 -11 31 0 T 0.0 0 20.1 35 310 M M 5 46 320
28 29 26 28 -16 37 0 0.25 4.0 0 10.9 17 360 M M 9 1 21 10
29 35 26 31 -13 34 0 T T 4 11.5 20 330 M M 5 1 26 320
30 42 18 30 -14 35 0 0.00 0.0 T 13.2 37 340 M M 1 49 320
31 35 18 27 -16 38 0 0.00 0.0 0 15.0 33 310 M M 2 43 320
================================================================================
SM 1943 1254 441 33 4.46 4.0 326.9 M 106
================================================================================
AV 62.7 40.5 10.5 FASTST M M 4 MAX(MPH)
MISC ----> 37 340 56 290
================================================================================
NOTES:
# LAST OF SEVERAL OCCURRENCES
-COLUMN 17 PEAK WIND IN M.P.H.
-PRECIPITATION AMOUNTS IN COLUMNS 7,8 AND 9 ARE THE OFFICIAL
PRECIPITATION AMOUNTS FOR SIOUX CITY, IA.
-SNOW DEPTH IN COLUMN 9 IS RECORDED AT 6 AM CST (12Z).
PRELIMINARY LOCAL CLIMATOLOGICAL DATA (WS FORM: F-6) , PAGE 2
STATION: SIOUX CITY IA
MONTH: OCTOBER
YEAR: 2023
LATITUDE: 42 24 N
LONGITUDE: 96 23 W
[TEMPERATURE DATA] [PRECIPITATION DATA] SYMBOLS USED IN COLUMN 16
AVERAGE MONTHLY: 51.6 TOTAL FOR MONTH: 4.46 1 = FOG OR MIST
DPTR FM NORMAL: 1.3 DPTR FM NORMAL: 2.26 2 = FOG REDUCING VISIBILITY
HIGHEST: 92 ON 1 GRTST 24HR 1.51 ON 12 TO 1/4 MILE OR LESS
LOWEST: 18 ON 31,30 3 = THUNDER
SNOW, ICE PELLETS, HAIL 4 = ICE PELLETS
TOTAL MONTH: 4.0 INCHES 5 = HAIL
GRTST 24HR 4.0 ON 28 6 = FREEZING RAIN OR DRIZZLE
GRTST DEPTH: 4 ON 29 7 = DUSTSTORM OR SANDSTORM:
VSBY 1/2 MILE OR LESS
8 = SMOKE OR HAZE
[NO. OF DAYS WITH] [WEATHER - DAYS WITH] 9 = BLOWING SNOW
X = TORNADO
MAX 32 OR BELOW: 1 0.01 INCH OR MORE: 9
MAX 90 OR ABOVE: 1 0.10 INCH OR MORE: 5
MIN 32 OR BELOW: 7 0.50 INCH OR MORE: 4
MIN 0 OR BELOW: 0 1.00 INCH OR MORE: 2
[HDD (BASE 65) ]
TOTAL THIS MO. 441 CLEAR (SCALE 0-3) 16
DPTR FM NORMAL -23 PTCLDY (SCALE 4-7) 8
TOTAL FM JUL 1 475 CLOUDY (SCALE 8-10) 7
DPTR FM NORMAL -126
[CDD (BASE 65) ]
TOTAL THIS MO. 33
DPTR FM NORMAL 24 [PRESSURE DATA]
TOTAL FM JAN 1 1133 HIGHEST SLP 30.53 ON 31
DPTR FM NORMAL 268 LOWEST SLP 29.44 ON 13
[REMARKS]
RECORD DAILY MAXIMUM TEMPERATURE WAS ESTABLISHED ON THE 1ST WITH 92 DEGREES.
THE PREVIOUS RECORD WAS 91 IN 2006.
RECORD DAILY HIGH MINIMUM TEMPERATURE WAS ESTABLISHED ON THE 1ST WITH 70
DEGREES. THE PREVIOUS RECORD WAS 69 IN 1971.
RECORD DAILY PRECIPITATION WAS ESTABLISHED ON THE 12TH WITH 1.51 INCHES.
THE PREVIOUS RECORD WAS 1.04 INCHES IN 1890.
RECORD DAILY PRECIPITATION WAS TIED ON THE 13TH WITH 0.94 INCH. THE PREVIOUS
OCCURANCE WAS IN 1981.
RECORD DAILY PRECIPITATION WAS ESTABLISHED ON THE 26TH WITH 1.06 INCHES.
THE PREVIOUS RECORD WAS 0.73 INCH IN 1998.
RECORD DAILY SNOWFALL WAS ESTABLISHED ON THE 28TH WITH 4.0 INCHES.
THE PREVIOUS RECORD WAS 2.4 INCHES IN 1913.
MONTHLY TOTAL PRECIPITATION OF 4.46 INCHES IS THE 9TH WETTEST ON RECORD.
#FINAL-10-23#