000
CXUS54 KEPZ 011030
CF6SVC
PRELIMINARY LOCAL CLIMATOLOGICAL DATA (WS FORM: F-6)
STATION: SILVER CITY
MONTH: MAY
YEAR: 2021
LATITUDE: 32 37 N
LONGITUDE: 108 10 W
TEMPERATURE IN F: :PCPN: SNOW: WIND :SUNSHINE: SKY :PK WND
================================================================================
1 2 3 4 5 6A 6B 7 8 9 10 11 12 13 14 15 16 17 18
12Z AVG MX 2MIN
DY MAX MIN AVG DEP HDD CDD WTR SNW DPTH SPD SPD DIR MIN PSBL S-S WX SPD DR
================================================================================
1 83 39 61 M 4 0 0.00 M M 14.9 28 280 M M 0 37 270
2 82 43 63 M 2 0 0.00 M M 14.6 28 270 M M 0 38 260
3 74 40 57 M 8 0 0.00 M M 12.3 22 280 M M 1 31 280
4 75 37 56 M 9 0 0.00 M M 6.7 13 200 M M 0 24 150
5 83 45 64 M 1 0 0.00 M M 8.0 14 190 M M 0 17 190
6 87 47 67 M 0 2 0.00 M M 9.3 20 160 M M 1 38 160
7 87 56 72 M 0 7 0.00 M M 9.4 20 250 M M 1 30 250
8 80 46 63 M 2 0 0.00 M M 14.4 27 270 M M 2 37 260
9 80 44 62 M 3 0 0.00 M M 12.1 24 270 M M 0 29 270
10 80 45 63 M 2 0 0.00 M M 11.8 18 300 M M 1 27 250
11 80 46 63 M 2 0 0.00 M M 11.9 24 280 M M 0 28 280
12 81 43 62 M 3 0 0.00 M M 6.7 12 250 M M 0 20 150
13 85 46 66 M 0 1 0.00 M M 8.1 20 140 M M 1 8 26 140
14 85 49 67 M 0 2 0.00 M M 8.2 25 100 M M 2 8 31 100
15 83 51 67 M 0 2 0.00 M M 9.2 22 200 M M 4 30 200
16 81 46 64 M 1 0 0.00 M M 8.2 15 200 M M 0 22 200
17 74 41 58 M 7 0 0.00 M M 12.3 24 280 M M 1 32 280
18 77 45 61 M 4 0 T M M 13.0 27 290 M M 2 40 350
19 83 50 67 M 0 2 0.00 M M 14.4 24 270 M M 1 32 270
20 85 51 68 M 0 3 0.00 M M 9.9 16 230 M M 0 25 250
21 77 52 65 M 0 0 0.00 M M 10.6 21 320 M M 2 32 270
22 84 46 65 M 0 0 T M M 13.8 24 220 M M 1 8 40 220
23 78 45 62 M 3 0 0.00 M M 10.8 17 220 M M 0 25 220
24 83 41 62 M 3 0 0.00 M M 9.2 15 280 M M 1 23 280
25 84 46 65 M 0 0 0.00 M M 7.7 16 270 M M 2 23 270
26 86 49 68 M 0 3 0.00 M M 8.7 15 220 M M 1 27 220
27 86 55 71 M 0 6 0.00 M M 9.3 21 240 M M 1 37 240
28 88 51 70 M 0 5 0.00 M M 10.6 17 270 M M 2 23 270
29 88 54 71 M 0 6 0.00 M M 9.5 16 200 M M 2 25 210
30 86 51 69 M 0 4 0.00 M M 9.9 20 200 M M 4 28 220
31 86 55 71 M 0 6 0.00 M M 9.7 15 230 M M 0 24 280
================================================================================
SM 2551 1455 54 49 T M 325.2 M 33
================================================================================
AV 82.3 46.9 10.5 FASTST M M 1 MAX(MPH)
MISC ----> # 28 280 # 40 350
================================================================================
NOTES:
# LAST OF SEVERAL OCCURRENCES
COLUMN 17 PEAK WIND IN M.P.H.
PRELIMINARY LOCAL CLIMATOLOGICAL DATA (WS FORM: F-6) , PAGE 2
STATION: SILVER CITY
MONTH: MAY
YEAR: 2021
LATITUDE: 32 37 N
LONGITUDE: 108 10 W
[TEMPERATURE DATA] [PRECIPITATION DATA] SYMBOLS USED IN COLUMN 16
AVERAGE MONTHLY: 64.6 TOTAL FOR MONTH: T 1 = FOG OR MIST
DPTR FM NORMAL: 0.0 DPTR FM NORMAL: M 2 = FOG REDUCING VISIBILITY
HIGHEST: 88 ON 29,28 GRTST 24HR T ON 18-18 TO 1/4 MILE OR LESS
LOWEST: 37 ON 4 3 = THUNDER
SNOW, ICE PELLETS, HAIL 4 = ICE PELLETS
TOTAL MONTH: M 5 = HAIL
GRTST 24HR M ON M 6 = FREEZING RAIN OR DRIZZLE
GRTST DEPTH: M ON M 7 = DUSTSTORM OR SANDSTORM:
VSBY 1/2 MILE OR LESS
8 = SMOKE OR HAZE
[NO. OF DAYS WITH] [WEATHER - DAYS WITH] 9 = BLOWING SNOW
X = TORNADO
MAX 32 OR BELOW: 0 0.01 INCH OR MORE: 0
MAX 90 OR ABOVE: 0 0.10 INCH OR MORE: 0
MIN 32 OR BELOW: 0 0.50 INCH OR MORE: 0
MIN 0 OR BELOW: 0 1.00 INCH OR MORE: 0
[HDD (BASE 65) ]
TOTAL THIS MO. 54 CLEAR (SCALE 0-3) 29
DPTR FM NORMAL M PTCLDY (SCALE 4-7) 2
TOTAL FM JUL 1 3779 CLOUDY (SCALE 8-10) 0
DPTR FM NORMAL M
[CDD (BASE 65) ]
TOTAL THIS MO. 49
DPTR FM NORMAL M [PRESSURE DATA]
TOTAL FM JAN 1 49 HIGHEST SLP M ON M
DPTR FM NORMAL M LOWEST SLP M ON M
[REMARKS]
#FINAL-05-21#