000
CXUS54 KEPZ 011130
CF6SVC
PRELIMINARY LOCAL CLIMATOLOGICAL DATA (WS FORM: F-6)
STATION: SILVER CITY
MONTH: DECEMBER
YEAR: 2023
LATITUDE: 32 37 N
LONGITUDE: 108 10 W
TEMPERATURE IN F: :PCPN: SNOW: WIND :SUNSHINE: SKY :PK WND
================================================================================
1 2 3 4 5 6A 6B 7 8 9 10 11 12 13 14 15 16 17 18
12Z AVG MX 2MIN
DY MAX MIN AVG DEP HDD CDD WTR SNW DPTH SPD SPD DIR MIN PSBL S-S WX SPD DR
================================================================================
1 52 26 39 M 26 0 0.00 M M 10.3 20 290 M M 7 28 270
2 54 28 41 M 24 0 0.00 M M 10.8 20 300 M M 1 25 300
3 58 28 43 M 22 0 0.00 M M 13.8 23 280 M M 0 28 300
4 64 31 48 M 17 0 0.00 M M 7.6 17 330 M M 0 M M
5 69 32 51 M 14 0 0.03 M M 6.9 10 160 M M 0 20 130
6 64 30 47 M 18 0 0.00 M M 6.3 13 150 M M 0 17 140
7 67 31 49 M 16 0 0.00 M M 9.3 20 290 M M 0 23 290
8 61 32 47 M 18 0 0.00 M M 13.2 32 270 M M 0 39 270
9 53 17 35 M 30 0 0.00 M M 6.3 10 100 M M 0 17 150
10 49 12 31 M 34 0 0.00 M M 4.8 9 350 M M 0 M M
11 58 23 41 M 24 0 0.00 0.0 0 5.1 10 360 M M 0 M M
12 56 29 43 M 22 0 0.00 M M 5.8 9 360 M M 0 M M
13 59 26 43 M 22 0 0.00 M M 9.5 18 140 M M 0 27 140
14 56 28 42 M 23 0 0.00 M M 10.2 20 290 M M 0 24 280
15 57 26 42 M 23 0 0.00 0.0 0 6.0 15 360 M M 0 18 10
16 57 23 40 M 25 0 0.00 0.0 0 7.4 12 120 M M 0 M M
17 64 24 44 M 21 0 0.00 0.0 0 7.0 12 360 M M 0 M M
18 60 26 43 M 22 0 0.00 M M 7.2 15 130 M M 0 18 130
19 57 30 44 M 21 0 0.00 M M 4.7 10 350 M M 2 M M
20 55 33 44 M 21 0 0.10 M M 5.0 12 240 M M 7 1 22 240
21 58 32 45 M 20 0 0.00 M M 5.9 9 140 M M 0 M M
22 56 33 45 M 20 0 0.14 M M 5.4 10 130 M M 5 M M
23 51 37 44 M 21 0 0.62 M M 11.9 23 270 M M 7 3 32 260
24 48 32 40 M 25 0 0.00 M M 11.8 23 290 M M 1 28 290
25 50 24 37 M 28 0 0.00 M M 8.8 13 310 M M 0 18 290
26 49 24 37 M 28 0 0.00 M M 13.4 27 290 M M 0 32 290
27 52 21 37 M 28 0 0.00 M M 6.7 13 320 M M 0 14 330
28 53 26 40 M 25 0 0.00 M M 6.1 10 320 M M 0 M M
29 53 22 38 M 27 0 0.00 M M 6.9 12 130 M M 0 16 130
30 53 23 38 M 27 0 0.00 M M 6.0 12 350 M M 0 M M
31 54 22 38 M 27 0 0.00 M M 10.2 17 280 M M 0 23 280
================================================================================
SM 1747 831 719 0 0.89 0.0 250.2 M 30
================================================================================
AV 56.4 26.8 8.1 FASTST M M 1 MAX(MPH)
MISC ----> 32 270 39 270
================================================================================
NOTES:
# LAST OF SEVERAL OCCURRENCES
COLUMN 17 PEAK WIND IN M.P.H.
PRELIMINARY LOCAL CLIMATOLOGICAL DATA (WS FORM: F-6) , PAGE 2
STATION: SILVER CITY
MONTH: DECEMBER
YEAR: 2023
LATITUDE: 32 37 N
LONGITUDE: 108 10 W
[TEMPERATURE DATA] [PRECIPITATION DATA] SYMBOLS USED IN COLUMN 16
AVERAGE MONTHLY: 41.6 TOTAL FOR MONTH: 0.89 1 = FOG OR MIST
DPTR FM NORMAL: 0.0 DPTR FM NORMAL: M 2 = FOG REDUCING VISIBILITY
HIGHEST: 69 ON 5 GRTST 24HR 0.62 ON 23-23 TO 1/4 MILE OR LESS
LOWEST: 12 ON 10 3 = THUNDER
SNOW, ICE PELLETS, HAIL 4 = ICE PELLETS
TOTAL MONTH: 0.0 INCH 5 = HAIL
GRTST 24HR 0.0 6 = FREEZING RAIN OR DRIZZLE
GRTST DEPTH: 0 7 = DUSTSTORM OR SANDSTORM:
VSBY 1/2 MILE OR LESS
8 = SMOKE OR HAZE
[NO. OF DAYS WITH] [WEATHER - DAYS WITH] 9 = BLOWING SNOW
X = TORNADO
MAX 32 OR BELOW: 0 0.01 INCH OR MORE: 4
MAX 90 OR ABOVE: 0 0.10 INCH OR MORE: 3
MIN 32 OR BELOW: 28 0.50 INCH OR MORE: 1
MIN 0 OR BELOW: 0 1.00 INCH OR MORE: 0
[HDD (BASE 65) ]
TOTAL THIS MO. 719 CLEAR (SCALE 0-3) 27
DPTR FM NORMAL M PTCLDY (SCALE 4-7) 4
TOTAL FM JUL 1 1239 CLOUDY (SCALE 8-10) 0
DPTR FM NORMAL M
[CDD (BASE 65) ]
TOTAL THIS MO. 0
DPTR FM NORMAL M [PRESSURE DATA]
TOTAL FM JAN 1 1692 HIGHEST SLP M ON M
DPTR FM NORMAL M LOWEST SLP M ON M
[REMARKS]
#FINAL-12-23#