000
CXUS54 KEWX 011011
CF6T82
PRELIMINARY LOCAL CLIMATOLOGICAL DATA (WS FORM: F-6)
STATION: FREDERICKSBURG
MONTH: JULY
YEAR: 2020
LATITUDE: 30 15 N
LONGITUDE: 98 55 W
TEMPERATURE IN F: :PCPN: SNOW: WIND :SUNSHINE: SKY :PK WND
================================================================================
1 2 3 4 5 6A 6B 7 8 9 10 11 12 13 14 15 16 17 18
12Z AVG MX 2MIN
DY MAX MIN AVG DEP HDD CDD WTR SNW DPTH SPD SPD DIR MIN PSBL S-S WX SPD DR
================================================================================
1 90 75 83 M 0 18 0.00 M M 5.8 13 200 M M 7 1 18 160
2 94 71 83 M 0 18 0.03 M M 4.8 14 200 M M 3 1 18 210
3 95 70 83 M 0 18 0.00 M M 3.9 9 180 M M 0 M M
4 97 68 83 M 0 18 0.00 M M 2.5 13 230 M M 0 M M
5 98 71 85 M 0 20 0.00 M M 3.5 12 200 M M 0 M M
6 94 77 86 M 0 21 0.00 M M 2.8 8 130 M M 2 M M
7 94 76 85 M 0 20 0.38 M M 7.3 15 50 M M 4 3 18 200
8 93 72 83 M 0 18 0.00 M M 4.9 12 190 M M 5 16 220
9 93 74 84 M 0 19 0.00 M M 7.0 13 190 M M 5 21 190
10 96 73 85 M 0 20 0.00 M M 3.8 12 190 M M 3 M M
11 99 73 86 M 0 21 0.00 M M 4.3 12 180 M M 0 16 180
12 100 74 87 M 0 22 0.00 M M 2.2 8 160 M M 1 M M
13 103 76 90 M 0 25 0.00 M M 4.2 14 210 M M 0 17 210
14 101 73 87 M 0 22 0.00 M M 6.6 15 180 M M 0 23 180
15 98 72 85 M 0 20 0.00 M M 8.3 14 190 M M 1 20 190
16 96 73 85 M 0 20 0.00 M M 5.9 10 160 M M 2 10 150
17 96 73 85 M 0 20 0.00 M M 4.9 9 130 M M 2 18 100
18 93 70 82 M 0 17 0.00 M M 5.9 14 160 M M 3 22 160
19 93 70 82 M 0 17 0.00 M M 3.3 10 190 M M 2 18 190
20 95 69 82 M 0 17 0.00 M M 3.1 13 140 M M 1 16 140
21 94 71 83 M 0 18 0.00 M M 0.5 9 100 M M 2 M M
22 96 74 85 M 0 20 0.00 M M 0.4 10 170 M M 3 M M
23 95 73 84 M 0 19 0.00 M M 2.2 10 140 M M 4 M M
24 97 71 84 M 0 19 0.00 M M 2.8 16 70 M M 4 20 70
25 92 74 83 M 0 18 0.04 M M 6.8 15 50 M M 7 21 50
26 93 71 82 M 0 17 0.01 M M 6.3 12 80 M M 7 20 80
27 95 72 84 M 0 19 0.00 M M 2.5 13 90 M M 6 22 90
28 95 71 83 M 0 18 0.00 M M 1.6 8 150 M M 3 21 150
29 93 70 82 M 0 17 0.00 M M 5.6 16 180 M M 2 21 180
30 93 72 83 M 0 18 0.00 M M 11.0 18 190 M M 4 22 190
31 94 75 85 M 0 20 0.65 M M 4.7 13 170 M M 5 3 21 10
================================================================================
SM 2955 2244 0 594 1.11 M 139.4 M 88
================================================================================
AV 95.3 72.4 4.5 FASTST M M 3 MAX(MPH)
MISC ----> # 18 190 # 23 180
================================================================================
NOTES:
# LAST OF SEVERAL OCCURRENCES
COLUMN 17 PEAK WIND IN M.P.H.
PRELIMINARY LOCAL CLIMATOLOGICAL DATA (WS FORM: F-6) , PAGE 2
STATION: FREDERICKSBURG
MONTH: JULY
YEAR: 2020
LATITUDE: 30 15 N
LONGITUDE: 98 55 W
[TEMPERATURE DATA] [PRECIPITATION DATA] SYMBOLS USED IN COLUMN 16
AVERAGE MONTHLY: 83.9 TOTAL FOR MONTH: 1.11 1 = FOG OR MIST
DPTR FM NORMAL: M DPTR FM NORMAL: M 2 = FOG REDUCING VISIBILITY
HIGHEST: 103 ON 13 GRTST 24HR 0.65 ON 31-31 TO 1/4 MILE OR LESS
LOWEST: 68 ON 4 3 = THUNDER
SNOW, ICE PELLETS, HAIL 4 = ICE PELLETS
TOTAL MONTH: M 5 = HAIL
GRTST 24HR M ON M 6 = FREEZING RAIN OR DRIZZLE
GRTST DEPTH: M ON M 7 = DUSTSTORM OR SANDSTORM:
VSBY 1/2 MILE OR LESS
8 = SMOKE OR HAZE
[NO. OF DAYS WITH] [WEATHER - DAYS WITH] 9 = BLOWING SNOW
X = TORNADO
MAX 32 OR BELOW: 0 0.01 INCH OR MORE: 5
MAX 90 OR ABOVE: 31 0.10 INCH OR MORE: 2
MIN 32 OR BELOW: 0 0.50 INCH OR MORE: 1
MIN 0 OR BELOW: 0 1.00 INCH OR MORE: 0
[HDD (BASE 65) ]
TOTAL THIS MO. 0 CLEAR (SCALE 0-3) 17
DPTR FM NORMAL M PTCLDY (SCALE 4-7) 14
TOTAL FM JUL 1 0 CLOUDY (SCALE 8-10) 0
DPTR FM NORMAL M
[CDD (BASE 65) ]
TOTAL THIS MO. 594
DPTR FM NORMAL M [PRESSURE DATA]
TOTAL FM JAN 1 1446 HIGHEST SLP M ON M
DPTR FM NORMAL M LOWEST SLP M ON M
[REMARKS]
#FINAL-07-20#