000
CXUS52 KTBW 310009
CF6TBW
PRELIMINARY LOCAL CLIMATOLOGICAL DATA (WS FORM: F-6)
STATION: RUSKIN WFO
MONTH: JANUARY
YEAR: 2021
LATITUDE: 27 42 N
LONGITUDE: 82 24 W
TEMPERATURE IN F: :PCPN: SNOW: WIND :SUNSHINE: SKY :PK WND
================================================================================
1 2 3 4 5 6A 6B 7 8 9 10 11 12 13 14 15 16 17 18
12Z AVG MX 2MIN
DY MAX MIN AVG DEP HDD CDD WTR SNW DPTH SPD SPD DIR MIN PSBL S-S WX SPD DR
================================================================================
1 85 68 77 15 0 12 0.00 0.0 0 M M M M M M M M
2 81 66 74 12 0 9 0.00 0.0 0 M M M M M M M M
3 69 60 65 3 0 0 0.04 0.0 0 M M M M M M M M
4 66 47 57 -4 8 0 0.00 0.0 0 M M M M M M M M
5 70 45 58 -3 7 0 0.00 0.0 0 M M M M M M M M
6 71 43 57 -4 8 0 0.00 0.0 0 M M M M M M M M
7 74 49 62 1 3 0 0.39 0.0 0 M M M M M M M M
8 68 56 62 1 3 0 0.00 0.0 0 M M M M M M M M
9 57 49 53 -8 12 0 0.00 0.0 0 M M M M M M M M
10 59 42 51 -10 14 0 0.00 0.0 0 M M M M M M M M
11 75 49 62 1 3 0 0.00 0.0 0 M M M M M M M M
12 65 54 60 -1 5 0 0.00 0.0 0 M M M M M M M M
13 58 53 56 -5 9 0 0.01 0.0 0 M M M M M M M M
14 67 49 58 -3 7 0 0.00 0.0 0 M M M M M M M M
15 74 46 60 -1 5 0 0.14 0.0 0 M M M M M M M M
16 65 53 59 -2 6 0 0.00 0.0 0 M M M M M M M M
17 62 54 58 -3 7 0 0.00 0.0 0 M M M M M M M M
18 69 46 58 -3 7 0 0.00 0.0 0 M M M M M M M M
19 72 41 57 -4 8 0 0.00 0.0 0 M M M M M M M M
20 72 46 59 -2 6 0 0.00 0.0 0 M M M M M M M M
21 73 47 60 -1 5 0 0.00 0.0 0 M M M M M M M M
22 76 52 64 3 1 0 0.00 0.0 0 M M M M M M M M
23 77 59 68 7 0 3 0.00 0.0 0 M M M M M M 12 M M
24 80 59 70 9 0 5 0.00 0.0 0 M M M M M M M M
25 83 59 71 10 0 6 0.00 0.0 0 M M M M M M 1 M M
26 78 59 69 8 0 4 0.00 0.0 0 M M M M M M 128 M M
27 80 62 71 9 0 6 0.18 0.0 0 M M M M M M 1238 M M
28 70 49 60 -2 5 0 0.00 0.0 0 M M M M M M M M
29 68 41 55 -7 10 0 0.00 0.0 0 M M M M M M M M
30 74 48 61 -1 4 0 0.00 0.0 0 M M M M M M M M
31 78 53 66 4 0 1 T 0.0 0 M M M M M M 3 M M
================================================================================
SM 2216 1604 143 46 0.76 0.0 M M M
================================================================================
AV 71.5 51.7 M FASTST M M M MAX(MPH)
MISC ----> M M M M
================================================================================
NOTES:
# LAST OF SEVERAL OCCURRENCES
COLUMN 17 PEAK WIND IN M.P.H.
PRELIMINARY LOCAL CLIMATOLOGICAL DATA (WS FORM: F-6) , PAGE 2
STATION: RUSKIN WFO
MONTH: JANUARY
YEAR: 2021
LATITUDE: 27 42 N
LONGITUDE: 82 24 W
[TEMPERATURE DATA] [PRECIPITATION DATA] SYMBOLS USED IN COLUMN 16
AVERAGE MONTHLY: 61.6 TOTAL FOR MONTH: 0.76 1 = FOG OR MIST
DPTR FM NORMAL: 0.4 DPTR FM NORMAL: -1.90 2 = FOG REDUCING VISIBILITY
HIGHEST: 85 ON 1 GRTST 24HR 0.39 ON 7- 7 TO 1/4 MILE OR LESS
LOWEST: 41 ON 29,19 3 = THUNDER
SNOW, ICE PELLETS, HAIL 4 = ICE PELLETS
TOTAL MONTH: 0.0 INCH 5 = HAIL
GRTST 24HR 0.0 6 = FREEZING RAIN OR DRIZZLE
GRTST DEPTH: 0 7 = DUSTSTORM OR SANDSTORM:
VSBY 1/2 MILE OR LESS
8 = SMOKE OR HAZE
[NO. OF DAYS WITH] [WEATHER - DAYS WITH] 9 = BLOWING SNOW
X = TORNADO
MAX 32 OR BELOW: 0 0.01 INCH OR MORE: 5
MAX 90 OR ABOVE: 0 0.10 INCH OR MORE: 3
MIN 32 OR BELOW: 0 0.50 INCH OR MORE: 0
MIN 0 OR BELOW: 0 1.00 INCH OR MORE: 0
[HDD (BASE 65) ]
TOTAL THIS MO. 143 CLEAR (SCALE 0-3) 0
DPTR FM NORMAL -27 PTCLDY (SCALE 4-7) 0
TOTAL FM JUL 1 309 CLOUDY (SCALE 8-10) 31
DPTR FM NORMAL -34
[CDD (BASE 65) ]
TOTAL THIS MO. 46
DPTR FM NORMAL -8 [PRESSURE DATA]
TOTAL FM JAN 1 46 HIGHEST SLP M ON M
DPTR FM NORMAL -8 LOWEST SLP M ON M
[REMARKS]
#FINAL-01-21#