000
CXUS54 KBMX 011010
CF6TCL
PRELIMINARY LOCAL CLIMATOLOGICAL DATA (WS FORM: F-6)
STATION: TUSCALOOSA
MONTH: OCTOBER
YEAR: 2023
LATITUDE: 33 13 N
LONGITUDE: 87 37 W
TEMPERATURE IN F: :PCPN: SNOW: WIND :SUNSHINE: SKY :PK WND
================================================================================
1 2 3 4 5 6A 6B 7 8 9 10 11 12 13 14 15 16 17 18
12Z AVG MX 2MIN
DY MAX MIN AVG DEP HDD CDD WTR SNW DPTH SPD SPD DIR MIN PSBL S-S WX SPD DR
================================================================================
1 90 62 76 5 0 11 0.00 0.0 0 3.2 13 50 M M 3 1 16 50
2 89 61 75 4 0 10 0.00 0.0 0 3.9 16 70 M M 0 21 70
3 89 59 74 4 0 9 0.00 0.0 0 3.1 13 100 M M 0 8 19 80
4 86 56 71 1 0 6 0.00 0.0 M 3.0 12 120 M M 0 18 19 140
5 84 64 74 4 0 9 0.16 0.0 M 5.1 13 360 M M 3 1 19 170
6 80 62 71 2 0 6 0.04 0.0 M 4.1 12 360 M M 7 1 18 350
7 73 49 61 -8 4 0 0.00 0.0 M 7.7 18 10 M M 0 27 360
8 73 42 58 -10 7 0 0.00 0.0 0 2.1 14 300 M M 0 23 290
9 80 44 62 -6 3 0 0.00 0.0 0 4.4 17 220 M M 0 128 23 210
10 86 52 69 1 0 4 0.00 0.0 0 4.0 14 210 M M 0 19 200
11 72 60 66 -1 0 1 0.27 0.0 0 3.2 15 90 M M 3 1 25 110
12 73 60 67 0 0 2 0.01 0.0 M 4.8 14 30 M M 9 18 16 40
13 71 61 66 0 0 1 0.00 0.0 M 1.8 7 290 M M 9 1 10 100
14 74 60 67 1 0 2 0.00 0.0 0 7.1 17 270 M M 5 1 26 310
15 65 47 56 -10 9 0 T M 0 8.5 18 300 M M 8 27 300
16 67 44 56 -9 9 0 0.00 0.0 M 6.9 18 300 M M 5 29 350
17 72 50 61 -4 4 0 0.00 0.0 M 2.5 12 30 M M 4 17 330
18 75 44 60 -4 5 0 0.00 0.0 0 2.4 13 200 M M 0 19 210
19 73 46 60 -4 5 0 T M M 4.5 14 190 M M 1 1 20 180
20 85 53 69 6 0 4 0.00 0.0 M 6.1 24 260 M M 1 37 270
21 85 46 66 3 0 1 0.00 0.0 M 2.9 13 200 M M 0 18 230
22 86 54 70 7 0 5 0.00 0.0 M 2.3 14 60 M M 0 18 60
23 86 52 69 7 0 4 0.00 0.0 0 3.1 12 110 M M 0 16 100
24 83 62 73 11 0 8 0.00 0.0 M 6.7 13 150 M M 0 20 100
25 83 57 70 9 0 5 0.00 0.0 0 5.1 13 70 M M 3 20 170
26 85 58 72 11 0 7 0.00 0.0 0 5.1 15 170 M M 1 22 170
27 86 58 72 11 0 7 0.00 0.0 0 2.2 12 210 M M 1 18 150
28 86 58 72 12 0 7 0.00 0.0 0 2.0 13 180 M M 2 19 180
29 85 55 70 10 0 5 0.00 0.0 0 3.0 13 180 M M 0 1 19 190
30 66 49 58 -1 7 0 T 0.0 0 8.4 17 360 M M 9 1 25 10
31 61 43 52 -7 13 0 T 0.0 0 10.3 18 360 M M 3 30 10
================================================================================
SM 2449 1668 66 114 0.48 0.0 139.5 M 77
================================================================================
AV 79.0 53.8 4.5 FASTST M M 2 MAX(MPH)
MISC ----> 24 260 37 270
================================================================================
NOTES:
# LAST OF SEVERAL OCCURRENCES
COLUMN 17 PEAK WIND IN M.P.H.
PRELIMINARY LOCAL CLIMATOLOGICAL DATA (WS FORM: F-6) , PAGE 2
STATION: TUSCALOOSA
MONTH: OCTOBER
YEAR: 2023
LATITUDE: 33 13 N
LONGITUDE: 87 37 W
[TEMPERATURE DATA] [PRECIPITATION DATA] SYMBOLS USED IN COLUMN 16
AVERAGE MONTHLY: 66.4 TOTAL FOR MONTH: 0.48 1 = FOG OR MIST
DPTR FM NORMAL: 1.2 DPTR FM NORMAL: -3.06 2 = FOG REDUCING VISIBILITY
HIGHEST: 90 ON 1 GRTST 24HR 0.28 ON 11-12 TO 1/4 MILE OR LESS
LOWEST: 42 ON 8 3 = THUNDER
SNOW, ICE PELLETS, HAIL 4 = ICE PELLETS
TOTAL MONTH: 0.0 INCH 5 = HAIL
GRTST 24HR 0.0 6 = FREEZING RAIN OR DRIZZLE
GRTST DEPTH: 0 7 = DUSTSTORM OR SANDSTORM:
VSBY 1/2 MILE OR LESS
8 = SMOKE OR HAZE
[NO. OF DAYS WITH] [WEATHER - DAYS WITH] 9 = BLOWING SNOW
X = TORNADO
MAX 32 OR BELOW: 0 0.01 INCH OR MORE: 4
MAX 90 OR ABOVE: 1 0.10 INCH OR MORE: 2
MIN 32 OR BELOW: 0 0.50 INCH OR MORE: 0
MIN 0 OR BELOW: 0 1.00 INCH OR MORE: 0
[HDD (BASE 65) ]
TOTAL THIS MO. 66 CLEAR (SCALE 0-3) 23
DPTR FM NORMAL -34 PTCLDY (SCALE 4-7) 5
TOTAL FM JUL 1 66 CLOUDY (SCALE 8-10) 3
DPTR FM NORMAL -38
[CDD (BASE 65) ]
TOTAL THIS MO. 114
DPTR FM NORMAL 9 [PRESSURE DATA]
TOTAL FM JAN 1 2354 HIGHEST SLP 30.30 ON 31
DPTR FM NORMAL 111 LOWEST SLP 29.71 ON 20
[REMARKS]
#FINAL-10-23#