000
CXUS54 KEPZ 221305
CF6TCS
PRELIMINARY LOCAL CLIMATOLOGICAL DATA (WS FORM: F-6)
STATION: TRUTH OR CONSEQUENCES
MONTH: DECEMBER
YEAR: 2022
LATITUDE: 33 13 N
LONGITUDE: 107 16 W
TEMPERATURE IN F: :PCPN: SNOW: WIND :SUNSHINE: SKY :PK WND
================================================================================
1 2 3 4 5 6A 6B 7 8 9 10 11 12 13 14 15 16 17 18
12Z AVG MX 2MIN
DY MAX MIN AVG DEP HDD CDD WTR SNW DPTH SPD SPD DIR MIN PSBL S-S WX SPD DR
================================================================================
1 64 32 48 4 17 0 0.00 M M 9.3 25 190 M M 0 33 180
2 69 38 54 10 11 0 0.00 M M 7.5 22 250 M M 0 30 250
3 59 41 50 6 15 0 0.41 M M 5.4 14 10 M M 4 1 19 20
4 57 45 51 7 14 0 0.07 M M 5.0 15 190 M M 10 12 20 190
5 69 47 58 15 7 0 0.00 M M 6.1 21 240 M M 4 12 29 240
6 64 41 53 10 12 0 0.00 M M 5.4 16 210 M M 0 22 200
7 64 37 51 8 14 0 0.00 M M 7.8 21 210 M M 2 30 200
8 58 37 48 6 17 0 0.00 M M 5.4 10 10 M M 0 14 120
9 56 35 46 4 19 0 0.00 M M 4.6 9 300 M M 0 12 320
10 60 32 46 4 19 0 0.00 M M 4.5 13 310 M M 0 18 320
11 63 32 48 6 17 0 0.00 M M 7.5 21 180 M M 0 27 180
12 57 32 45 3 20 0 0.00 M M 15.5 37 240 M M 1 54 220
13 47 27 37 -5 28 0 0.00 M M 9.9 18 260 M M 3 27 280
14 47 27 37 -4 28 0 0.00 M M 11.4 26 300 M M 0 36 300
15 47 27 37 -4 28 0 0.00 M M 7.1 18 300 M M 0 26 300
16 45 25 35 -6 30 0 0.00 M M 6.7 16 310 M M 0 25 330
17 44 19 32 -9 33 0 0.00 M M 4.8 10 30 M M 0 12 40
18 42 25 34 -7 31 0 0.00 M M 3.8 8 270 M M 4 11 330
19 54 24 39 -2 26 0 0.00 M M 4.0 10 320 M M 0 16 330
20 50 25 38 -3 27 0 0.00 M M 5.2 12 310 M M 0 15 300
21 56 25 41 0 24 0 0.00 M M 5.6 13 210 M M 0 16 200
22 61 34 48 7 17 0 0.00 M M 8.1 16 320 M M 0 21 310
23 44 25 35 -5 30 0 0.00 M M 4.9 10 20 M M 1 15 30
24 49 19 34 -6 31 0 0.00 M M 3.1 10 300 M M 0 14 330
25 56 29 43 3 22 0 0.00 M M 4.9 12 310 M M 0 16 360
26 59 28 44 4 21 0 0.00 M M 4.8 13 70 M M 0 17 90
27 59 31 45 5 20 0 0.00 M M 6.8 16 200 M M 0 22 190
28 60 41 51 11 14 0 0.00 M M 11.8 33 250 M M 3 46 250
29 56 33 45 5 20 0 0.10 M M 6.8 22 210 M M 3 30 210
30 54 38 46 6 19 0 0.14 M M 6.2 14 300 M M 6 20 180
31 59 35 47 7 18 0 0.00 M M 6.9 18 320 M M 0 29 300
================================================================================
SM 1729 986 649 0 0.72 M 206.8 M 41
================================================================================
AV 55.8 31.8 6.7 FASTST M M 1 MAX(MPH)
MISC ----> 37 240 54 220
================================================================================
NOTES:
# LAST OF SEVERAL OCCURRENCES
COLUMN 17 PEAK WIND IN M.P.H.
PRELIMINARY LOCAL CLIMATOLOGICAL DATA (WS FORM: F-6) , PAGE 2
STATION: TRUTH OR CONSEQUENCES
MONTH: DECEMBER
YEAR: 2022
LATITUDE: 33 13 N
LONGITUDE: 107 16 W
[TEMPERATURE DATA] [PRECIPITATION DATA] SYMBOLS USED IN COLUMN 16
AVERAGE MONTHLY: 43.8 TOTAL FOR MONTH: 0.72 1 = FOG OR MIST
DPTR FM NORMAL: 2.2 DPTR FM NORMAL: 0.12 2 = FOG REDUCING VISIBILITY
HIGHEST: 69 ON 5, 2 GRTST 24HR 0.47 ON 3- 4 TO 1/4 MILE OR LESS
LOWEST: 19 ON 24,17 3 = THUNDER
SNOW, ICE PELLETS, HAIL 4 = ICE PELLETS
TOTAL MONTH: M 5 = HAIL
GRTST 24HR M ON M 6 = FREEZING RAIN OR DRIZZLE
GRTST DEPTH: M ON M 7 = DUSTSTORM OR SANDSTORM:
VSBY 1/2 MILE OR LESS
8 = SMOKE OR HAZE
[NO. OF DAYS WITH] [WEATHER - DAYS WITH] 9 = BLOWING SNOW
X = TORNADO
MAX 32 OR BELOW: 0 0.01 INCH OR MORE: 4
MAX 90 OR ABOVE: 0 0.10 INCH OR MORE: 3
MIN 32 OR BELOW: 18 0.50 INCH OR MORE: 0
MIN 0 OR BELOW: 0 1.00 INCH OR MORE: 0
[HDD (BASE 65) ]
TOTAL THIS MO. 649 CLEAR (SCALE 0-3) 25
DPTR FM NORMAL -76 PTCLDY (SCALE 4-7) 5
TOTAL FM JUL 1 1367 CLOUDY (SCALE 8-10) 1
DPTR FM NORMAL 57
[CDD (BASE 65) ]
TOTAL THIS MO. 0
DPTR FM NORMAL 0 [PRESSURE DATA]
TOTAL FM JAN 1 2048 HIGHEST SLP 30.40 ON 24
DPTR FM NORMAL 219 LOWEST SLP 29.53 ON 12
[REMARKS]
#FINAL-12-22#