000
CXUS52 KTAE 010900
CF6TLH
PRELIMINARY LOCAL CLIMATOLOGICAL DATA (WS FORM: F-6)
STATION: TALLAHASSEE
MONTH: OCTOBER
YEAR: 2020
LATITUDE: 30 22 N
LONGITUDE: 84 22 W
TEMPERATURE IN F: :PCPN: SNOW: WIND :SUNSHINE: SKY :PK WND
================================================================================
1 2 3 4 5 6A 6B 7 8 9 10 11 12 13 14 15 16 17 18
12Z AVG MX 2MIN
DY MAX MIN AVG DEP HDD CDD WTR SNW DPTH SPD SPD DIR MIN PSBL S-S WX SPD DR
================================================================================
1 84 53 69 -5 0 4 0.00 0.0 M 2.1 10 330 M M 1 13 10
2 76 55 66 -8 0 1 0.00 0.0 M 5.6 17 350 M M 2 22 30
3 76 53 65 -9 0 0 0.00 0.0 M 5.8 14 50 M M 6 20 60
4 78 57 68 -5 0 3 0.00 0.0 M 5.8 10 10 M M 6 14 60
5 77 61 69 -4 0 4 0.00 0.0 0 6.7 14 60 M M 6 18 80
6 85 70 78 5 0 13 T 0.0 0 6.1 10 70 M M 7 15 80
7 89 72 81 9 0 16 0.00 0.0 M 3.7 8 40 M M 7 1 11 90
8 87 74 81 9 0 16 0.24 0.0 M 3.3 12 110 M M 6 1 14 110
9 88 76 82 10 0 17 0.00 0.0 M 7.6 16 130 M M 7 23 140
10 85 75 80 9 0 15 0.13 0.0 M 10.8 22 170 M M 9 1 29 180
11 88 72 80 9 0 15 T 0.0 M 7.9 22 290 M M 4 1 27 280
12 87 67 77 6 0 12 0.00 0.0 M 4.7 17 300 M M 6 20 290
13 90 67 79 9 0 14 0.00 0.0 M 4.6 12 290 M M 5 12 14 320
14 88 62 75 5 0 10 0.00 0.0 M 3.2 8 60 M M 2 12 100
15 87 65 76 6 0 11 0.00 0.0 M 2.8 13 170 M M 4 1 16 160
16 87 63 75 6 0 10 0.00 0.0 M 6.7 17 360 M M 2 1 24 360
17 80 55 68 -1 0 3 0.00 0.0 M 7.8 14 10 M M 1 17 80
18 85 62 74 5 0 9 0.00 0.0 M 7.8 14 80 M M 3 19 80
19 85 68 77 9 0 12 0.00 0.0 M 7.8 14 80 M M 4 18 90
20 87 70 79 11 0 14 0.00 0.0 M 9.4 17 110 M M 5 22 110
21 87 70 79 11 0 14 0.54 0.0 M 6.8 35 100 M M 6 13 42 90
22 88 71 80 13 0 15 T 0.0 M 8.9 18 100 M M 6 21 120
23 87 70 79 12 0 14 0.00 0.0 M 6.3 14 100 M M 5 17 110
24 83 67 75 8 0 10 0.55 0.0 M 5.1 14 150 M M 5 13 17 150
25 82 65 74 8 0 9 0.00 0.0 M 3.7 13 360 M M 6 12 15 350
26 86 67 77 11 0 12 0.00 0.0 M 3.4 9 80 M M 5 1 11 70
27 83 74 79 13 0 14 0.04 0.0 M 7.1 12 80 M M 8 1 15 80
28 86 73 80 14 0 15 0.00 0.0 M 9.4 18 170 M M 4 25 180
29 82 61 72 7 0 7 0.51 0.0 M 13.3 29 250 M M 6 13 35 250
30 70 50 60 -5 5 0 0.00 0.0 M 7.5 18 340 M M 1 23 340
31 79 51 65 0 0 0 0.00 0.0 M 6.2 14 90 M M 3 17 70
================================================================================
SM 2602 2016 5 309 2.01 0.0 197.9 M 148
================================================================================
AV 83.9 65.0 6.4 FASTST M M 5 MAX(MPH)
MISC ----> 35 100 42 90
================================================================================
NOTES:
# LAST OF SEVERAL OCCURRENCES
COLUMN 17 PEAK WIND IN M.P.H.
PRELIMINARY LOCAL CLIMATOLOGICAL DATA (WS FORM: F-6) , PAGE 2
STATION: TALLAHASSEE
MONTH: OCTOBER
YEAR: 2020
LATITUDE: 30 22 N
LONGITUDE: 84 22 W
[TEMPERATURE DATA] [PRECIPITATION DATA] SYMBOLS USED IN COLUMN 16
AVERAGE MONTHLY: 74.5 TOTAL FOR MONTH: 2.01 1 = FOG OR MIST
DPTR FM NORMAL: 5.1 DPTR FM NORMAL: -1.22 2 = FOG REDUCING VISIBILITY
HIGHEST: 90 ON 13 GRTST 24HR 0.55 ON 24-24 TO 1/4 MILE OR LESS
LOWEST: 50 ON 30 3 = THUNDER
SNOW, ICE PELLETS, HAIL 4 = ICE PELLETS
TOTAL MONTH: 0.0 INCH 5 = HAIL
GRTST 24HR 0.0 6 = FREEZING RAIN OR DRIZZLE
GRTST DEPTH: 0 7 = DUSTSTORM OR SANDSTORM:
VSBY 1/2 MILE OR LESS
8 = SMOKE OR HAZE
[NO. OF DAYS WITH] [WEATHER - DAYS WITH] 9 = BLOWING SNOW
X = TORNADO
MAX 32 OR BELOW: 0 0.01 INCH OR MORE: 6
MAX 90 OR ABOVE: 1 0.10 INCH OR MORE: 5
MIN 32 OR BELOW: 0 0.50 INCH OR MORE: 3
MIN 0 OR BELOW: 0 1.00 INCH OR MORE: 0
[HDD (BASE 65) ]
TOTAL THIS MO. 5 CLEAR (SCALE 0-3) 8
DPTR FM NORMAL -41 PTCLDY (SCALE 4-7) 22
TOTAL FM JUL 1 5 CLOUDY (SCALE 8-10) 1
DPTR FM NORMAL -41
[CDD (BASE 65) ]
TOTAL THIS MO. 309
DPTR FM NORMAL 128 [PRESSURE DATA]
TOTAL FM JAN 1 3072 HIGHEST SLP 30.24 ON 17
DPTR FM NORMAL 539 LOWEST SLP 29.74 ON 29
[REMARKS]
#FINAL-10-20#