000
CXUS53 KTOP 051541
CF6TOP
PRELIMINARY LOCAL CLIMATOLOGICAL DATA (WS FORM: F-6)
STATION: TOPEKA KS
MONTH: JUNE
YEAR: 2021
LATITUDE: 39 4 N
LONGITUDE: 95 38 W
TEMPERATURE IN F: :PCPN: SNOW: WIND :SUNSHINE: SKY :PK WND
================================================================================
1 2 3 4 5 6A 6B 7 8 9 10 11 12 13 14 15 16 17 18
12Z AVG MX 2MIN
DY MAX MIN AVG DEP HDD CDD WTR SNW DPTH SPD SPD DIR MIN PSBL S-S WX SPD DR
================================================================================
1 74 60 67 -5 0 2 T 0.0 0 3.5 12 50 M M 8 1 19 40
2 78 54 66 -6 0 1 0.00 0.0 0 2.1 9 190 M M 5 128 15 80
3 84 55 70 -2 0 5 0.00 0.0 0 2.0 8 300 M M 0 18 12 240
4 90 58 74 2 0 9 0.00 0.0 0 5.2 13 190 M M 1 18 190
5 86 65 76 3 0 11 0.00 0.0 0 7.2 18 160 M M 1 25 160
6 85 65 75 2 0 10 T 0.0 0 7.8 17 130 M M 5 25 170
7 88 65 77 3 0 12 0.00 0.0 0 6.8 15 130 M M 1 20 130
8 89 67 78 4 0 13 0.00 0.0 0 3.7 13 130 M M 2 1 17 120
9 92 69 81 7 0 16 0.00 0.0 0 3.8 13 120 M M 1 16 120
10 94 71 83 9 0 18 0.00 0.0 0 5.7 14 120 M M 1 22 120
11 90 71 81 6 0 16 0.77 0.0 0 6.5 35 10 M M 4 13 48 10
12 87 66 77 2 0 12 0.00 0.0 0 5.8 16 40 M M 2 21 30
13 91 60 76 1 0 11 0.00 0.0 0 2.8 10 40 M M 0 1 16 80
14 94 61 78 3 0 13 0.00 0.0 0 2.2 10 310 M M 0 18 17 160
15 96 66 81 5 0 16 T 0.0 0 4.0 9 80 M M 1 14 70
16 96 72 84 8 0 19 0.00 0.0 0 5.3 14 120 M M 0 21 80
17 101 72 87 11 0 22 0.00 0.0 0 7.7 17 210 M M 0 26 210
18 100 81 91 15 0 26 0.00 0.0 0 10.5 20 180 M M 0 30 180
19 96 79 88 11 0 23 0.00 0.0 0 7.4 22 210 M M 1 37 210
20 97 72 85 8 0 20 T 0.0 0 11.3 25 350 M M 2 3 37 340
21 81 60 71 -6 0 6 0.01 0.0 0 7.2 20 10 M M 2 27 320
22 91 56 74 -3 0 9 0.00 0.0 0 8.7 21 180 M M 1 30 180
23 91 69 80 3 0 15 0.00 0.0 0 12.7 21 160 M M 1 32 170
24 93 73 83 5 0 18 0.05 0.0 0 12.3 23 160 M M 4 13 35 160
25 91 71 81 3 0 16 2.03 0.0 0 7.8 30 190 M M 5 13 58 180
26 84 69 77 -1 0 12 0.24 0.0 0 7.7 17 290 M M 6 1 25 300
27 81 67 74 -4 0 9 0.01 0.0 0 1.3 8 80 M M 4 10 80
28 81 68 75 -3 0 10 0.01 0.0 0 3.5 14 180 M M 4 1 20 190
29 81 71 76 -2 0 11 0.73 0.0 0 4.2 10 160 M M 7 1 14 170
30 78 72 75 -3 0 10 0.82 0.0 0 3.2 9 90 M M 8 1 12 130
================================================================================
SM 2660 2005 0 391 4.67 0.0 179.9 M 77
================================================================================
AV 88.7 66.8 6.0 FASTST M M 3 MAX(MPH)
MISC ----> 35 10 58 180
================================================================================
NOTES:
# LAST OF SEVERAL OCCURRENCES
COLUMN 17 PEAK WIND IN M.P.H.
PRELIMINARY LOCAL CLIMATOLOGICAL DATA (WS FORM: F-6) , PAGE 2
STATION: TOPEKA KS
MONTH: JUNE
YEAR: 2021
LATITUDE: 39 4 N
LONGITUDE: 95 38 W
[TEMPERATURE DATA] [PRECIPITATION DATA] SYMBOLS USED IN COLUMN 16
AVERAGE MONTHLY: 77.8 TOTAL FOR MONTH: 4.67 1 = FOG OR MIST
DPTR FM NORMAL: 2.3 DPTR FM NORMAL: -0.25 2 = FOG REDUCING VISIBILITY
HIGHEST: 101 ON 17 GRTST 24HR 2.27 ON 25-26 TO 1/4 MILE OR LESS
LOWEST: 54 ON 2 3 = THUNDER
SNOW, ICE PELLETS, HAIL 4 = ICE PELLETS
TOTAL MONTH: 0.0 INCH 5 = HAIL
GRTST 24HR 0.0 6 = FREEZING RAIN OR DRIZZLE
GRTST DEPTH: 0 7 = DUSTSTORM OR SANDSTORM:
VSBY 1/2 MILE OR LESS
8 = SMOKE OR HAZE
[NO. OF DAYS WITH] [WEATHER - DAYS WITH] 9 = BLOWING SNOW
X = TORNADO
MAX 32 OR BELOW: 0 0.01 INCH OR MORE: 9
MAX 90 OR ABOVE: 16 0.10 INCH OR MORE: 5
MIN 32 OR BELOW: 0 0.50 INCH OR MORE: 4
MIN 0 OR BELOW: 0 1.00 INCH OR MORE: 1
[HDD (BASE 65) ]
TOTAL THIS MO. 0 CLEAR (SCALE 0-3) 19
DPTR FM NORMAL -5 PTCLDY (SCALE 4-7) 11
TOTAL FM JUL 1 4814 CLOUDY (SCALE 8-10) 0
DPTR FM NORMAL -43
[CDD (BASE 65) ]
TOTAL THIS MO. 391
DPTR FM NORMAL 71 [PRESSURE DATA]
TOTAL FM JAN 1 487 HIGHEST SLP 30.19 ON 1
DPTR FM NORMAL 23 LOWEST SLP 29.51 ON 20
[REMARKS]
#FINAL-06-21#