000
CXUS55 KCYS 011610
CF6TOR
PRELIMINARY LOCAL CLIMATOLOGICAL DATA (WS FORM: F-6)
STATION: TORRINGTON WY AIRPORT
MONTH: JULY
YEAR: 2023
LATITUDE: 42 3 N
LONGITUDE: 104 9 W
TEMPERATURE IN F: :PCPN: SNOW: WIND :SUNSHINE: SKY :PK WND
================================================================================
1 2 3 4 5 6A 6B 7 8 9 10 11 12 13 14 15 16 17 18
12Z AVG MX 2MIN
DY MAX MIN AVG DEP HDD CDD WTR SNW DPTH SPD SPD DIR MIN PSBL S-S WX SPD DR
================================================================================
1 84 50 67 -5 0 2 0.00 M M 5.3 14 150 M M 0 12 18 170
2 87 54 71 -1 0 6 0.00 M M 7.8 17 290 M M 0 24 340
3 92 54 73 0 0 8 0.01 M M 6.7 46 230 M M 0 3 61 240
4 76 53 65 -8 0 0 0.40 M M 9.8 26 20 M M 4 13 37 20
5 61 52 57 -16 8 0 0.02 M M 7.2 16 140 M M 10 1 22 140
6 75 54 65 -8 0 0 0.05 M M 12.2 36 330 M M 6 13 53 310
7 78 52 65 -9 0 0 0.00 M M 8.1 17 20 M M 1 23 10
8 71 55 63 -11 2 0 0.05 M M 11.0 24 120 M M 5 13 35 120
9 84 50 67 -7 0 2 0.00 M M 5.5 12 140 M M 2 12 16 170
10 95 59 77 3 0 12 0.00 M M 6.1 30 30 M M 0 3 38 30
11 95 62 79 5 0 14 0.00 M M 7.8 22 260 M M 0 31 260
12 92 61 77 3 0 12 0.00 M M 7.2 18 30 M M 2 13 24 20
13 91 62 77 3 0 12 0.01 M M 8.1 41 20 M M 0 3 59 20
14 85 63 74 -1 0 9 T M M 8.8 28 40 M M 3 38 36 30
15 89 56 73 -2 0 8 T M M 5.8 21 230 M M 0 3 28 240
16 92 57 75 0 0 10 0.00 M M 7.8 23 10 M M 0 18 28 20
17 93 56 75 0 0 10 0.00 M M 8.1 21 120 M M 0 138 27 130
18 97 62 80 5 0 15 0.13 M M 6.8 35 10 M M 1 13 45 360
19 89 61 75 0 0 10 0.21 M M 7.5 33 210 M M 1 13 48 210
20 71 55 63 -12 2 0 0.27 M M 7.8 21 160 M M 7 123 29 130
21 86 50 68 -7 0 3 0.00 M M 3.5 12 90 M M 1 12 16 260
22 91 56 74 -1 0 9 0.02 M M 4.1 22 220 M M 0 3 29 240
23 98 57 78 3 0 13 T M M 5.7 20 60 M M 0 25 50
24 100 58 79 4 0 14 0.18 M M 6.4 33 220 M M 0 3 43 220
25 97 61 79 4 0 14 0.00 M M 6.9 28 270 M M 0 39 280
26 97 57 77 2 0 12 T M M 7.3 39 290 M M 0 8 55 280
27 99 56 78 3 0 13 0.11 M M 7.3 52 360 M M 1 3 67 10
28 93 60 77 2 0 12 T M M 6.4 20 200 M M 0 38 28 200
29 90 63 77 2 0 12 0.00 M M 11.7 23 150 M M 1 3 30 130
30 97 64 81 6 0 16 T M M 9.1 31 240 M M 1 3 41 240
31 92 63 78 3 0 13 0.66 M M 10.8 28 300 M M 2 13 39 310
================================================================================
SM 2737 1773 12 261 2.12 M 234.6 M 48
================================================================================
AV 88.3 57.2 7.6 FASTST M M 2 MAX(MPH)
MISC ----> 52 360 67 10
================================================================================
NOTES:
# LAST OF SEVERAL OCCURRENCES
COLUMN 17 PEAK WIND IN M.P.H.
PRELIMINARY LOCAL CLIMATOLOGICAL DATA (WS FORM: F-6) , PAGE 2
STATION: TORRINGTON WY AIRPORT
MONTH: JULY
YEAR: 2023
LATITUDE: 42 3 N
LONGITUDE: 104 9 W
[TEMPERATURE DATA] [PRECIPITATION DATA] SYMBOLS USED IN COLUMN 16
AVERAGE MONTHLY: 72.7 TOTAL FOR MONTH: 2.12 1 = FOG OR MIST
DPTR FM NORMAL: -1.6 DPTR FM NORMAL: 0.39 2 = FOG REDUCING VISIBILITY
HIGHEST: 100 ON 24 GRTST 24HR 0.66 ON 31-31 TO 1/4 MILE OR LESS
LOWEST: 50 ON 21, 9 3 = THUNDER
SNOW, ICE PELLETS, HAIL 4 = ICE PELLETS
TOTAL MONTH: M 5 = HAIL
GRTST 24HR M ON M 6 = FREEZING RAIN OR DRIZZLE
GRTST DEPTH: M ON M 7 = DUSTSTORM OR SANDSTORM:
VSBY 1/2 MILE OR LESS
8 = SMOKE OR HAZE
[NO. OF DAYS WITH] [WEATHER - DAYS WITH] 9 = BLOWING SNOW
X = TORNADO
MAX 32 OR BELOW: 0 0.01 INCH OR MORE: 13
MAX 90 OR ABOVE: 18 0.10 INCH OR MORE: 7
MIN 32 OR BELOW: 0 0.50 INCH OR MORE: 1
MIN 0 OR BELOW: 0 1.00 INCH OR MORE: 0
[HDD (BASE 65) ]
TOTAL THIS MO. 12 CLEAR (SCALE 0-3) 25
DPTR FM NORMAL 8 PTCLDY (SCALE 4-7) 5
TOTAL FM JUL 1 12 CLOUDY (SCALE 8-10) 1
DPTR FM NORMAL 12
[CDD (BASE 65) ]
TOTAL THIS MO. 261
DPTR FM NORMAL -30 [PRESSURE DATA]
TOTAL FM JAN 1 324 HIGHEST SLP 30.26 ON 20
DPTR FM NORMAL -115 LOWEST SLP 29.70 ON 17
[REMARKS]
#FINAL-07-23#