000
CXUS55 KCYS 100118
CLATOR
CLIMATE REPORT
NATIONAL WEATHER SERVICE CHEYENNE WY
618 PM MST SAT JAN 09 2021
...................................
...THE TORRINGTON WY AIRPORT CLIMATE SUMMARY FOR THE YEAR OF 2020...
CLIMATE NORMAL PERIOD 1981 TO 2010
CLIMATE RECORD PERIOD 1998 TO 2021
WEATHER OBSERVED NORMAL DEPART LAST YEAR`S
VALUE DATE(S) VALUE FROM VALUE
NORMAL
..............................................................
TEMPERATURE (F)
RECORD
HIGH 107 07/16/2006
07/15/2006
LOW -30 02/18/2006
HIGHEST 104 MM MM 101
LOWEST -11 MM MM -17
AVG. MAXIMUM 65.9 63.4 2.5 61.0
AVG. MINIMUM 34.5 34.2 0.3 32.7
MEAN 50.2 48.8 1.4 46.8
DAYS MAX >= 90 68 43.4 40
DAYS MAX <= 32 20 23.5 45
DAYS MIN <= 32 183 168.8 187
DAYS MIN <= 0 4 10.7 16
PRECIPITATION (INCHES)
RECORD
MAXIMUM 18.77 2014
TOTALS 7.06 14.21 -7.15 12.53
DAYS >= .01 43 MM 90
DAYS >= .10 20 MM 35
DAYS >= .50 2 MM 4
DAYS >= 1.00 1 MM 1
GREATEST
24 HR. TOTAL 1.12
DEGREE DAYS
HEATING TOTAL 6183 6587 -404 7172
SINCE 7/1 2558 2754 -196 2802
COOLING TOTAL 934 677 257 672
SINCE 1/1 934 678 256 672
..............................................................
WIND (MPH)
AVERAGE WIND SPEED 9.6
HIGHEST WIND SPEED/DIRECTION 51/290 DATE 11/14
HIGHEST GUST SPEED/DIRECTION 69/280 DATE 03/11
SKY COVER
POSSIBLE SUNSHINE (PERCENT) MM
AVERAGE SKY COVER 0.21
NUMBER OF DAYS FAIR 264
NUMBER OF DAYS PC 81
NUMBER OF DAYS CLOUDY 20
AVERAGE RH (PERCENT) 55
WEATHER CONDITIONS. NUMBER OF DAYS WITH
THUNDERSTORM 28 MIXED PRECIP 0
HEAVY RAIN 7 RAIN 15
LIGHT RAIN 75 FREEZING RAIN 0
LT FREEZING RAIN 4 HAIL 0
HEAVY SNOW 1 SNOW 8
LIGHT SNOW 40 SLEET 0
FOG 78 FOG W/VIS <= 1/4 MILE 9
HAZE 104
- INDICATES NEGATIVE NUMBERS.
R INDICATES RECORD WAS SET OR TIED.
MM INDICATES DATA IS MISSING.
T INDICATES TRACE AMOUNT.
$$