000
CXUS52 KTBW 021250
CLMTPA
CLIMATE REPORT
NATIONAL WEATHER SERVICE TAMPA BAY FL
850 AM EDT THU NOV 02 2023
...................................
...THE TAMPA CLIMATE SUMMARY FOR THE MONTH OF OCTOBER 2023...
CLIMATE NORMAL PERIOD: 1991 TO 2020
CLIMATE RECORD PERIOD: 1890 TO 2023
WEATHER OBSERVED NORMAL DEPART LAST YEAR`S
VALUE DATE(S) VALUE FROM VALUE DATE(S)
NORMAL
................................................................
TEMPERATURE (F)
ALL-TIME OCTOBER RECORD
HIGH 95 10/08/2020
10/09/1941
LOW 40 10/21/1964
OCTOBER 2023
HIGHEST 93 10/05 MM MM 90 10/09
10/10
10/16
LOWEST 57 10/18 MM MM 49 10/20
AVG. MAXIMUM 85.4 85.6 -0.2 84.4
AVG. MINIMUM 69.7 69.2 0.5 67.1
MEAN 77.5 77.4 0.1 75.7
DAYS MAX >= 90 5 4.4 0.6 3
DAYS MAX <= 32 0 0.0 0.0 0
DAYS MIN <= 32 0 0.0 0.0 0
DAYS MIN <= 0 0 0.0 0.0 0
PRECIPITATION (INCHES)
ALL-TIME OCTOBER RECORD
MAXIMUM 10.33 1922
MINIMUM T 2010
OCTOBER 2023
TOTALS 0.38 2.34 -1.96 1.10
DAILY AVG. 0.01 0.08 -0.07 0.04
DAYS >= .01 5 7.2 -2.2 5
DAYS >= .10 2 4.4 -2.4 2
DAYS >= .50 0 1.6 -1.6 1
DAYS >= 1.00 0 0.6 -0.6 0
GREATEST
24 HR. TOTAL 0.32 10/11 TO 10/12
DEGREE DAYS
HEATING TOTAL 0 3 -3 8
SINCE 7/1 0 0 0 MM
COOLING TOTAL 399 388 11 349
SINCE 1/1 4228 3648 580 MM
................................................................
WIND (MPH)
AVERAGE WIND SPEED 6.9
HIGHEST WIND SPEED/DIRECTION 25/200 DATE 10/12
HIGHEST GUST SPEED/DIRECTION 39/060 DATE 10/01
SKY COVER (DOES NOT INCLUDE ANY CLOUDS ABOVE 12000 FEET)
POSSIBLE SUNSHINE (PERCENT) MM
AVERAGE SKY COVER 0.47
NUMBER OF DAYS FAIR 10
NUMBER OF DAYS PC 16
NUMBER OF DAYS CLOUDY 5
AVERAGE RH (PERCENT) 68
WEATHER CONDITIONS. NUMBER OF DAYS WITH
THUNDERSTORM 1 MIXED PRECIP 0
HEAVY RAIN 0 RAIN 0
LIGHT RAIN 7 FREEZING RAIN 0
LT FREEZING RAIN 0 HAIL 0
HEAVY SNOW 0 SNOW 0
LIGHT SNOW 0 SLEET 0
FOG 1 FOG W/VIS <= 1/4 MILE 0
HAZE 1
- INDICATES NEGATIVE NUMBERS.
R INDICATES RECORD WAS SET OR TIED.
MM INDICATES DATA IS MISSING.
T INDICATES TRACE AMOUNT.
$$