000
CXUS56 KPQR 011155
CF6TTD
PRELIMINARY LOCAL CLIMATOLOGICAL DATA (WS FORM: F-6)
STATION: TROUTDALE OR
MONTH: OCTOBER
YEAR: 2021
LATITUDE: 45 33 N
LONGITUDE: 122 25 W
TEMPERATURE IN F: :PCPN: SNOW: WIND :SUNSHINE: SKY :PK WND
================================================================================
1 2 3 4 5 6A 6B 7 8 9 10 11 12 13 14 15 16 17 18
12Z AVG MX 2MIN
DY MAX MIN AVG DEP HDD CDD WTR SNW DPTH SPD SPD DIR MIN PSBL S-S WX SPD DR
================================================================================
1 69 50 60 0 5 0 0.00 M M 2.5 8 320 M M 5 1 13 320
2 72 43 58 -2 7 0 0.00 M M 2.0 8 250 M M 1 128 13 260
3 71 44 58 -1 7 0 0.00 M M 2.1 10 250 M M 2 14 310
4 68 52 60 1 5 0 0.00 M M 1.8 8 220 M M 5 18 9 220
5 60 47 54 -5 11 0 0.15 M M 4.4 14 220 M M 6 1 20 190
6 64 44 54 -4 11 0 0.01 M M 3.4 17 260 M M 6 24 250
7 62 43 53 -5 12 0 0.00 M M 2.3 9 230 M M 6 1 12 230
8 62 41 52 -6 13 0 0.00 M M 1.9 7 320 M M 5 12 9 300
9 64 40 52 -5 13 0 0.02 M M 1.8 9 240 M M 7 8 11 230
10 61 45 53 -4 12 0 0.16 M M 4.7 17 210 M M 8 13 25 220
11 59 39 49 -8 16 0 0.00 M M 1.9 12 250 M M 3 14 270
12 55 36 46 -10 19 0 0.10 M M 1.6 8 180 M M 8 12 190
13 54 44 49 -7 16 0 0.13 M M 3.0 12 210 M M 10 1 13 220
14 57 49 53 -3 12 0 0.30 M M 2.3 6 100 M M 10 1 8 80
15 67 45 56 1 9 0 0.00 M M 2.4 8 190 M M 3 18 10 200
16 70 44 57 2 8 0 0.00 M M 2.3 8 80 M M 2 10 80
17 64 46 55 0 10 0 0.00 M M 2.9 10 320 M M 5 12 14 320
18 59 41 50 -4 15 0 0.00 M M 2.6 8 250 M M 6 14 250
19 66 39 53 -1 12 0 0.02 M M 10.8 22 90 M M 1 31 90
20 64 54 59 5 6 0 0.16 M M 9.7 20 230 M M 7 1 26 230
21 67 55 61 7 4 0 0.91 M M 13.8 26 90 M M 5 1 34 90
22 60 50 55 2 10 0 0.09 M M 3.6 15 200 M M 9 1 20 200
23 55 51 53 0 12 0 0.48 M M 9.2 23 80 M M 10 1 32 90
24 62 53 58 5 7 0 0.27 M M 12.8 29 190 M M 8 1 39 200
25 60 51 56 4 9 0 0.11 M M 8.7 23 190 M M 9 1 34 200
26 58 50 54 2 11 0 0.24 M M 5.7 16 200 M M 10 1 29 250
27 59 53 56 4 9 0 0.02 M M 6.0 14 90 M M 9 19 90
28 70 53 62 10 3 0 0.05 M M 8.2 18 200 M M 9 1 28 210
29 63 40 52 0 13 0 0.47 M M 2.8 10 260 M M M 1 16 260
30 60 42 51 0 14 0 0.00 M M 16.6 25 80 M M 0 37 80
31 60 51 56 5 9 0 0.00 M M 18.9 25 90 M M M 33 90
================================================================================
SM 1942 1435 320 0 3.69 M 172.7 M 175
================================================================================
AV 62.6 46.3 5.6 FASTST M M 6 MAX(MPH)
MISC ----> 29 190 39 200
================================================================================
NOTES:
# LAST OF SEVERAL OCCURRENCES
COLUMN 17 PEAK WIND IN M.P.H.
PRELIMINARY LOCAL CLIMATOLOGICAL DATA (WS FORM: F-6) , PAGE 2
STATION: TROUTDALE OR
MONTH: OCTOBER
YEAR: 2021
LATITUDE: 45 33 N
LONGITUDE: 122 25 W
[TEMPERATURE DATA] [PRECIPITATION DATA] SYMBOLS USED IN COLUMN 16
AVERAGE MONTHLY: 54.5 TOTAL FOR MONTH: 3.69 1 = FOG OR MIST
DPTR FM NORMAL: -0.8 DPTR FM NORMAL: -0.33 2 = FOG REDUCING VISIBILITY
HIGHEST: 72 ON 2 GRTST 24HR 1.00 ON 21-22 TO 1/4 MILE OR LESS
LOWEST: 36 ON 12 3 = THUNDER
SNOW, ICE PELLETS, HAIL 4 = ICE PELLETS
TOTAL MONTH: M 5 = HAIL
GRTST 24HR M ON M 6 = FREEZING RAIN OR DRIZZLE
GRTST DEPTH: M ON M 7 = DUSTSTORM OR SANDSTORM:
VSBY 1/2 MILE OR LESS
8 = SMOKE OR HAZE
[NO. OF DAYS WITH] [WEATHER - DAYS WITH] 9 = BLOWING SNOW
X = TORNADO
MAX 32 OR BELOW: 0 0.01 INCH OR MORE: 18
MAX 90 OR ABOVE: 0 0.10 INCH OR MORE: 12
MIN 32 OR BELOW: 0 0.50 INCH OR MORE: 1
MIN 0 OR BELOW: 0 1.00 INCH OR MORE: 0
[HDD (BASE 65) ]
TOTAL THIS MO. 320 CLEAR (SCALE 0-3) 6
DPTR FM NORMAL 14 PTCLDY (SCALE 4-7) 13
TOTAL FM JUL 1 382 CLOUDY (SCALE 8-10) 12
DPTR FM NORMAL -24
[CDD (BASE 65) ]
TOTAL THIS MO. 0
DPTR FM NORMAL -4 [PRESSURE DATA]
TOTAL FM JAN 1 755 HIGHEST SLP M ON M
DPTR FM NORMAL 328 LOWEST SLP 29.06 ON 24
[REMARKS]
#FINAL-10-21#