000
CXUS51 KPHI 071415
CF6TTN
PRELIMINARY LOCAL CLIMATOLOGICAL DATA (WS FORM: F-6)
STATION: TRENTON NJ
MONTH: DECEMBER
YEAR: 2021
LATITUDE: 40 16 N
LONGITUDE: 74 49 W
TEMPERATURE IN F: :PCPN: SNOW: WIND :SUNSHINE: SKY :PK WND
================================================================================
1 2 3 4 5 6A 6B 7 8 9 10 11 12 13 14 15 16 17 18
12Z AVG MX 2MIN
DY MAX MIN AVG DEP HDD CDD WTR SNW DPTH SPD SPD DIR MIN PSBL S-S WX SPD DR
================================================================================
1 50 36 43 2 22 0 0.04 0.0 0 4.8 13 270 M M 3 1 20 290
2 58 41 50 9 15 0 0.04 0.0 0 8.2 29 330 M M 5 1 38 320
3 50 36 43 3 22 0 T 0.0 0 7.8 18 310 M M 2 30 320
4 45 32 39 -1 26 0 T T 0 2.2 9 190 M M 5 12 280
5 49 27 38 -2 27 0 T 0.0 0 4.3 15 130 M M 3 20 140
6 64 39 52 13 13 0 0.20 0.0 0 11.0 28 290 M M 8 12 45 310
7 42 31 37 -2 28 0 0.00 0.0 0 5.9 18 300 M M 0 27 300
8 40 30 35 -4 30 0 T T 0 3.6 10 290 M M 5 17 290
9 40 28 34 -5 31 0 0.00 0.0 0 5.3 14 330 M M 2 20 300
10 48 32 40 2 25 0 T 0.0 0 2.7 9 200 M M 7 14 220
11 66 41 54 16 11 0 0.32 0.0 0 14.2 29 260 M M 10 12 43 260
12 48 34 41 3 24 0 0.00 0.0 0 8.5 23 300 M M 1 34 300
13 52 32 42 4 23 0 0.00 0.0 0 7.8 15 250 M M 0 22 250
14 53 36 45 8 20 0 0.00 0.0 0 5.4 20 350 M M 0 26 350
15 55 33 44 7 21 0 0.00 0.0 0 6.5 16 150 M M 4 21 150
16 61 47 54 17 11 0 0.00 0.0 0 8.5 18 220 M M 2 23 210
17 57 41 49 13 16 0 0.00 0.0 0 6.3 16 260 M M 0 26 290
18 45 39 42 6 23 0 0.05 0.0 0 3.1 10 80 M M 10 12 13 50
19 44 27 36 0 29 0 0.02 0.0 0 11.6 23 340 M M 5 1 31 350
20 37 21 29 -7 36 0 0.00 0.0 0 3.3 10 210 M M 0 17 110
21 40 22 31 -5 34 0 0.00 0.0 0 3.1 7 360 M M 3 1 9 330
22 46 31 39 4 26 0 0.12 T 0 9.7 24 300 M M 4 1 35 290
23 37 26 32 -3 33 0 0.00 0.0 0 5.7 16 300 M M 1 21 320
24 47 30 39 4 26 0 T T T 3.6 9 280 M M 6 15 290
25 53 36 45 10 20 0 0.15 0.0 0 3.7 9 70 M M 8 1 12 80
26 52 37 45 11 20 0 0.00 0.0 0 7.9 17 330 M M 2 25 340
27 38 29 34 0 31 0 0.08 T 0 4.1 12 50 M M 6 1 14 40
28 46 35 41 7 24 0 0.01 0.0 0 4.7 10 50 M M 7 1 16 290
29 47 40 44 10 21 0 0.03 0.0 0 4.0 9 70 M M 10 1 11 80
30 51 42 47 13 18 0 0.17 0.0 0 3.1 8 180 M M 10 1 11 340
31 51 47 49 16 16 0 0.01 0.0 0 4.5 10 220 M M 10 12 14 260
================================================================================
SM 1512 1058 722 0 1.24 T 185.1 M 139
================================================================================
AV 48.8 34.1 6.0 FASTST M M 4 MAX(MPH)
MISC ----> # 29 260 45 310
================================================================================
NOTES:
# LAST OF SEVERAL OCCURRENCES
COLUMN 17 PEAK WIND IN M.P.H.
PRELIMINARY LOCAL CLIMATOLOGICAL DATA (WS FORM: F-6) , PAGE 2
STATION: TRENTON NJ
MONTH: DECEMBER
YEAR: 2021
LATITUDE: 40 16 N
LONGITUDE: 74 49 W
[TEMPERATURE DATA] [PRECIPITATION DATA] SYMBOLS USED IN COLUMN 16
AVERAGE MONTHLY: 41.5 TOTAL FOR MONTH: 1.24 1 = FOG OR MIST
DPTR FM NORMAL: 4.7 DPTR FM NORMAL: -2.80 2 = FOG REDUCING VISIBILITY
HIGHEST: 66 ON 11 GRTST 24HR 0.32 ON 11-11 TO 1/4 MILE OR LESS
LOWEST: 21 ON 20 3 = THUNDER
SNOW, ICE PELLETS, HAIL 4 = ICE PELLETS
TOTAL MONTH: T 5 = HAIL
GRTST 24HR T ON 4- 4 6 = FREEZING RAIN OR DRIZZLE
GRTST DEPTH: T 7 = DUSTSTORM OR SANDSTORM:
VSBY 1/2 MILE OR LESS
8 = SMOKE OR HAZE
[NO. OF DAYS WITH] [WEATHER - DAYS WITH] 9 = BLOWING SNOW
X = TORNADO
MAX 32 OR BELOW: 0 0.01 INCH OR MORE: 13
MAX 90 OR ABOVE: 0 0.10 INCH OR MORE: 5
MIN 32 OR BELOW: 14 0.50 INCH OR MORE: 0
MIN 0 OR BELOW: 0 1.00 INCH OR MORE: 0
[HDD (BASE 65) ]
TOTAL THIS MO. 722 CLEAR (SCALE 0-3) 14
DPTR FM NORMAL -151 PTCLDY (SCALE 4-7) 12
TOTAL FM JUL 1 1523 CLOUDY (SCALE 8-10) 5
DPTR FM NORMAL -294
[CDD (BASE 65) ]
TOTAL THIS MO. 0
DPTR FM NORMAL 0 [PRESSURE DATA]
TOTAL FM JAN 1 1146 HIGHEST SLP M ON M
DPTR FM NORMAL 96 LOWEST SLP 29.45 ON 25
[REMARKS]
#FINAL-12-21#