000
CXUS51 KPHI 061752
CF6TTN
PRELIMINARY LOCAL CLIMATOLOGICAL DATA (WS FORM: F-6)
STATION: TRENTON NJ
MONTH: MARCH
YEAR: 2021
LATITUDE: 40 16 N
LONGITUDE: 74 49 W
TEMPERATURE IN F: :PCPN: SNOW: WIND :SUNSHINE: SKY :PK WND
================================================================================
1 2 3 4 5 6A 6B 7 8 9 10 11 12 13 14 15 16 17 18
12Z AVG MX 2MIN
DY MAX MIN AVG DEP HDD CDD WTR SNW DPTH SPD SPD DIR MIN PSBL S-S WX SPD DR
================================================================================
1 47 32 40 3 25 0 0.17 0.0 T 9.3 31 310 M M 8 1 45 300
2 34 22 28 -10 37 0 0.00 0.0 T 10.6 24 320 M M 0 37 290
3 52 23 38 0 27 0 0.00 0.0 T 5.5 16 300 M M 1 23 270
4 45 28 37 -1 28 0 0.00 0.0 T 11.7 25 340 M M 3 36 330
5 37 21 29 -9 36 0 0.00 0.0 0 13.9 22 300 M M 0 34 280
6 37 28 33 -6 32 0 0.00 0.0 0 7.0 20 300 M M 9 26 300
7 41 24 33 -6 32 0 0.00 0.0 0 6.0 16 350 M M 2 21 340
8 43 22 33 -6 32 0 0.00 0.0 0 6.0 14 300 M M 0 20 260
9 63 33 48 8 17 0 0.00 0.0 0 6.4 18 320 M M 3 24 330
10 63 33 48 8 17 0 0.00 0.0 0 6.2 16 130 M M 2 1 20 170
11 73 39 56 16 9 0 0.00 0.0 0 6.8 16 210 M M 2 128 23 220
12 69 53 61 21 4 0 0.00 0.0 0 9.0 20 300 M M 3 33 320
13 53 32 43 2 22 0 0.00 0.0 0 9.6 26 330 M M 0 40 320
14 57 31 44 3 21 0 0.00 0.0 0 14.1 28 320 M M 1 39 320
15 40 24 32 -9 33 0 0.00 0.0 0 10.6 25 320 M M 0 36 320
16 38 29 34 -8 31 0 0.07 T 0 6.7 13 120 M M 7 1 15 120
17 46 34 40 -2 25 0 0.00 0.0 0 4.4 9 140 M M 10 18 13 120
18 46 41 44 2 21 0 0.75 0.0 0 8.6 17 10 M M 10 1 25 20
19 48 31 40 -2 25 0 0.03 0.0 0 13.1 24 10 M M 2 1 33 360
20 57 27 42 -1 23 0 0.00 0.0 0 3.1 12 290 M M 0 8 20 270
21 64 28 46 3 19 0 0.00 0.0 0 3.0 14 110 M M 0 16 110
22 62 30 46 2 19 0 0.00 0.0 0 4.0 15 120 M M 0 18 120
23 66 37 52 8 13 0 0.00 0.0 0 6.4 15 140 M M 0 1 20 130
24 57 44 51 7 14 0 1.35 0.0 0 7.5 15 90 M M 9 12 19 100
25 62 51 57 12 8 0 T 0.0 0 4.2 12 200 M M 9 12 15 190
26 81 54 68 23 0 3 T 0.0 0 14.0 32 270 M M 4 50 260
27 67 45 56 11 9 0 0.00 0.0 0 6.3 15 210 M M 0 18 250
28 67 49 58 12 7 0 0.48 0.0 0 10.1 30 310 M M 8 1 41 310
29 54 37 46 0 19 0 0.00 0.0 0 12.5 25 300 M M 2 37 300
30 64 31 48 2 17 0 0.00 0.0 0 8.1 20 210 M M 0 25 210
31 66 44 55 8 10 0 0.32 0.0 0 7.2 18 190 M M 7 18 24 180
================================================================================
SM 1699 1057 632 3 3.17 T 251.9 M 102
================================================================================
AV 54.8 34.1 8.1 FASTST M M 3 MAX(MPH)
MISC ----> 32 270 50 260
================================================================================
NOTES:
# LAST OF SEVERAL OCCURRENCES
COLUMN 17 PEAK WIND IN M.P.H.
PRELIMINARY LOCAL CLIMATOLOGICAL DATA (WS FORM: F-6) , PAGE 2
STATION: TRENTON NJ
MONTH: MARCH
YEAR: 2021
LATITUDE: 40 16 N
LONGITUDE: 74 49 W
[TEMPERATURE DATA] [PRECIPITATION DATA] SYMBOLS USED IN COLUMN 16
AVERAGE MONTHLY: 44.5 TOTAL FOR MONTH: 3.17 1 = FOG OR MIST
DPTR FM NORMAL: 2.8 DPTR FM NORMAL: -0.83 2 = FOG REDUCING VISIBILITY
HIGHEST: 81 ON 26 GRTST 24HR 1.35 ON 24-24 TO 1/4 MILE OR LESS
LOWEST: 21 ON 5 3 = THUNDER
SNOW, ICE PELLETS, HAIL 4 = ICE PELLETS
TOTAL MONTH: T 5 = HAIL
GRTST 24HR T ON 16-16 6 = FREEZING RAIN OR DRIZZLE
GRTST DEPTH: T 7 = DUSTSTORM OR SANDSTORM:
VSBY 1/2 MILE OR LESS
8 = SMOKE OR HAZE
[NO. OF DAYS WITH] [WEATHER - DAYS WITH] 9 = BLOWING SNOW
X = TORNADO
MAX 32 OR BELOW: 0 0.01 INCH OR MORE: 7
MAX 90 OR ABOVE: 0 0.10 INCH OR MORE: 5
MIN 32 OR BELOW: 17 0.50 INCH OR MORE: 2
MIN 0 OR BELOW: 0 1.00 INCH OR MORE: 1
[HDD (BASE 65) ]
TOTAL THIS MO. 632 CLEAR (SCALE 0-3) 21
DPTR FM NORMAL -90 PTCLDY (SCALE 4-7) 4
TOTAL FM JUL 1 4240 CLOUDY (SCALE 8-10) 6
DPTR FM NORMAL -181
[CDD (BASE 65) ]
TOTAL THIS MO. 3
DPTR FM NORMAL 2 [PRESSURE DATA]
TOTAL FM JAN 1 3 HIGHEST SLP M ON M
DPTR FM NORMAL 2 LOWEST SLP 29.42 ON 28
[REMARKS]
#FINAL-03-21#